000
CDUS44 KSJT 190757
CLIABI


CLIMATE REPORT
NATIONAL WEATHER SERVICE SAN ANGELO TX
257 AM CDT THU OCT 19 2017


...................................

...THE ABILENE CLIMATE SUMMARY FOR OCTOBER 18 2017...

CLIMATE NORMAL PERIOD 1981 TO 2010
CLIMATE RECORD PERIOD 1886 TO 2017


WEATHER ITEM   OBSERVED TIME   RECORD YEAR NORMAL DEPARTURE LAST
                VALUE   (LST)  VALUE       VALUE  FROM      YEAR
                                                  NORMAL
..................................................................
TEMPERATURE (F)
 YESTERDAY
  MAXIMUM         84    155 PM  91    1921  77      7       84
  MINIMUM         54    304 AM  32    1948  54      0       65
  AVERAGE         69                        65      4       75

PRECIPITATION (IN)
  YESTERDAY        0.00          1.73 1965   0.12  -0.12     0.00
  MONTH TO DATE    0.02                      1.77  -1.75     0.40
  SINCE SEP 1      4.45                      4.01   0.44     5.99
  SINCE JAN 1     18.90                     20.97  -2.07    33.10

SNOWFALL (IN)
  YESTERDAY        0.0           0.0  2002   0.0    0.0      0.0
  MONTH TO DATE    0.0                       0.0    0.0      0.0
  SINCE NOV 1      T                         4.7   -4.7      5.1
  SINCE JUL 1      0.0                       0.0    0.0      0.0

DEGREE DAYS
 HEATING
  YESTERDAY        0                         3     -3        0
  MONTH TO DATE   34                        36     -2        9
  SINCE SEP 1     40                        47     -7       10
  SINCE JUL 1     40                        47     -7       10

 COOLING
  YESTERDAY        4                         3      1       10
  MONTH TO DATE  116                        86     30      143
  SINCE SEP 1    449                       412     37      493
  SINCE JAN 1   2365                      2357      8     2492
..................................................................


WIND (MPH)
  HIGHEST WIND SPEED    20   HIGHEST WIND DIRECTION     S (180)
  HIGHEST GUST SPEED    26   HIGHEST GUST DIRECTION    SW (230)
  AVERAGE WIND SPEED    12.2


SKY COVER
  POSSIBLE SUNSHINE  MM
  AVERAGE SKY COVER 0.0


WEATHER CONDITIONS
 THE FOLLOWING WEATHER WAS RECORDED YESTERDAY.
  NO SIGNIFICANT WEATHER WAS OBSERVED.


RELATIVE HUMIDITY (PERCENT)
 HIGHEST    61           600 AM
 LOWEST     20           300 PM
 AVERAGE    41

..........................................................


THE ABILENE CLIMATE NORMALS FOR TODAY
                         NORMAL    RECORD    YEAR
 MAXIMUM TEMPERATURE (F)   77        93      1940
                                             1921
 MINIMUM TEMPERATURE (F)   54        32      1989
                                             1917


SUNRISE AND SUNSET
OCTOBER 19 2017.......SUNRISE   746 AM CDT   SUNSET   701 PM CDT
OCTOBER 20 2017.......SUNRISE   746 AM CDT   SUNSET   700 PM CDT


-  INDICATES NEGATIVE NUMBERS.
R  INDICATES RECORD WAS SET OR TIED.
MM INDICATES DATA IS MISSING.
T  INDICATES TRACE AMOUNT.




$$
