000
CDUS44 KSJT 040651
CLIABI


CLIMATE REPORT
NATIONAL WEATHER SERVICE SAN ANGELO TX
151 AM CDT FRI SEP 4 2015


...................................

...THE ABILENE CLIMATE SUMMARY FOR SEPTEMBER 3 2015...

CLIMATE NORMAL PERIOD 1981 TO 2010
CLIMATE RECORD PERIOD 1886 TO 2015


WEATHER ITEM   OBSERVED TIME   RECORD YEAR NORMAL DEPARTURE LAST
                VALUE   (LST)  VALUE       VALUE  FROM      YEAR
                                                  NORMAL
..................................................................
TEMPERATURE (F)
 YESTERDAY
  MAXIMUM         94    423 PM 104    2000  91      3       96
  MINIMUM         71    626 AM  52    1974  68      3       76
                                      1915
  AVERAGE         83                        80      3       86

PRECIPITATION (IN)
  YESTERDAY        0.00          4.50 1961   0.08  -0.08     0.00
  MONTH TO DATE    0.00                      0.24  -0.24     0.00
  SINCE SEP 1      0.00                      0.24  -0.24     0.00
  SINCE JAN 1     25.17                     17.20   7.97    10.50

DEGREE DAYS
 HEATING
  YESTERDAY        0                         0      0        0
  MONTH TO DATE    0                         0      0        0
  SINCE SEP 1      0                         0      0        0
  SINCE JUL 1      0                         0      0        0

 COOLING
  YESTERDAY       18                        15      3       21
  MONTH TO DATE   54                        45      9       68
  SINCE SEP 1     54                        45      9       68
  SINCE JAN 1   2139                      1990    149     2252
..................................................................


WIND (MPH)
  HIGHEST WIND SPEED    16   HIGHEST WIND DIRECTION    SE (120)
  HIGHEST GUST SPEED    24   HIGHEST GUST DIRECTION    SE (150)
  AVERAGE WIND SPEED    10.2


SKY COVER
  POSSIBLE SUNSHINE  MM
  AVERAGE SKY COVER 0.1


WEATHER CONDITIONS
 THE FOLLOWING WEATHER WAS RECORDED YESTERDAY.
  NO SIGNIFICANT WEATHER WAS OBSERVED.


RELATIVE HUMIDITY (PERCENT)
 HIGHEST    79           600 AM
 LOWEST     30           400 PM
 AVERAGE    55

..........................................................


THE ABILENE CLIMATE NORMALS FOR TODAY
                         NORMAL    RECORD    YEAR
 MAXIMUM TEMPERATURE (F)   91       106      2000
 MINIMUM TEMPERATURE (F)   68        51      1891


SUNRISE AND SUNSET
SEPTEMBER  4 2015.....SUNRISE   715 AM CDT   SUNSET   800 PM CDT
SEPTEMBER  5 2015.....SUNRISE   716 AM CDT   SUNSET   758 PM CDT


-  INDICATES NEGATIVE NUMBERS.
R  INDICATES RECORD WAS SET OR TIED.
MM INDICATES DATA IS MISSING.
T  INDICATES TRACE AMOUNT.


$$
