000
CDUS44 KSJT 280710
CLIABI


CLIMATE REPORT
NATIONAL WEATHER SERVICE SAN ANGELO TX
209 AM CDT THU MAY 28 2015


...................................

...THE ABILENE CLIMATE SUMMARY FOR MAY 27 2015...

CLIMATE NORMAL PERIOD 1981 TO 2010
CLIMATE RECORD PERIOD 1886 TO 2015


WEATHER ITEM   OBSERVED TIME   RECORD YEAR NORMAL DEPARTURE LAST
                VALUE   (LST)  VALUE       VALUE  FROM      YEAR
                                                  NORMAL
..................................................................
TEMPERATURE (F)
 YESTERDAY
  MAXIMUM         90    423 PM 107    2011  87      3       86
  MINIMUM         65   1228 AM  47    1901  65      0       60
  AVERAGE         78                        76      2       73

PRECIPITATION (IN)
  YESTERDAY        0.00          1.75 1980   0.12  -0.12     0.00
  MONTH TO DATE    3.97                      2.67   1.30     2.22
  SINCE MAR 1      7.75                      6.05   1.70     3.50
  SINCE JAN 1     11.26                      8.43   2.83     3.99

DEGREE DAYS
 HEATING
  YESTERDAY        0                         0      0        0
  MONTH TO DATE   12                        13     -1       24
  SINCE MAR 1    401                       422    -21      459
  SINCE JUL 1   2478                      2555    -77     2821

 COOLING
  YESTERDAY       13                        11      2        8
  MONTH TO DATE  190                       220    -30      267
  SINCE MAR 1    357                       348      9      462
  SINCE JAN 1    361                       353      8      467
..................................................................


WIND (MPH)
  HIGHEST WIND SPEED    22   HIGHEST WIND DIRECTION     S (160)
  HIGHEST GUST SPEED    27   HIGHEST GUST DIRECTION    SE (140)
  AVERAGE WIND SPEED    12.3


SKY COVER
  POSSIBLE SUNSHINE  MM
  AVERAGE SKY COVER 0.3


WEATHER CONDITIONS
 THE FOLLOWING WEATHER WAS RECORDED YESTERDAY.
  NO SIGNIFICANT WEATHER WAS OBSERVED.


RELATIVE HUMIDITY (PERCENT)
 HIGHEST    90           700 AM
 LOWEST     50           400 PM
 AVERAGE    70

..........................................................


THE ABILENE CLIMATE NORMALS FOR TODAY
                         NORMAL    RECORD    YEAR
 MAXIMUM TEMPERATURE (F)   87       109      2011
 MINIMUM TEMPERATURE (F)   65        49      1976


SUNRISE AND SUNSET
MAY 28 2015...........SUNRISE   634 AM CDT   SUNSET   838 PM CDT
MAY 29 2015...........SUNRISE   633 AM CDT   SUNSET   839 PM CDT


-  INDICATES NEGATIVE NUMBERS.
R  INDICATES RECORD WAS SET OR TIED.
MM INDICATES DATA IS MISSING.
T  INDICATES TRACE AMOUNT.




$$
