000
CDUS44 KSJT 060730
CLIABI


CLIMATE REPORT
NATIONAL WEATHER SERVICE SAN ANGELO TX
129 AM CST TUE DEC 6 2016


...................................

...THE ABILENE CLIMATE SUMMARY FOR DECEMBER 5 2016...

CLIMATE NORMAL PERIOD 1981 TO 2010
CLIMATE RECORD PERIOD 1886 TO 2016


WEATHER ITEM   OBSERVED TIME   RECORD YEAR NORMAL DEPARTURE LAST
                VALUE   (LST)  VALUE       VALUE  FROM      YEAR
                                                  NORMAL
..................................................................
TEMPERATURE (F)
 YESTERDAY
  MAXIMUM         51    427 PM  81    1951  59     -8       65
  MINIMUM         39    608 AM   9    1886  35      4       41
  AVERAGE         45                        47     -2       53

PRECIPITATION (IN)
  YESTERDAY        0.13          0.66 1943   0.04   0.09     0.00
  MONTH TO DATE    1.32                      0.19   1.13     0.00
  SINCE DEC 1      1.32                      0.19   1.13     0.00
  SINCE JAN 1     36.93                     23.78  13.15    38.21

SNOWFALL (IN)
  YESTERDAY        0.0           1.3  2011   0.0    0.0      0.0
  MONTH TO DATE    0.0                       0.1   -0.1      0.0
  SINCE NOV 1      0.0                       0.8   -0.8       T
  SINCE JUL 1      0.0                       0.8   -0.8       T

DEGREE DAYS
 HEATING
  YESTERDAY       20                        18      2       12
  MONTH TO DATE   85                        87     -2       85
  SINCE DEC 1     85                        87     -2       85
  SINCE JUL 1    276                       520   -244      428

 COOLING
  YESTERDAY        0                         0      0        0
  MONTH TO DATE    0                         0      0        0
  SINCE DEC 1      0                         0      0        0
  SINCE JAN 1   2601                      2408    193     2739
..................................................................


WIND (MPH)
  HIGHEST WIND SPEED    16   HIGHEST WIND DIRECTION    SW (240)
  HIGHEST GUST SPEED    20   HIGHEST GUST DIRECTION    SW (240)
  AVERAGE WIND SPEED     7.3


SKY COVER
  POSSIBLE SUNSHINE  MM
  AVERAGE SKY COVER 0.5


WEATHER CONDITIONS
 THE FOLLOWING WEATHER WAS RECORDED YESTERDAY.
  LIGHT RAIN
  FOG


RELATIVE HUMIDITY (PERCENT)
 HIGHEST   100           600 AM
 LOWEST     86           300 PM
 AVERAGE    93

..........................................................


THE ABILENE CLIMATE NORMALS FOR TODAY
                         NORMAL    RECORD    YEAR
 MAXIMUM TEMPERATURE (F)   58        82      1966
                                             1939
 MINIMUM TEMPERATURE (F)   35        10      1950


SUNRISE AND SUNSET
DECEMBER  6 2016......SUNRISE   727 AM CST   SUNSET   533 PM CST
DECEMBER  7 2016......SUNRISE   728 AM CST   SUNSET   533 PM CST


-  INDICATES NEGATIVE NUMBERS.
R  INDICATES RECORD WAS SET OR TIED.
MM INDICATES DATA IS MISSING.
T  INDICATES TRACE AMOUNT.




$$
