000
CDUS44 KSJT 040659
CLIABI


CLIMATE REPORT
NATIONAL WEATHER SERVICE SAN ANGELO TX
158 AM CDT TUE AUG 4 2015


...................................

...THE ABILENE CLIMATE SUMMARY FOR AUGUST 3 2015...

CLIMATE NORMAL PERIOD 1981 TO 2010
CLIMATE RECORD PERIOD 1886 TO 2015


WEATHER ITEM   OBSERVED TIME   RECORD YEAR NORMAL DEPARTURE LAST
                VALUE   (LST)  VALUE       VALUE  FROM      YEAR
                                                  NORMAL
..................................................................
TEMPERATURE (F)
 YESTERDAY
  MAXIMUM         98    429 PM 111    1943  95      3       92
  MINIMUM         76    551 AM  61    1949  73      3       64
  AVERAGE         87                        84      3       78

PRECIPITATION (IN)
  YESTERDAY        0.00          6.30 1978   0.08  -0.08     0.00
  MONTH TO DATE    0.00                      0.22  -0.22     0.00
  SINCE JUN 1     11.92                      5.65   6.27     6.21
  SINCE JAN 1     24.55                     14.59   9.96    10.20

DEGREE DAYS
 HEATING
  YESTERDAY        0                         0      0        0
  MONTH TO DATE    0                         0      0        0
  SINCE JUN 1      0                         1     -1        0
  SINCE JUL 1      0                         0      0        0

 COOLING
  YESTERDAY       22                        19      3       13
  MONTH TO DATE   63                        57      6       39
  SINCE JUN 1   1135                      1053     82     1087
  SINCE JAN 1   1524                      1450     74     1601
..................................................................


WIND (MPH)
  HIGHEST WIND SPEED    18   HIGHEST WIND DIRECTION    SE (140)
  HIGHEST GUST SPEED    23   HIGHEST GUST DIRECTION    SE (140)
  AVERAGE WIND SPEED     9.7


SKY COVER
  POSSIBLE SUNSHINE  MM
  AVERAGE SKY COVER 0.2


WEATHER CONDITIONS
 THE FOLLOWING WEATHER WAS RECORDED YESTERDAY.
  NO SIGNIFICANT WEATHER WAS OBSERVED.


RELATIVE HUMIDITY (PERCENT)
 HIGHEST    56           600 AM
 LOWEST     30           300 PM
 AVERAGE    43

..........................................................


THE ABILENE CLIMATE NORMALS FOR TODAY
                         NORMAL    RECORD    YEAR
 MAXIMUM TEMPERATURE (F)   95       107      1943
 MINIMUM TEMPERATURE (F)   73        62      1975


SUNRISE AND SUNSET
AUGUST  4 2015........SUNRISE   655 AM CDT   SUNSET   834 PM CDT
AUGUST  5 2015........SUNRISE   656 AM CDT   SUNSET   833 PM CDT


-  INDICATES NEGATIVE NUMBERS.
R  INDICATES RECORD WAS SET OR TIED.
MM INDICATES DATA IS MISSING.
T  INDICATES TRACE AMOUNT.




$$
