000
CDUS44 KSJT 050757
CLIABI


CLIMATE REPORT
NATIONAL WEATHER SERVICE SAN ANGELO TX
156 AM CST THU MAR 5 2015


...................................

...THE ABILENE CLIMATE SUMMARY FOR MARCH 4 2015...

CLIMATE NORMAL PERIOD 1981 TO 2010
CLIMATE RECORD PERIOD 1886 TO 2015


WEATHER ITEM   OBSERVED TIME   RECORD YEAR NORMAL DEPARTURE LAST
                VALUE   (LST)  VALUE       VALUE  FROM      YEAR
                                                  NORMAL
..................................................................
TEMPERATURE (F)
 YESTERDAY
  MAXIMUM         52    827 AM  89    1955  65    -13       62
                                      1938
  MINIMUM         23   1159 PM  16    1917  41    -18       22
  AVERAGE         38                        53    -15       42

PRECIPITATION (IN)
  YESTERDAY        0.43          0.61 2004   0.06   0.37     0.00
  MONTH TO DATE    0.44                      0.22   0.22     0.03
  SINCE MAR 1      0.44                      0.22   0.22     0.03
  SINCE JAN 1      3.95                      2.60   1.35     0.52

SNOWFALL (IN)
  YESTERDAY        0.6           2.0  1989   0.1    0.5      0.0
  MONTH TO DATE    0.6                       0.1    0.5       T
  SINCE NOV 1      3.7                       4.2   -0.5      3.1
  SINCE JUL 1      3.7                       4.2   -0.5      3.1

DEGREE DAYS
 HEATING
  YESTERDAY       27                        13     14       23
  MONTH TO DATE  109                        52     57      106
  SINCE MAR 1    109                        52     57      106
  SINCE JUL 1   2186                      2185      1     2468

 COOLING
  YESTERDAY        0                         0      0        0
  MONTH TO DATE    0                         0      0        0
  SINCE MAR 1      0                         0      0        0
  SINCE JAN 1      4                         5     -1        5
..................................................................


WIND (MPH)
  HIGHEST WIND SPEED    30   HIGHEST WIND DIRECTION     N (350)
  HIGHEST GUST SPEED    36   HIGHEST GUST DIRECTION     N (10)
  AVERAGE WIND SPEED    16.0


SKY COVER
  POSSIBLE SUNSHINE  MM
  AVERAGE SKY COVER 1.0


WEATHER CONDITIONS
 THE FOLLOWING WEATHER WAS RECORDED YESTERDAY.
  RAIN
  LIGHT RAIN
  LT FREEZING RAIN
  SNOW
  LIGHT SNOW
  SLEET
  FOG
  FOG W/VISIBILITY <= 1/4 MILE


RELATIVE HUMIDITY (PERCENT)
 HIGHEST   100           200 PM
 LOWEST     84           700 PM
 AVERAGE    92

..........................................................


THE ABILENE CLIMATE NORMALS FOR TODAY
                         NORMAL    RECORD    YEAR
 MAXIMUM TEMPERATURE (F)   65        93      1991
 MINIMUM TEMPERATURE (F)   41        16      1989


SUNRISE AND SUNSET
MARCH  5 2015.........SUNRISE   702 AM CST   SUNSET   639 PM CST
MARCH  6 2015.........SUNRISE   701 AM CST   SUNSET   640 PM CST


-  INDICATES NEGATIVE NUMBERS.
R  INDICATES RECORD WAS SET OR TIED.
MM INDICATES DATA IS MISSING.
T  INDICATES TRACE AMOUNT.




$$
