000
CDUS44 KSJT 190651
CLIABI


CLIMATE REPORT
NATIONAL WEATHER SERVICE SAN ANGELO TX
151 AM CDT FRI SEP 19 2014


...................................

...THE ABILENE CLIMATE SUMMARY FOR SEPTEMBER 18 2014...

CLIMATE NORMAL PERIOD 1981 TO 2010
CLIMATE RECORD PERIOD 1886 TO 2014


WEATHER ITEM   OBSERVED TIME   RECORD YEAR NORMAL DEPARTURE LAST
                VALUE   (LST)  VALUE       VALUE  FROM      YEAR
                                                  NORMAL
..................................................................
TEMPERATURE (F)
 YESTERDAY
  MAXIMUM         80   1020 AM  97    2005  86     -6       94
                                      2002
                                      1997
  MINIMUM         69    419 PM  48    1991  63      6       74
  AVERAGE         75                        75      0       84

PRECIPITATION (IN)
  YESTERDAY        0.44          3.01 1974   0.06   0.38     0.00
  MONTH TO DATE    0.72                      1.38  -0.66     0.01
  SINCE SEP 1      0.72                      1.38  -0.66     0.01
  SINCE JAN 1     11.22                     18.34  -7.12    16.34

DEGREE DAYS
 HEATING
  YESTERDAY        0                         0      0        0
  MONTH TO DATE    5                         0      5        0
  SINCE SEP 1      5                         0      5        0
  SINCE JUL 1      5                         0      5        0

 COOLING
  YESTERDAY       10                        10      0       19
  MONTH TO DATE  264                       227     37      318
  SINCE SEP 1    264                       227     37      318
  SINCE JAN 1   2448                      2172    276     2472
..................................................................


WIND (MPH)
  HIGHEST WIND SPEED    20   HIGHEST WIND DIRECTION     N (20)
  HIGHEST GUST SPEED    26   HIGHEST GUST DIRECTION    NE (30)
  AVERAGE WIND SPEED     6.2


SKY COVER
  POSSIBLE SUNSHINE  MM
  AVERAGE SKY COVER 0.5


WEATHER CONDITIONS
 THE FOLLOWING WEATHER WAS RECORDED YESTERDAY.
  HEAVY RAIN
  RAIN
  LIGHT RAIN
  FOG


RELATIVE HUMIDITY (PERCENT)
 HIGHEST   100           600 PM
 LOWEST     79          1000 AM
 AVERAGE    90

..........................................................


THE ABILENE CLIMATE NORMALS FOR TODAY
                         NORMAL    RECORD    YEAR
 MAXIMUM TEMPERATURE (F)   86        99      1956
                                             1913
 MINIMUM TEMPERATURE (F)   63        45      1991


SUNRISE AND SUNSET
SEPTEMBER 19 2014.....SUNRISE   725 AM CDT   SUNSET   739 PM CDT
SEPTEMBER 20 2014.....SUNRISE   726 AM CDT   SUNSET   738 PM CDT


-  INDICATES NEGATIVE NUMBERS.
R  INDICATES RECORD WAS SET OR TIED.
MM INDICATES DATA IS MISSING.
T  INDICATES TRACE AMOUNT.


$$
