000
CDUS45 KABQ 050830
CLIABQ


CLIMATE REPORT
NATIONAL WEATHER SERVICE ALBUQUERQUE NM
229 AM MDT SUN JUL 5 2015


...................................

...THE ALBUQUERQUE  NM CLIMATE SUMMARY FOR JULY 4 2015...

CLIMATE NORMAL PERIOD 1981 TO 2010
CLIMATE RECORD PERIOD 1891 TO 2015


WEATHER ITEM   OBSERVED TIME   RECORD YEAR NORMAL DEPARTURE LAST
                VALUE   (LST)  VALUE       VALUE  FROM      YEAR
                                                  NORMAL
..................................................................
TEMPERATURE (F)
 YESTERDAY
  MAXIMUM         91    218 PM 103    1957  91      0       87
  MINIMUM         70    543 AM  46    1916  66      4       63
  AVERAGE         81                        78      3       75

PRECIPITATION (IN)
  YESTERDAY        0.02          0.57 1926   0.03  -0.01
  MONTH TO DATE    0.07                      0.14  -0.07
  SINCE JUN 1      0.63                      0.80  -0.17
  SINCE JAN 1      4.27                      3.34   0.93

SNOWFALL (IN)
  YESTERDAY        0.0
  MONTH TO DATE    0.0
  SINCE JUN 1      0.0
  SINCE JUL 1      0.0
  SNOW DEPTH       0

DEGREE DAYS
 HEATING
  YESTERDAY        0                         0      0        0
  MONTH TO DATE    0                         0      0        0
  SINCE JUN 1      0                         4     -4        0
  SINCE JUL 1      0                         0      0        0

 COOLING
  YESTERDAY       16                        13      3       10
  MONTH TO DATE   66                        52     14       51
  SINCE JUN 1    453                       354     99      437
  SINCE JAN 1    486                       452     34      549
..................................................................


WIND (MPH)
  HIGHEST WIND SPEED    29   HIGHEST WIND DIRECTION    SE (130)
  HIGHEST GUST SPEED    37   HIGHEST GUST DIRECTION    SE (130)
  AVERAGE WIND SPEED     6.3


SKY COVER
  POSSIBLE SUNSHINE  MM
  AVERAGE SKY COVER 0.7


WEATHER CONDITIONS
 THE FOLLOWING WEATHER WAS RECORDED YESTERDAY.
  THUNDERSTORM
  LIGHT RAIN


RELATIVE HUMIDITY (PERCENT)
 HIGHEST    66          1000 PM
 LOWEST     26           200 PM
 AVERAGE    46

..........................................................


THE ALBUQUERQUE  NM CLIMATE NORMALS FOR TODAY
                         NORMAL    RECORD    YEAR
 MAXIMUM TEMPERATURE (F)   91       105      1980
 MINIMUM TEMPERATURE (F)   66        46      1916


SUNRISE AND SUNSET
JULY  5 2015..........SUNRISE   558 AM MDT   SUNSET   824 PM MDT
JULY  6 2015..........SUNRISE   558 AM MDT   SUNSET   824 PM MDT


-  INDICATES NEGATIVE NUMBERS.
R  INDICATES RECORD WAS SET OR TIED.
MM INDICATES DATA IS MISSING.
T  INDICATES TRACE AMOUNT.




$$
