902
CDUS45 KABQ 220843
CLIABQ


CLIMATE REPORT
NATIONAL WEATHER SERVICE ALBUQUERQUE NM
141 AM MST SUN JAN 22 2017


...................................

...THE ALBUQUERQUE  NM CLIMATE SUMMARY FOR JANUARY 21 2017...

CLIMATE NORMAL PERIOD 1981 TO 2010
CLIMATE RECORD PERIOD 1891 TO 2017


WEATHER ITEM   OBSERVED TIME   RECORD YEAR NORMAL DEPARTURE LAST
                VALUE   (LST)  VALUE       VALUE  FROM      YEAR
                                                  NORMAL
..................................................................
TEMPERATURE (F)
 YESTERDAY
  MAXIMUM         46    115 PM  68    1971  47     -1       48
  MINIMUM         32    849 AM  -2    1918  26      6       23
  AVERAGE         39                        37      2       36

PRECIPITATION (IN)
  YESTERDAY        0.07          0.22 1916   0.02   0.05
  MONTH TO DATE    1.04                      0.26   0.78
  SINCE DEC 1      1.55                      0.76   0.79
  SINCE JAN 1      1.04                      0.26   0.78

SNOWFALL (IN)
  YESTERDAY        0.5
  MONTH TO DATE    1.1
  SINCE DEC 1      1.2
  SINCE JUL 1      1.3
  SNOW DEPTH       0

DEGREE DAYS
 HEATING
  YESTERDAY       26                        28     -2       29
  MONTH TO DATE  499                       610   -111      630
  SINCE DEC 1   1290                      1500   -210     1495
  SINCE JUL 1   1867                      2367   -500     2212

 COOLING
  YESTERDAY        0                         0      0        0
  MONTH TO DATE    0                         0      0        0
  SINCE DEC 1      0                         0      0        0
  SINCE JAN 1      0                         0      0        0
..................................................................


WIND (MPH)
  HIGHEST WIND SPEED    38   HIGHEST WIND DIRECTION     W (260)
  HIGHEST GUST SPEED    49   HIGHEST GUST DIRECTION    SW (220)
  AVERAGE WIND SPEED    14.3


SKY COVER
  POSSIBLE SUNSHINE  MM
  AVERAGE SKY COVER 0.8


WEATHER CONDITIONS
 THE FOLLOWING WEATHER WAS RECORDED YESTERDAY.
  LIGHT RAIN
  SNOW
  LIGHT SNOW
  FOG


RELATIVE HUMIDITY (PERCENT)
 HIGHEST   100           300 AM
 LOWEST     36           300 PM
 AVERAGE    68

..........................................................


THE ALBUQUERQUE  NM CLIMATE NORMALS FOR TODAY
                         NORMAL    RECORD    YEAR
 MAXIMUM TEMPERATURE (F)   47        66      1950
 MINIMUM TEMPERATURE (F)   26         3      1918


SUNRISE AND SUNSET
JANUARY 22 2017.......SUNRISE   711 AM MST   SUNSET   525 PM MST
JANUARY 23 2017.......SUNRISE   711 AM MST   SUNSET   526 PM MST


-  INDICATES NEGATIVE NUMBERS.
R  INDICATES RECORD WAS SET OR TIED.
MM INDICATES DATA IS MISSING.
T  INDICATES TRACE AMOUNT.

$$
