000
CDUS45 KABQ 240114
CLIABQ


CLIMATE REPORT
NATIONAL WEATHER SERVICE ALBUQUERQUE NM
714 PM MDT TUE AUG 23 2016


...................................

...THE ALBUQUERQUE  NM CLIMATE SUMMARY FOR AUGUST 23 2016...
VALID TODAY AS OF 0500 PM LOCAL TIME.

CLIMATE NORMAL PERIOD 1981 TO 2010
CLIMATE RECORD PERIOD 1891 TO 2016


WEATHER ITEM   OBSERVED TIME   RECORD YEAR NORMAL DEPARTURE LAST
                VALUE   (LST)  VALUE       VALUE  FROM      YEAR
                                                  NORMAL
..................................................................
TEMPERATURE (F)
 TODAY
  MAXIMUM         82    457 PM  97    2011  87     -5       86
                                      1973
  MINIMUM         58    555 AM  54    1990  65     -7       69
                                      1915
                                      1897
  AVERAGE         70                        76     -6       78

PRECIPITATION (IN)
  TODAY            T             0.72 1935   0.04  -0.04
  MONTH TO DATE    0.86                      1.24  -0.38
  SINCE JUN 1      2.17                      3.40  -1.23
  SINCE JAN 1      3.36                      5.94  -2.58

SNOWFALL (IN)
  TODAY            0.0
  MONTH TO DATE    0.0
  SINCE JUN 1      0.0
  SINCE JUL 1      0.0
  SNOW DEPTH       0

DEGREE DAYS
 HEATING
  TODAY            0                         0      0        0
  MONTH TO DATE    0                         0      0        0
  SINCE JUN 1      0                         4     -4        0
  SINCE JUL 1      0                         0      0        0

 COOLING
  TODAY            5                        11     -6       13
  MONTH TO DATE  249                       267    -18      337
  SINCE JUN 1   1199                       980    219     1099
  SINCE JAN 1   1270                      1078    192     1132
..................................................................


WIND (MPH)
  HIGHEST WIND SPEED    31   HIGHEST WIND DIRECTION     W (250)
  HIGHEST GUST SPEED    41   HIGHEST GUST DIRECTION     W (250)
  AVERAGE WIND SPEED     5.4


SKY COVER
  POSSIBLE SUNSHINE  MM
  AVERAGE SKY COVER 0.3



RELATIVE HUMIDITY (PERCENT)
 HIGHEST    93           500 AM
 LOWEST     26           400 PM
 AVERAGE    60

..........................................................


THE ALBUQUERQUE  NM CLIMATE NORMALS FOR TOMORROW
                         NORMAL    RECORD    YEAR
 MAXIMUM TEMPERATURE (F)   87        96      1936
 MINIMUM TEMPERATURE (F)   64        46      1917


SUNRISE AND SUNSET
AUGUST 23 2016........SUNRISE   633 AM MDT   SUNSET   744 PM MDT
AUGUST 24 2016........SUNRISE   634 AM MDT   SUNSET   743 PM MDT


-  INDICATES NEGATIVE NUMBERS.
R  INDICATES RECORD WAS SET OR TIED.
MM INDICATES DATA IS MISSING.
T  INDICATES TRACE AMOUNT.




$$
