000
CDUS45 KABQ 300830
CLIABQ


CLIMATE REPORT
NATIONAL WEATHER SERVICE ALBUQUERQUE NM
228 AM MDT FRI SEP 30 2016


...................................

...THE ALBUQUERQUE  NM CLIMATE SUMMARY FOR SEPTEMBER 29 2016...

CLIMATE NORMAL PERIOD 1981 TO 2010
CLIMATE RECORD PERIOD 1891 TO 2016


WEATHER ITEM   OBSERVED TIME   RECORD YEAR NORMAL DEPARTURE LAST
                VALUE   (LST)  VALUE       VALUE  FROM      YEAR
                                                  NORMAL
..................................................................
TEMPERATURE (F)
 YESTERDAY
  MAXIMUM         83    353 PM  90    2015  76      7       90
                                      2010
                                      1979
  MINIMUM         59   1159 PM  34    1917  53      6       61
  AVERAGE         71                        64      7       76

PRECIPITATION (IN)
  YESTERDAY        0.02          0.86 1904   0.03  -0.01
  MONTH TO DATE    1.03                      1.04  -0.01
  SINCE SEP 1      1.03                      1.04  -0.01
  SINCE JAN 1      4.39                      7.32  -2.93

SNOWFALL (IN)
  YESTERDAY        0.0
  MONTH TO DATE    0.0
  SINCE SEP 1      0.0
  SINCE JUL 1      0.0
  SNOW DEPTH       0

DEGREE DAYS
 HEATING
  YESTERDAY        0                         3     -3        0
  MONTH TO DATE   14                        23     -9        0
  SINCE SEP 1     14                        23     -9        0
  SINCE JUL 1     14                        23     -9        0

 COOLING
  YESTERDAY        6                         2      4       11
  MONTH TO DATE  192                       155     37      257
  SINCE SEP 1    192                       155     37      257
  SINCE JAN 1   1504                      1312    192     1483
..................................................................


WIND (MPH)
  HIGHEST WIND SPEED    41   HIGHEST WIND DIRECTION     W (270)
  HIGHEST GUST SPEED    52   HIGHEST GUST DIRECTION     W (270)
  AVERAGE WIND SPEED     8.8


SKY COVER
  POSSIBLE SUNSHINE  MM
  AVERAGE SKY COVER 0.8


WEATHER CONDITIONS
 THE FOLLOWING WEATHER WAS RECORDED YESTERDAY.
  LIGHT RAIN


RELATIVE HUMIDITY (PERCENT)
 HIGHEST    90           700 PM
 LOWEST     22           400 PM
 AVERAGE    56

..........................................................


THE ALBUQUERQUE  NM CLIMATE NORMALS FOR TODAY
                         NORMAL    RECORD    YEAR
 MAXIMUM TEMPERATURE (F)   75        91      1979
 MINIMUM TEMPERATURE (F)   52        35      1928


SUNRISE AND SUNSET
SEPTEMBER 30 2016.....SUNRISE   701 AM MDT   SUNSET   651 PM MDT
OCTOBER  1 2016.......SUNRISE   702 AM MDT   SUNSET   650 PM MDT


-  INDICATES NEGATIVE NUMBERS.
R  INDICATES RECORD WAS SET OR TIED.
MM INDICATES DATA IS MISSING.
T  INDICATES TRACE AMOUNT.

$$
