000
CDUS45 KABQ 280915
CLIABQ


CLIMATE REPORT
NATIONAL WEATHER SERVICE ALBUQUERQUE NM
215 AM MST TUE FEB 28 2017


...................................

...THE ALBUQUERQUE  NM CLIMATE SUMMARY FOR FEBRUARY 27 2017...

CLIMATE NORMAL PERIOD 1981 TO 2010
CLIMATE RECORD PERIOD 1891 TO 2017


WEATHER ITEM   OBSERVED TIME   RECORD YEAR NORMAL DEPARTURE LAST
                VALUE   (LST)  VALUE       VALUE  FROM      YEAR
                                                  NORMAL
..................................................................
TEMPERATURE (F)
 YESTERDAY
  MAXIMUM         60    446 PM  76    1904  56      4       70
  MINIMUM         30    412 AM  15    1939  33     -3       30
                                      1935
                                      1912
  AVERAGE         45                        44      1       50

PRECIPITATION (IN)
  YESTERDAY        0.00          0.28 1918   0.02  -0.02
  MONTH TO DATE    0.35                      0.46  -0.11
  SINCE DEC 1      1.90                      1.34   0.56
  SINCE JAN 1      1.39                      0.84   0.55

SNOWFALL (IN)
  YESTERDAY        0.0
  MONTH TO DATE    1.6
  SINCE DEC 1      2.8
  SINCE JUL 1      2.9
  SNOW DEPTH       0

DEGREE DAYS
 HEATING
  YESTERDAY       20                        21     -1       15
  MONTH TO DATE  504                       641   -137      540
  SINCE DEC 1   2090                      2416   -326     2269
  SINCE JUL 1   2667                      3283   -616     2986

 COOLING
  YESTERDAY        0                         0      0        0
  MONTH TO DATE    0                         0      0        0
  SINCE DEC 1      0                         0      0        0
  SINCE JAN 1      0                         0      0        0
..................................................................


WIND (MPH)
  HIGHEST WIND SPEED    23   HIGHEST WIND DIRECTION     W (280)
  HIGHEST GUST SPEED    30   HIGHEST GUST DIRECTION     W (270)
  AVERAGE WIND SPEED     8.3


SKY COVER
  POSSIBLE SUNSHINE  MM
  AVERAGE SKY COVER 0.5


WEATHER CONDITIONS
 THE FOLLOWING WEATHER WAS RECORDED YESTERDAY.
  NO SIGNIFICANT WEATHER WAS OBSERVED.


RELATIVE HUMIDITY (PERCENT)
 HIGHEST    72           300 AM
 LOWEST     12           500 PM
 AVERAGE    42

..........................................................


THE ALBUQUERQUE  NM CLIMATE NORMALS FOR TODAY
                         NORMAL    RECORD    YEAR
 MAXIMUM TEMPERATURE (F)   56        76      1904
 MINIMUM TEMPERATURE (F)   33         9      1962


SUNRISE AND SUNSET
FEBRUARY 28 2017......SUNRISE   637 AM MST   SUNSET   602 PM MST
MARCH  1 2017.........SUNRISE   635 AM MST   SUNSET   602 PM MST


-  INDICATES NEGATIVE NUMBERS.
R  INDICATES RECORD WAS SET OR TIED.
MM INDICATES DATA IS MISSING.
T  INDICATES TRACE AMOUNT.




$$
