000
CDUS45 KABQ 210027
CLIABQ


CLIMATE REPORT
NATIONAL WEATHER SERVICE ALBUQUERQUE NM
626 PM MDT THU JUL 20 2017


...................................

...THE ALBUQUERQUE  NM CLIMATE SUMMARY FOR JULY 20 2017...
VALID TODAY AS OF 0500 PM LOCAL TIME.

CLIMATE NORMAL PERIOD 1981 TO 2010
CLIMATE RECORD PERIOD 1891 TO 2017


WEATHER ITEM   OBSERVED TIME   RECORD YEAR NORMAL DEPARTURE LAST
                VALUE   (LST)  VALUE       VALUE  FROM      YEAR
                                                  NORMAL
..................................................................
TEMPERATURE (F)
 TODAY
  MAXIMUM         89    428 PM 102    2010  90     -1       94
  MINIMUM         67    426 AM  50    1897  67      0       65
  AVERAGE         78                        78      0       80

PRECIPITATION (IN)
  TODAY            0.00          0.72 1921   0.06  -0.06
  MONTH TO DATE    0.09                      0.89  -0.80
  SINCE JUN 1      0.57                      1.55  -0.98
  SINCE JAN 1      3.18                      4.09  -0.91

SNOWFALL (IN)
  TODAY            0.0
  MONTH TO DATE    0.0
  SINCE JUN 1      T
  SINCE JUL 1      0.0
  SNOW DEPTH       0

DEGREE DAYS
 HEATING
  TODAY            0                         0      0        0
  MONTH TO DATE    0                         0      0        0
  SINCE JUN 1      0                         4     -4        0
  SINCE JUL 1      0                         0      0        0

 COOLING
  TODAY           13                        13      0       15
  MONTH TO DATE  314                       271     43      328
  SINCE JUN 1    726                       573    153      767
  SINCE JAN 1    805                       671    134      838
..................................................................


WIND (MPH)
  HIGHEST WIND SPEED    46   HIGHEST WIND DIRECTION    SE (120)
  HIGHEST GUST SPEED    53   HIGHEST GUST DIRECTION    SE (120)
  AVERAGE WIND SPEED     7.6


SKY COVER
  POSSIBLE SUNSHINE  MM
  AVERAGE SKY COVER 0.6



RELATIVE HUMIDITY (PERCENT)
 HIGHEST    63           400 AM
 LOWEST     28           300 PM
 AVERAGE    46

..........................................................


THE ALBUQUERQUE  NM CLIMATE NORMALS FOR TOMORROW
                         NORMAL    RECORD    YEAR
 MAXIMUM TEMPERATURE (F)   90       102      1981
 MINIMUM TEMPERATURE (F)   67        53      1918


SUNRISE AND SUNSET
JULY 20 2017..........SUNRISE   607 AM MDT   SUNSET   818 PM MDT
JULY 21 2017..........SUNRISE   608 AM MDT   SUNSET   817 PM MDT


-  INDICATES NEGATIVE NUMBERS.
R  INDICATES RECORD WAS SET OR TIED.
MM INDICATES DATA IS MISSING.
T  INDICATES TRACE AMOUNT.




$$
