000
CDUS45 KABQ 230832
CLIABQ


CLIMATE REPORT
NATIONAL WEATHER SERVICE ALBUQUERQUE NM
232 AM MDT SUN APR 23 2017


...................................

...THE ALBUQUERQUE  NM CLIMATE SUMMARY FOR APRIL 22 2017...

CLIMATE NORMAL PERIOD 1981 TO 2010
CLIMATE RECORD PERIOD 1891 TO 2017


WEATHER ITEM   OBSERVED TIME   RECORD YEAR NORMAL DEPARTURE LAST
                VALUE   (LST)  VALUE       VALUE  FROM      YEAR
                                                  NORMAL
..................................................................
TEMPERATURE (F)
 YESTERDAY
  MAXIMUM         71    450 PM  89    1965  71      0       81
  MINIMUM         45    539 AM  25    1907  45      0       55
  AVERAGE         58                        58      0       68

PRECIPITATION (IN)
  YESTERDAY        0.00          0.63 1942   0.02  -0.02
  MONTH TO DATE    0.21                      0.47  -0.26
  SINCE MAR 1      0.41                      1.04  -0.63
  SINCE JAN 1      1.80                      1.90  -0.10

SNOWFALL (IN)
  YESTERDAY        0.0
  MONTH TO DATE    T
  SINCE MAR 1      T
  SINCE JUL 1      2.9
  SNOW DEPTH       0

DEGREE DAYS
 HEATING
  YESTERDAY        7                         7      0        0
  MONTH TO DATE  152                       228    -76      216
  SINCE MAR 1    460                       752   -292      628
  SINCE JUL 1   3142                      4055   -913     3638

 COOLING
  YESTERDAY        0                         0      0        3
  MONTH TO DATE    3                         0      3        3
  SINCE MAR 1      4                         0      4        3
  SINCE JAN 1      4                         0      4        3
..................................................................


WIND (MPH)
  HIGHEST WIND SPEED    35   HIGHEST WIND DIRECTION     E (90)
  HIGHEST GUST SPEED    46   HIGHEST GUST DIRECTION     E (90)
  AVERAGE WIND SPEED    16.5


SKY COVER
  POSSIBLE SUNSHINE  MM
  AVERAGE SKY COVER 0.2


WEATHER CONDITIONS
 THE FOLLOWING WEATHER WAS RECORDED YESTERDAY.
  NO SIGNIFICANT WEATHER WAS OBSERVED.


RELATIVE HUMIDITY (PERCENT)
 HIGHEST    65           500 AM
 LOWEST     18           300 PM
 AVERAGE    42

..........................................................


THE ALBUQUERQUE  NM CLIMATE NORMALS FOR TODAY
                         NORMAL    RECORD    YEAR
 MAXIMUM TEMPERATURE (F)   71        85      2002
                                             1943
 MINIMUM TEMPERATURE (F)   45        24      1895


SUNRISE AND SUNSET
APRIL 23 2017.........SUNRISE   624 AM MDT   SUNSET   746 PM MDT
APRIL 24 2017.........SUNRISE   623 AM MDT   SUNSET   747 PM MDT


-  INDICATES NEGATIVE NUMBERS.
R  INDICATES RECORD WAS SET OR TIED.
MM INDICATES DATA IS MISSING.
T  INDICATES TRACE AMOUNT.




$$
