000
CDUS45 KABQ 290018
CLIABQ


CLIMATE REPORT
NATIONAL WEATHER SERVICE ALBUQUERQUE NM
618 PM MDT THU JUL 28 2016


...................................

...THE ALBUQUERQUE  NM CLIMATE SUMMARY FOR JULY 28 2016...
VALID TODAY AS OF 0500 PM LOCAL TIME.

CLIMATE NORMAL PERIOD 1981 TO 2010
CLIMATE RECORD PERIOD 1891 TO 2016


WEATHER ITEM   OBSERVED TIME   RECORD YEAR NORMAL DEPARTURE LAST
                VALUE   (LST)  VALUE       VALUE  FROM      YEAR
                                                  NORMAL
..................................................................
TEMPERATURE (F)
 TODAY
  MAXIMUM         98    240 PM 103    1995  89      9       94
  MINIMUM         70    541 AM  44    1913  67      3       71
  AVERAGE         84                        78      6       83

PRECIPITATION (IN)
  TODAY            0.00          1.10 1939   0.05  -0.05
  MONTH TO DATE    0.25                      1.32  -1.07
  SINCE JUN 1      0.42                      1.98  -1.56
  SINCE JAN 1      1.61                      4.52  -2.91

SNOWFALL (IN)
  TODAY            0.0
  MONTH TO DATE    0.0
  SINCE JUN 1      0.0
  SINCE JUL 1      0.0
  SNOW DEPTH       0

DEGREE DAYS
 HEATING
  TODAY            0                         0      0        0
  MONTH TO DATE    0                         0      0        0
  SINCE JUN 1      0                         4     -4        0
  SINCE JUL 1      0                         0      0        0

 COOLING
  TODAY           19                        13      6       18
  MONTH TO DATE  470                       375     95      344
  SINCE JUN 1    909                       677    232      731
  SINCE JAN 1    980                       775    205      764
..................................................................


WIND (MPH)
  HIGHEST WIND SPEED    30   HIGHEST WIND DIRECTION     E (80)
  HIGHEST GUST SPEED    34   HIGHEST GUST DIRECTION     E (90)
  AVERAGE WIND SPEED     6.3


SKY COVER
  POSSIBLE SUNSHINE  MM
  AVERAGE SKY COVER 0.3



RELATIVE HUMIDITY (PERCENT)
 HIGHEST    53           600 AM
 LOWEST     13           300 PM
 AVERAGE    33

..........................................................


THE ALBUQUERQUE  NM CLIMATE NORMALS FOR TOMORROW
                         NORMAL    RECORD    YEAR
 MAXIMUM TEMPERATURE (F)   89       103      1978
 MINIMUM TEMPERATURE (F)   66        50      1913


SUNRISE AND SUNSET
JULY 28 2016..........SUNRISE   613 AM MDT   SUNSET   812 PM MDT
JULY 29 2016..........SUNRISE   614 AM MDT   SUNSET   811 PM MDT


-  INDICATES NEGATIVE NUMBERS.
R  INDICATES RECORD WAS SET OR TIED.
MM INDICATES DATA IS MISSING.
T  INDICATES TRACE AMOUNT.




$$
