000
CDUS43 KABR 281200
CLIABR


CLIMATE REPORT
NATIONAL WEATHER SERVICE ABERDEEN SD
700 AM CDT TUE MAR 28 2017


...................................

...THE ABERDEEN SD CLIMATE SUMMARY FOR MARCH 27 2017...

CLIMATE NORMAL PERIOD 1981 TO 2010
CLIMATE RECORD PERIOD 1893 TO 2017


WEATHER ITEM   OBSERVED TIME   RECORD YEAR NORMAL DEPARTURE LAST
                VALUE   (LST)  VALUE       VALUE  FROM      YEAR
                                                  NORMAL
..................................................................
TEMPERATURE (F)
 YESTERDAY
  MAXIMUM         61    434 PM  83    1946  46     15       60
  MINIMUM         28    705 AM -12    1913  24      4       11
  AVERAGE         45                        35     10       36

PRECIPITATION (IN)
  YESTERDAY        0.00          0.81 1975   0.05  -0.05     0.00
  MONTH TO DATE    0.67                      0.97  -0.30     0.24
  SINCE MAR 1      0.67                      0.97  -0.30     0.24
  SINCE JAN 1      1.35                      1.99  -0.64     0.93

SNOWFALL (IN)
  YESTERDAY        0.0           7.2  1975   0.2   -0.2      0.0
  MONTH TO DATE   10.8                       6.4    4.4      0.6
  SINCE OCT 1     38.1                      34.2    3.9     26.5
  SINCE JUL 1     38.1                      34.2    3.9     26.5
  SNOW DEPTH       0

DEGREE DAYS
 HEATING
  YESTERDAY       20                        30    -10       29
  MONTH TO DATE  964                       972     -8      674
  SINCE MAR 1    964                       972     -8      674
  SINCE JUL 1   6579                      7435   -856     5911

 COOLING
  YESTERDAY        0                         0      0        0
  MONTH TO DATE    0                         0      0        0
  SINCE MAR 1      0                         0      0        0
  SINCE JAN 1      0                         0      0        0
..................................................................


WIND (MPH)
  HIGHEST WIND SPEED    14   HIGHEST WIND DIRECTION     S (180)
  HIGHEST GUST SPEED    17   HIGHEST GUST DIRECTION     S (180)
  AVERAGE WIND SPEED     4.2


SKY COVER
  POSSIBLE SUNSHINE  MM
  AVERAGE SKY COVER 0.5


WEATHER CONDITIONS
 THE FOLLOWING WEATHER WAS RECORDED YESTERDAY.
  FOG
  FOG W/VISIBILITY <= 1/4 MILE


RELATIVE HUMIDITY (PERCENT)
 HIGHEST    92           300 AM
 LOWEST     32           300 PM
 AVERAGE    62

..........................................................


THE ABERDEEN SD CLIMATE NORMALS FOR TODAY
                         NORMAL    RECORD    YEAR
 MAXIMUM TEMPERATURE (F)   46        82      1946
 MINIMUM TEMPERATURE (F)   25       -10      1913


SUNRISE AND SUNSET
MARCH 28 2017.........SUNRISE   721 AM CDT   SUNSET   757 PM CDT
MARCH 29 2017.........SUNRISE   719 AM CDT   SUNSET   758 PM CDT


-  INDICATES NEGATIVE NUMBERS.
R  INDICATES RECORD WAS SET OR TIED.
MM INDICATES DATA IS MISSING.
T  INDICATES TRACE AMOUNT.




$$
