000
CDUS43 KABR 301038
CLIABR


CLIMATE REPORT
NATIONAL WEATHER SERVICE ABERDEEN SD
538 AM CDT MON MAY 30 2016


...................................

...THE ABERDEEN SD CLIMATE SUMMARY FOR MAY 29 2016...

CLIMATE NORMAL PERIOD 1981 TO 2010
CLIMATE RECORD PERIOD 1893 TO 2016


WEATHER ITEM   OBSERVED TIME   RECORD YEAR NORMAL DEPARTURE LAST
                VALUE   (LST)  VALUE       VALUE  FROM      YEAR
                                                  NORMAL
..................................................................
TEMPERATURE (F)
 YESTERDAY
  MAXIMUM         81    355 PM  99    1934  72      9       62
  MINIMUM         53    526 AM  23    1947  49      4       46
  AVERAGE         67                        60      7       54

PRECIPITATION (IN)
  YESTERDAY        0.00          0.76 1979   0.10  -0.10     0.07
  MONTH TO DATE    1.67                      2.91  -1.24     6.37
  SINCE MAR 1      5.79                      5.92  -0.13     7.15
  SINCE JAN 1      6.48                      6.94  -0.46     8.20

DEGREE DAYS
 HEATING
  YESTERDAY        0                         6     -6       11
  MONTH TO DATE  205                       275    -70      279
  SINCE MAR 1   1527                      1983   -456     1692
  SINCE JUL 1   6764                      8446  -1682     7960

 COOLING
  YESTERDAY        2                         1      1        0
  MONTH TO DATE   28                        19      9       14
  SINCE MAR 1     29                        21      8       14
  SINCE JAN 1     29                        21      8       14
..................................................................


WIND (MPH)
  HIGHEST WIND SPEED    20   HIGHEST WIND DIRECTION    NW (310)
  HIGHEST GUST SPEED    26   HIGHEST GUST DIRECTION     N (340)
  AVERAGE WIND SPEED     8.6


SKY COVER
  POSSIBLE SUNSHINE  MM
  AVERAGE SKY COVER 0.2


WEATHER CONDITIONS
 THE FOLLOWING WEATHER WAS RECORDED YESTERDAY.
  NO SIGNIFICANT WEATHER WAS OBSERVED.


RELATIVE HUMIDITY (PERCENT)
 HIGHEST    93           200 AM
 LOWEST     28           500 PM
 AVERAGE    61

..........................................................


THE ABERDEEN SD CLIMATE NORMALS FOR TODAY
                         NORMAL    RECORD    YEAR
 MAXIMUM TEMPERATURE (F)   72       110      1934
 MINIMUM TEMPERATURE (F)   49        27      1947


SUNRISE AND SUNSET
MAY 30 2016...........SUNRISE   549 AM CDT   SUNSET   914 PM CDT
MAY 31 2016...........SUNRISE   549 AM CDT   SUNSET   915 PM CDT


-  INDICATES NEGATIVE NUMBERS.
R  INDICATES RECORD WAS SET OR TIED.
MM INDICATES DATA IS MISSING.
T  INDICATES TRACE AMOUNT.




$$
