279
CDUS43 KABR 242334
CLIABR


CLIMATE REPORT
NATIONAL WEATHER SERVICE ABERDEEN SD
534 PM CST FRI NOV 24 2017


...................................

...THE ABERDEEN SD CLIMATE SUMMARY FOR NOVEMBER 24 2017...
VALID TODAY AS OF 0500 PM LOCAL TIME.

CLIMATE NORMAL PERIOD 1981 TO 2010
CLIMATE RECORD PERIOD 1893 TO 2017


WEATHER ITEM   OBSERVED TIME   RECORD YEAR NORMAL DEPARTURE LAST
                VALUE   (LST)  VALUE       VALUE  FROM      YEAR
                                                  NORMAL
..................................................................
TEMPERATURE (F)
 TODAY
  MAXIMUM         56    121 PM  65    1932  34     22       34
  MINIMUM         31    159 AM -17    1996  15     16       24
  AVERAGE         44                        24     20       29

PRECIPITATION (IN)
  TODAY            T             0.75 1908   0.03  -0.03     0.11
  MONTH TO DATE    0.11                      0.62  -0.51     0.55
  SINCE SEP 1      2.81                      4.80  -1.99     3.59
  SINCE JAN 1     14.87                     21.09  -6.22    17.65

SNOWFALL (IN)
  TODAY            0.0
  MONTH TO DATE    0.8
  SINCE OCT 1      0.8
  SINCE JUL 1      0.8
  SNOW DEPTH       0

DEGREE DAYS
 HEATING
  TODAY           21                        41    -20       36
  MONTH TO DATE  870                       819     51      541
  SINCE SEP 1   1582                      1659    -77     1130
  SINCE JUL 1   1601                      1710   -109     1161
..................................................................


WIND (MPH)
  HIGHEST WIND SPEED    36   HIGHEST WIND DIRECTION     N (340)
  HIGHEST GUST SPEED    45   HIGHEST GUST DIRECTION     N (340)
  AVERAGE WIND SPEED    12.8


SKY COVER
  POSSIBLE SUNSHINE  MM
  AVERAGE SKY COVER 0.2


WEATHER CONDITIONS
 THE FOLLOWING WEATHER WAS RECORDED TODAY.
  LIGHT RAIN


RELATIVE HUMIDITY (PERCENT)
 HIGHEST   100           200 AM
 LOWEST     43           200 PM
 AVERAGE    72

..........................................................


THE ABERDEEN SD CLIMATE NORMALS FOR TOMORROW
                         NORMAL    RECORD    YEAR
 MAXIMUM TEMPERATURE (F)   34        64      1960
 MINIMUM TEMPERATURE (F)   14       -22      1996


SUNRISE AND SUNSET
NOVEMBER 24 2017......SUNRISE   745 AM CST   SUNSET   456 PM CST
NOVEMBER 25 2017......SUNRISE   746 AM CST   SUNSET   455 PM CST


-  INDICATES NEGATIVE NUMBERS.
R  INDICATES RECORD WAS SET OR TIED.
MM INDICATES DATA IS MISSING.
T  INDICATES TRACE AMOUNT.

&&

PEAK WIND OF 45 MPH FROM THE NORTH AT 1111 AM

$$
