000
CDUS43 KABR 281034
CLIABR


CLIMATE REPORT
NATIONAL WEATHER SERVICE ABERDEEN SD
532 AM CDT SAT MAR 28 2015


...................................

...THE ABERDEEN SD CLIMATE SUMMARY FOR MARCH 27 2015...

CLIMATE NORMAL PERIOD 1981 TO 2010
CLIMATE RECORD PERIOD 1893 TO 2015


WEATHER ITEM   OBSERVED TIME   RECORD YEAR NORMAL DEPARTURE LAST
                VALUE   (LST)  VALUE       VALUE  FROM      YEAR
                                                  NORMAL
..................................................................
TEMPERATURE (F)
 YESTERDAY
  MAXIMUM         32   1154 PM  83    1946  46    -14       39
  MINIMUM         11    250 AM -12    1913  24    -13       18
  AVERAGE         22                        35    -13       29

PRECIPITATION (IN)
  YESTERDAY        0.03          0.81 1975   0.05  -0.02     0.00
  MONTH TO DATE    0.21                      0.97  -0.76     0.52
  SINCE MAR 1      0.21                      0.97  -0.76     0.52
  SINCE JAN 1      1.26                      1.99  -0.73     0.96

SNOWFALL (IN)
  YESTERDAY        0.2
  MONTH TO DATE    1.7
  SINCE OCT 1     20.2
  SINCE JUL 1     20.2
  SNOW DEPTH       T

DEGREE DAYS
 HEATING
  YESTERDAY       43                        30     13       36
  MONTH TO DATE  856                       972   -116     1079
  SINCE MAR 1    856                       972   -116     1079
  SINCE JUL 1   7124                      7435   -311     8238

 COOLING
  YESTERDAY        0                         0      0        0
  MONTH TO DATE    0                         0      0        0
  SINCE MAR 1      0                         0      0        0
  SINCE JAN 1      0                         0      0        0
..................................................................


WIND (MPH)
  HIGHEST WIND SPEED    20   HIGHEST WIND DIRECTION     S (160)
  HIGHEST GUST SPEED    23   HIGHEST GUST DIRECTION     S (160)
  AVERAGE WIND SPEED     9.3


SKY COVER
  POSSIBLE SUNSHINE  MM
  AVERAGE SKY COVER 0.7


WEATHER CONDITIONS
 THE FOLLOWING WEATHER WAS RECORDED YESTERDAY.
  LIGHT SNOW
  FOG
  HAZE


RELATIVE HUMIDITY (PERCENT)
 HIGHEST    88           100 AM
 LOWEST     45          1100 AM
 AVERAGE    67

..........................................................


THE ABERDEEN SD CLIMATE NORMALS FOR TODAY
                         NORMAL    RECORD    YEAR
 MAXIMUM TEMPERATURE (F)   46        82      1946
 MINIMUM TEMPERATURE (F)   25       -10      1913


SUNRISE AND SUNSET
MARCH 28 2015.........SUNRISE   722 AM CDT   SUNSET   756 PM CDT
MARCH 29 2015.........SUNRISE   720 AM CDT   SUNSET   758 PM CDT


-  INDICATES NEGATIVE NUMBERS.
R  INDICATES RECORD WAS SET OR TIED.
MM INDICATES DATA IS MISSING.
T  INDICATES TRACE AMOUNT.




$$
