000
CDUS43 KABR 211039
CLIABR


CLIMATE REPORT
NATIONAL WEATHER SERVICE ABERDEEN SD
539 AM CDT THU SEP 21 2017


...................................

...THE ABERDEEN SD CLIMATE SUMMARY FOR SEPTEMBER 20 2017...

CLIMATE NORMAL PERIOD 1981 TO 2010
CLIMATE RECORD PERIOD 1893 TO 2017


WEATHER ITEM   OBSERVED TIME   RECORD YEAR NORMAL DEPARTURE LAST
                VALUE   (LST)  VALUE       VALUE  FROM      YEAR
                                                  NORMAL
..................................................................
TEMPERATURE (F)
 YESTERDAY
  MAXIMUM         74    439 PM  94    1937  70      4       78
  MINIMUM         46    708 AM  20    1901  44      2       50
  AVERAGE         60                        57      3       64

PRECIPITATION (IN)
  YESTERDAY        0.00          1.50 1989   0.07  -0.07     0.02
  MONTH TO DATE    0.17                      1.48  -1.31     1.12
  SINCE SEP 1      0.17                      1.48  -1.31     1.12
  SINCE JAN 1     12.23                     17.77  -5.54    15.18

DEGREE DAYS
 HEATING
  YESTERDAY        5                         9     -4        1
  MONTH TO DATE   70                       114    -44       59
  SINCE SEP 1     70                       114    -44       59
  SINCE JUL 1     89                       165    -76       90

 COOLING
  YESTERDAY        0                         1     -1        0
  MONTH TO DATE   54                        36     18       50
  SINCE SEP 1     54                        36     18       50
  SINCE JAN 1    539                       519     20      711
..................................................................


WIND (MPH)
  HIGHEST WIND SPEED    18   HIGHEST WIND DIRECTION     S (190)
  HIGHEST GUST SPEED    24   HIGHEST GUST DIRECTION    SW (210)
  AVERAGE WIND SPEED    10.1


SKY COVER
  POSSIBLE SUNSHINE  MM
  AVERAGE SKY COVER 0.1


WEATHER CONDITIONS
 THE FOLLOWING WEATHER WAS RECORDED YESTERDAY.
  NO SIGNIFICANT WEATHER WAS OBSERVED.


RELATIVE HUMIDITY (PERCENT)
 HIGHEST    93           500 AM
 LOWEST     25           400 PM
 AVERAGE    59

..........................................................


THE ABERDEEN SD CLIMATE NORMALS FOR TODAY
                         NORMAL    RECORD    YEAR
 MAXIMUM TEMPERATURE (F)   70        99      1937
                                             1936
 MINIMUM TEMPERATURE (F)   43        22      1893


SUNRISE AND SUNSET
SEPTEMBER 21 2017.....SUNRISE   720 AM CDT   SUNSET   733 PM CDT
SEPTEMBER 22 2017.....SUNRISE   721 AM CDT   SUNSET   731 PM CDT


-  INDICATES NEGATIVE NUMBERS.
R  INDICATES RECORD WAS SET OR TIED.
MM INDICATES DATA IS MISSING.
T  INDICATES TRACE AMOUNT.




$$
