000
CDUS43 KABR 042226
CLIABR


CLIMATE REPORT
NATIONAL WEATHER SERVICE ABERDEEN SD
525 PM CDT WED MAY 4 2016


...................................

...THE ABERDEEN SD CLIMATE SUMMARY FOR MAY 4 2016...
VALID TODAY AS OF 0500 PM LOCAL TIME.

CLIMATE NORMAL PERIOD 1981 TO 2010
CLIMATE RECORD PERIOD 1893 TO 2016


WEATHER ITEM   OBSERVED TIME   RECORD YEAR NORMAL DEPARTURE LAST
                VALUE   (LST)  VALUE       VALUE  FROM      YEAR
                                                  NORMAL
..................................................................
TEMPERATURE (F)
 TODAY
  MAXIMUM         74    359 PM  98    1926  66      8       70
  MINIMUM         37    439 AM  20    2005  40     -3       28
  AVERAGE         56                        52      4       49

PRECIPITATION (IN)
  TODAY            0.00          1.35 1905   0.11  -0.11     0.00
  MONTH TO DATE    T                         0.41  -0.41     0.05
  SINCE MAR 1      4.12                      3.42   0.70     0.83
  SINCE JAN 1      4.81                      4.44   0.37     1.88

DEGREE DAYS
 COOLING
  TODAY            0                         0      0        0
  MONTH TO DATE    0                         0      0        0
  SINCE MAR 1      1                         2     -1        0
  SINCE JAN 1      1                         2     -1        0
..................................................................


WIND (MPH)
  HIGHEST WIND SPEED    17   HIGHEST WIND DIRECTION    NW (320)
  HIGHEST GUST SPEED    22   HIGHEST GUST DIRECTION    NW (330)
  AVERAGE WIND SPEED     9.3


SKY COVER
  POSSIBLE SUNSHINE  MM
  AVERAGE SKY COVER 0.0


WEATHER CONDITIONS
 THE FOLLOWING WEATHER WAS RECORDED TODAY.
  NO SIGNIFICANT WEATHER WAS OBSERVED.


RELATIVE HUMIDITY (PERCENT)
 HIGHEST    79           600 AM
 LOWEST     20           400 PM
 AVERAGE    50

..........................................................


THE ABERDEEN SD CLIMATE NORMALS FOR TOMORROW
                         NORMAL    RECORD    YEAR
 MAXIMUM TEMPERATURE (F)   66        92      2000
                                             1926
                                             1918
 MINIMUM TEMPERATURE (F)   40        24      1968
                                             1944
                                             1929


SUNRISE AND SUNSET
MAY  4 2016...........SUNRISE   617 AM CDT   SUNSET   845 PM CDT
MAY  5 2016...........SUNRISE   615 AM CDT   SUNSET   846 PM CDT


-  INDICATES NEGATIVE NUMBERS.
R  INDICATES RECORD WAS SET OR TIED.
MM INDICATES DATA IS MISSING.
T  INDICATES TRACE AMOUNT.

&&

PEAK WIND WAS 22 MPH FROM THE NORTHWEST AT 148 PM CDT.




$$
