000
CDUS42 KTAE 152135
CLIABY


CLIMATE REPORT
NATIONAL WEATHER SERVICE TALLAHASSEE FL
535 PM EDT TUE APR 15 2014


...................................

...THE ALBANY CLIMATE SUMMARY FOR APRIL 15 2014...
VALID TODAY AS OF 0500 PM LOCAL TIME.

CLIMATE NORMAL PERIOD 1981 TO 2010
CLIMATE RECORD PERIOD 1930 TO 2014


WEATHER ITEM   OBSERVED TIME   RECORD YEAR NORMAL DEPARTURE LAST
                VALUE   (LST)  VALUE       VALUE  FROM      YEAR
                                                  NORMAL
..................................................................
TEMPERATURE (F)
 TODAY
  MAXIMUM         69   1251 AM  91    1936  79    -10       81
  MINIMUM         52    351 PM  36    2008  53     -1       58
  AVERAGE         61                        66     -5       70

PRECIPITATION (IN)
  TODAY            0.82                      0.12   0.70     0.00
  MONTH TO DATE    4.75                      2.16   2.59     1.26
  SINCE MAR 1      7.55                      7.21   0.34     4.09
  SINCE JAN 1     12.79                     16.19  -3.40    14.18

..................................................................







THE ALBANY CLIMATE NORMALS FOR TOMORROW
                         NORMAL    RECORD    YEAR
 MAXIMUM TEMPERATURE (F)   79        90      1955
 MINIMUM TEMPERATURE (F)   53        35      1980



-  INDICATES NEGATIVE NUMBERS.
R  INDICATES RECORD WAS SET OR TIED.
MM INDICATES DATA IS MISSING.
T  INDICATES TRACE AMOUNT.




$$
