000
CDUS42 KTAE 182248
CLIABY


CLIMATE REPORT
NATIONAL WEATHER SERVICE TALLAHASSEE FL
648 PM EDT THU SEP 18 2014


...................................

...THE ALBANY CLIMATE SUMMARY FOR SEPTEMBER 18 2014...
VALID TODAY AS OF 0600 PM LOCAL TIME.

CLIMATE NORMAL PERIOD 1981 TO 2010
CLIMATE RECORD PERIOD 1930 TO 2014


WEATHER ITEM   OBSERVED TIME   RECORD YEAR NORMAL DEPARTURE LAST
                VALUE   (LST)  VALUE       VALUE  FROM      YEAR
                                                  NORMAL
..................................................................
TEMPERATURE (F)
 TODAY
  MAXIMUM         89    356 PM  98    2005  88      1       87
                                      1933
  MINIMUM         67    641 AM  52    1981  67      0       67
  AVERAGE         78                        77      1       77

PRECIPITATION (IN)
  TODAY            0.00                      0.08  -0.08     0.00
  MONTH TO DATE    6.81                      2.37   4.44     0.21
  SINCE SEP 1      6.81                      2.37   4.44     0.21
  SINCE JAN 1     31.94                     37.97  -6.03    41.57

..................................................................







THE ALBANY CLIMATE NORMALS FOR TOMORROW
                         NORMAL    RECORD    YEAR
 MAXIMUM TEMPERATURE (F)   88        99      1931
 MINIMUM TEMPERATURE (F)   67        44      1981



-  INDICATES NEGATIVE NUMBERS.
R  INDICATES RECORD WAS SET OR TIED.
MM INDICATES DATA IS MISSING.
T  INDICATES TRACE AMOUNT.




$$
