000
CDUS42 KTAE 240632
CLIABY


CLIMATE REPORT
NATIONAL WEATHER SERVICE TALLAHASSEE FL
232 AM EDT SUN MAY 24 2015


...................................

...THE ALBANY CLIMATE SUMMARY FOR MAY 23 2015...

CLIMATE NORMAL PERIOD 1981 TO 2010
CLIMATE RECORD PERIOD 1930 TO 2015


WEATHER ITEM   OBSERVED TIME   RECORD YEAR NORMAL DEPARTURE LAST
                VALUE   (LST)  VALUE       VALUE  FROM      YEAR
                                                  NORMAL
..................................................................
TEMPERATURE (F)
 YESTERDAY
  MAXIMUM         89    437 PM  99    1962  89      0       93
  MINIMUM         62    435 AM  46    1993  64     -2       66
  AVERAGE         76                        76      0       80

PRECIPITATION (IN)
  YESTERDAY        0.00                      0.08  -0.08     0.00
  MONTH TO DATE    0.11                      1.70  -1.59     2.08
  SINCE MAR 1      7.46                     10.39  -2.93    12.81
  SINCE JAN 1     14.79                     19.37  -4.58    18.05

SNOWFALL (IN)
  YESTERDAY        0.0

DEGREE DAYS
 HEATING
  YESTERDAY        0                         0      0        0
  MONTH TO DATE    2                         0      2       11
  SINCE MAR 1    125                       274   -149      349
  SINCE JUL 1   1849                      1834     15     1945

 COOLING
  YESTERDAY       11                        12     -1       15
  MONTH TO DATE  239                       201     38      180
  SINCE MAR 1    485                       332    153      276
  SINCE JAN 1    487                       341    146      280
..................................................................


WIND (MPH)
  HIGHEST WIND SPEED    17   HIGHEST WIND DIRECTION     E (110)
  HIGHEST GUST SPEED    24   HIGHEST GUST DIRECTION     E (80)
  AVERAGE WIND SPEED     8.9




RELATIVE HUMIDITY (PERCENT)
 HIGHEST    93
 LOWEST     29
 AVERAGE    61

..........................................................


THE ALBANY CLIMATE NORMALS FOR TODAY
                         NORMAL    RECORD    YEAR
 MAXIMUM TEMPERATURE (F)   89        99      1941
 MINIMUM TEMPERATURE (F)   65        45      1993


SUNRISE AND SUNSET
MAY 24 2015...........SUNRISE   635 AM EDT   SUNSET   832 PM EDT
MAY 25 2015...........SUNRISE   635 AM EDT   SUNSET   833 PM EDT


-  INDICATES NEGATIVE NUMBERS.
R  INDICATES RECORD WAS SET OR TIED.
MM INDICATES DATA IS MISSING.
T  INDICATES TRACE AMOUNT.




$$
