000
CDUS42 KTAE 180638
CLIABY


CLIMATE REPORT
NATIONAL WEATHER SERVICE TALLAHASSEE FL
138 AM EST MON DEC 18 2017


...................................

...THE ALBANY CLIMATE SUMMARY FOR DECEMBER 17 2017...

CLIMATE NORMAL PERIOD 1981 TO 2010
CLIMATE RECORD PERIOD 1930 TO 2017


WEATHER ITEM   OBSERVED TIME   RECORD YEAR NORMAL DEPARTURE LAST
                VALUE   (LST)  VALUE       VALUE  FROM      YEAR
                                                  NORMAL
..................................................................
TEMPERATURE (F)
 YESTERDAY
  MAXIMUM         77    324 PM  83    1971  62     15       79
  MINIMUM         38    702 AM  19    1968  39     -1       50
  AVERAGE         58                        50      8       65

PRECIPITATION (IN)
  YESTERDAY        0.00                      0.12  -0.12     0.00
  MONTH TO DATE    1.96                      2.38  -0.42     8.41
  SINCE DEC 1      1.96                      2.38  -0.42     8.41
  SINCE JAN 1     40.09                     47.20  -7.11    46.77

SNOWFALL (IN)
  YESTERDAY        0.0

DEGREE DAYS
 HEATING
  YESTERDAY        7                        15     -8        0
  MONTH TO DATE  217                       225     -8      151
  SINCE DEC 1    217                       225     -8      151
  SINCE JUL 1    432                       495    -63      292

 COOLING
  YESTERDAY        0                         0      0        0
  MONTH TO DATE    5                         0      5        7
  SINCE DEC 1      5                         0      5        7
  SINCE JAN 1   2926                      2533    393     3022
..................................................................


WIND (MPH)
  HIGHEST WIND SPEED    20   HIGHEST WIND DIRECTION     S (200)
  HIGHEST GUST SPEED    25   HIGHEST GUST DIRECTION     S (170)
  AVERAGE WIND SPEED     6.5




RELATIVE HUMIDITY (PERCENT)
 HIGHEST    92
 LOWEST     50
 AVERAGE    71

..........................................................


THE ALBANY CLIMATE NORMALS FOR TODAY
                         NORMAL    RECORD    YEAR
 MAXIMUM TEMPERATURE (F)   62        83      2016
 MINIMUM TEMPERATURE (F)   39        19      1988


SUNRISE AND SUNSET
DECEMBER 18 2017......SUNRISE   731 AM EST   SUNSET   536 PM EST
DECEMBER 19 2017......SUNRISE   731 AM EST   SUNSET   537 PM EST


-  INDICATES NEGATIVE NUMBERS.
R  INDICATES RECORD WAS SET OR TIED.
MM INDICATES DATA IS MISSING.
T  INDICATES TRACE AMOUNT.




$$
