000
CDUS42 KTAE 010634
CLIABY


CLIMATE REPORT
NATIONAL WEATHER SERVICE TALLAHASSEE FL
233 AM EDT SAT OCT 1 2016


...................................

...THE ALBANY CLIMATE SUMMARY FOR SEPTEMBER 30 2016...

CLIMATE NORMAL PERIOD 1981 TO 2010
CLIMATE RECORD PERIOD 1930 TO 2016


WEATHER ITEM   OBSERVED TIME   RECORD YEAR NORMAL DEPARTURE LAST
                VALUE   (LST)  VALUE       VALUE  FROM      YEAR
                                                  NORMAL
..................................................................
TEMPERATURE (F)
 YESTERDAY
  MAXIMUM         82    428 PM  95    1934  85     -3       89
  MINIMUM         54    655 AM  37    1967  63     -9       71
  AVERAGE         68                        74     -6       80

PRECIPITATION (IN)
  YESTERDAY        0.00                      0.07  -0.07     1.36
  MONTH TO DATE    3.29                      3.44  -0.15     3.87
  SINCE SEP 1      3.29                      3.44  -0.15     3.87
  SINCE JAN 1     37.34                     39.04  -1.70    35.05

SNOWFALL (IN)
  YESTERDAY        0.0

DEGREE DAYS
 HEATING
  YESTERDAY        0                         0      0        0
  MONTH TO DATE    0                         0      0        0
  SINCE SEP 1      0                         1     -1        0
  SINCE JUL 1      0                         1     -1        0

 COOLING
  YESTERDAY        3                         9     -6       15
  MONTH TO DATE  476                       383     93      380
  SINCE SEP 1    476                       383     93      380
  SINCE JAN 1   2713                      2356    357     2633
..................................................................


WIND (MPH)
  HIGHEST WIND SPEED    14   HIGHEST WIND DIRECTION    NW (300)
  HIGHEST GUST SPEED    19   HIGHEST GUST DIRECTION    NW (320)
  AVERAGE WIND SPEED     3.2




RELATIVE HUMIDITY (PERCENT)
 HIGHEST    93
 LOWEST     33
 AVERAGE    63

..........................................................


THE ALBANY CLIMATE NORMALS FOR TODAY
                         NORMAL    RECORD    YEAR
 MAXIMUM TEMPERATURE (F)   84        95      1959
 MINIMUM TEMPERATURE (F)   62        37      1967


SUNRISE AND SUNSET
OCTOBER  1 2016.......SUNRISE   731 AM EDT   SUNSET   721 PM EDT
OCTOBER  2 2016.......SUNRISE   731 AM EDT   SUNSET   720 PM EDT


-  INDICATES NEGATIVE NUMBERS.
R  INDICATES RECORD WAS SET OR TIED.
MM INDICATES DATA IS MISSING.
T  INDICATES TRACE AMOUNT.




$$
