000
CDUS42 KTAE 080631
CLIABY


CLIMATE REPORT
NATIONAL WEATHER SERVICE TALLAHASSEE FL
131 AM EST MON FEB 8 2016


...................................

...THE ALBANY CLIMATE SUMMARY FOR FEBRUARY 7 2016...

CLIMATE NORMAL PERIOD 1981 TO 2010
CLIMATE RECORD PERIOD 1930 TO 2016


WEATHER ITEM   OBSERVED TIME   RECORD YEAR NORMAL DEPARTURE LAST
                VALUE   (LST)  VALUE       VALUE  FROM      YEAR
                                                  NORMAL
..................................................................
TEMPERATURE (F)
 YESTERDAY
  MAXIMUM         59    418 PM  84    1957  63     -4       65
  MINIMUM         33    750 AM  17    1966  39     -6       29
  AVERAGE         46                        51     -5       47

PRECIPITATION (IN)
  YESTERDAY        0.00                      0.13  -0.13     0.00
  MONTH TO DATE    2.30                      0.89   1.41     1.12
  SINCE DEC 1     12.82                      9.46   3.36    12.15
  SINCE JAN 1      5.96                      5.71   0.25     4.42

SNOWFALL (IN)
  YESTERDAY        0.0

DEGREE DAYS
 HEATING
  YESTERDAY       19                        14      5       18
  MONTH TO DATE   83                       101    -18      119
  SINCE DEC 1    752                      1035   -283      961
  SINCE JUL 1    876                      1305   -429     1366

 COOLING
  YESTERDAY        0                         0      0        0
  MONTH TO DATE    0                         0      0        0
  SINCE DEC 1     76                        13     63        7
  SINCE JAN 1      0                         4     -4        2
..................................................................


WIND (MPH)
  HIGHEST WIND SPEED    20   HIGHEST WIND DIRECTION    NW (320)
  HIGHEST GUST SPEED    26   HIGHEST GUST DIRECTION    NW (330)
  AVERAGE WIND SPEED     6.9




RELATIVE HUMIDITY (PERCENT)
 HIGHEST    82
 LOWEST     23
 AVERAGE    53

..........................................................


THE ALBANY CLIMATE NORMALS FOR TODAY
                         NORMAL    RECORD    YEAR
 MAXIMUM TEMPERATURE (F)   63        85      1957
 MINIMUM TEMPERATURE (F)   39        20      1977


SUNRISE AND SUNSET
FEBRUARY  8 2016......SUNRISE   725 AM EST   SUNSET   617 PM EST
FEBRUARY  9 2016......SUNRISE   724 AM EST   SUNSET   618 PM EST


-  INDICATES NEGATIVE NUMBERS.
R  INDICATES RECORD WAS SET OR TIED.
MM INDICATES DATA IS MISSING.
T  INDICATES TRACE AMOUNT.




$$
