041
CDUS42 KTAE 190633
CLIABY


CLIMATE REPORT
NATIONAL WEATHER SERVICE TALLAHASSEE FL
133 AM EST THU JAN 19 2017


...................................

...THE ALBANY CLIMATE SUMMARY FOR JANUARY 18 2017...

CLIMATE NORMAL PERIOD 1981 TO 2010
CLIMATE RECORD PERIOD 1930 TO 2017


WEATHER ITEM   OBSERVED TIME   RECORD YEAR NORMAL DEPARTURE LAST
                VALUE   (LST)  VALUE       VALUE  FROM      YEAR
                                                  NORMAL
..................................................................
TEMPERATURE (F)
 YESTERDAY
  MAXIMUM         78    427 PM  79    1947  61     17       53
  MINIMUM         56   1147 PM  12    1977  38     18       31
  AVERAGE         67                        49     18       42

PRECIPITATION (IN)
  YESTERDAY        0.00                      0.15  -0.15     0.00
  MONTH TO DATE    3.30                      2.39   0.91     1.77
  SINCE DEC 1     13.98                      6.14   7.84     8.63
  SINCE JAN 1      3.30                      2.39   0.91     1.77

SNOWFALL (IN)
  YESTERDAY        0.0

DEGREE DAYS
 HEATING
  YESTERDAY        0                        16    -16       23
  MONTH TO DATE  159                       288   -129      298
  SINCE DEC 1    412                       731   -319      451
  SINCE JUL 1    553                      1001   -448      575

 COOLING
  YESTERDAY        2                         0      2        0
  MONTH TO DATE   11                         0     11        0
  SINCE DEC 1     34                         9     25       76
  SINCE JAN 1     11                         0     11        0
..................................................................


WIND (MPH)
  HIGHEST WIND SPEED    10   HIGHEST WIND DIRECTION     W (280)
  HIGHEST GUST SPEED    15   HIGHEST GUST DIRECTION     W (270)
  AVERAGE WIND SPEED     3.9




RELATIVE HUMIDITY (PERCENT)
 HIGHEST   100
 LOWEST     54
 AVERAGE    77

..........................................................


THE ALBANY CLIMATE NORMALS FOR TODAY
                         NORMAL    RECORD    YEAR
 MAXIMUM TEMPERATURE (F)   61        79      2002
 MINIMUM TEMPERATURE (F)   38         9      1977


SUNRISE AND SUNSET
JANUARY 19 2017.......SUNRISE   735 AM EST   SUNSET   600 PM EST
JANUARY 20 2017.......SUNRISE   735 AM EST   SUNSET   601 PM EST


-  INDICATES NEGATIVE NUMBERS.
R  INDICATES RECORD WAS SET OR TIED.
MM INDICATES DATA IS MISSING.
T  INDICATES TRACE AMOUNT.




$$
