188
CDUS44 KFWD 260655
CLIACT


CLIMATE REPORT
NATIONAL WEATHER SERVICE FORT WORTH TX
155 AM CDT FRI MAY 26 2017

...THE WACO CLIMATE SUMMARY FOR MAY 25 2017...

CLIMATE NORMAL PERIOD 1981 TO 2010
CLIMATE RECORD PERIOD 1901 TO 2017


WEATHER ITEM   OBSERVED TIME   RECORD YEAR NORMAL DEPARTURE LAST
                VALUE   (LST)  VALUE       VALUE  FROM      YEAR
                                                  NORMAL
..................................................................
TEMPERATURE (F)
 YESTERDAY
  MAXIMUM         91    449 PM  98    2011  87      4       89
  MINIMUM         59    553 AM  53    1979  66     -7       76
  AVERAGE         75                        77     -2       83

PRECIPITATION (IN)
  YESTERDAY        0.00          2.67 1933   0.14  -0.14     0.00
  MONTH TO DATE    2.47                      3.43  -0.96     3.87
  SINCE MAR 1     12.82                      9.27   3.55    15.75
  SINCE JAN 1     18.98                     14.02   4.96    18.20

DEGREE DAYS
 HEATING
  YESTERDAY        0                         0      0        0
  MONTH TO DATE    3                         4     -1       11
  SINCE MAR 1    159                       328   -169      214
  SINCE JUL 1   1335                      2140   -805     1691

 COOLING
  YESTERDAY       10                        12     -2       18
  MONTH TO DATE  191                       222    -31      177
  SINCE MAR 1    422                       367     55      313
  SINCE JAN 1    480                       376    104      321
..................................................................


WIND (MPH)
  HIGHEST WIND SPEED    29   HIGHEST WIND DIRECTION     S (180)
  HIGHEST GUST SPEED    35   HIGHEST GUST DIRECTION     S (180)
  AVERAGE WIND SPEED    16.1


SKY COVER
  POSSIBLE SUNSHINE  MM
  AVERAGE SKY COVER 0.0


WEATHER CONDITIONS
 THE FOLLOWING WEATHER WAS RECORDED YESTERDAY.
  NO SIGNIFICANT WEATHER WAS OBSERVED.


RELATIVE HUMIDITY (PERCENT)
 HIGHEST    80           600 AM
 LOWEST     34          1200 PM
 AVERAGE    57

..........................................................


THE WACO CLIMATE NORMALS FOR TODAY
                         NORMAL    RECORD    YEAR
 MAXIMUM TEMPERATURE (F)   87        98      1904
 MINIMUM TEMPERATURE (F)   67        54      1947


SUNRISE AND SUNSET
MAY 26 2017...........SUNRISE   626 AM CDT   SUNSET   826 PM CDT
MAY 27 2017...........SUNRISE   626 AM CDT   SUNSET   826 PM CDT


-  INDICATES NEGATIVE NUMBERS.
R  INDICATES RECORD WAS SET OR TIED.
MM INDICATES DATA IS MISSING.
T  INDICATES TRACE AMOUNT.




$$
