000
CDUS44 KFWD 290638
CLIACT

CLIMATE REPORT
NATIONAL WEATHER SERVICE FORT WORTH TX
140 AM CDT MON AUG 29 2016

...................................

...THE WACO CLIMATE SUMMARY FOR AUGUST 28 2016...

CLIMATE NORMAL PERIOD 1981 TO 2010
CLIMATE RECORD PERIOD 1901 TO 2016


WEATHER ITEM   OBSERVED TIME   RECORD YEAR NORMAL DEPARTURE LAST
                VALUE   (LST)  VALUE       VALUE  FROM      YEAR
                                                  NORMAL
..................................................................
TEMPERATURE (F)
 YESTERDAY
  MAXIMUM         90    315 PM 109    2011  95     -5       97
  MINIMUM         71    619 AM  53    1992  72     -1       68
  AVERAGE         81                        84     -3       83

PRECIPITATION (IN)
  YESTERDAY        0.00          2.02 2001   0.09  -0.09     0.00
  MONTH TO DATE    4.58                      1.79   2.79     0.77
  SINCE JUN 1      9.31                      7.01   2.30     6.74
  SINCE JAN 1     31.95                     21.90  10.05    28.08

DEGREE DAYS
 HEATING
  YESTERDAY        0                         0      0        0
  MONTH TO DATE    0                         0      0        0
  SINCE JUN 1      0                         0      0        0
  SINCE JUL 1      0                         0      0        0

 COOLING
  YESTERDAY       16                        19     -3       18
  MONTH TO DATE  562                       573    -11      612
  SINCE JUN 1   1795                      1687    108     1765
  SINCE JAN 1   2186                      2139     47     2200
..................................................................


WIND (MPH)
  HIGHEST WIND SPEED    17   HIGHEST WIND DIRECTION     E (70)
  HIGHEST GUST SPEED    25   HIGHEST GUST DIRECTION    NE (60)
  AVERAGE WIND SPEED     6.4


SKY COVER
  POSSIBLE SUNSHINE  MM
  AVERAGE SKY COVER 0.2


WEATHER CONDITIONS
 THE FOLLOWING WEATHER WAS RECORDED YESTERDAY.
  FOG


RELATIVE HUMIDITY (PERCENT)
 HIGHEST   100           400 AM
 LOWEST     55           300 PM
 AVERAGE    78

..........................................................


THE WACO CLIMATE NORMALS FOR TODAY
                         NORMAL    RECORD    YEAR
 MAXIMUM TEMPERATURE (F)   95       106      2011
 MINIMUM TEMPERATURE (F)   72        59      1992


SUNRISE AND SUNSET
AUGUST 29 2016........SUNRISE   703 AM CDT   SUNSET   756 PM CDT
AUGUST 30 2016........SUNRISE   704 AM CDT   SUNSET   754 PM CDT


-  INDICATES NEGATIVE NUMBERS.
R  INDICATES RECORD WAS SET OR TIED.
MM INDICATES DATA IS MISSING.
T  INDICATES TRACE AMOUNT.

$$
