000
CDUS44 KFWD 190645
CLIACT

CLIMATE REPORT
NATIONAL WEATHER SERVICE FORT WORTH TX
144 AM CDT FRI SEP 19 2014

...THE WACO CLIMATE SUMMARY FOR SEPTEMBER 18 2014...

CLIMATE NORMAL PERIOD 1981 TO 2010
CLIMATE RECORD PERIOD 1901 TO 2014


WEATHER ITEM   OBSERVED TIME   RECORD YEAR NORMAL DEPARTURE LAST
                VALUE   (LST)  VALUE       VALUE  FROM      YEAR
                                                  NORMAL
..................................................................
TEMPERATURE (F)
 YESTERDAY
  MAXIMUM         86   1156 AM 100    1977  89     -3       97
  MINIMUM         72   1159 PM  47    1903  66      6       74
  AVERAGE         79                        77      2       86

PRECIPITATION (IN)
  YESTERDAY        0.06          2.13 2011   0.10  -0.04     0.00
  MONTH TO DATE    1.27                      1.82  -0.55     0.52
  SINCE SEP 1      1.27                      1.82  -0.55     0.52
  SINCE JAN 1     21.85                     23.98  -2.13    21.95

DEGREE DAYS
 HEATING
  YESTERDAY        0                         0      0        0
  MONTH TO DATE    0                         0      0        0
  SINCE SEP 1      0                         0      0        0
  SINCE JUL 1      0                         0      0        0

 COOLING
  YESTERDAY       14                        12      2       21
  MONTH TO DATE  301                       272     29      366
  SINCE SEP 1    301                       272     29      366
  SINCE JAN 1   2376                      2467    -91     2577
..................................................................


WIND (MPH)
  HIGHEST WIND SPEED    22   HIGHEST WIND DIRECTION    SE (130)
  HIGHEST GUST SPEED    27   HIGHEST GUST DIRECTION    SE (140)
  AVERAGE WIND SPEED     5.9


SKY COVER
  POSSIBLE SUNSHINE  MM
  AVERAGE SKY COVER 0.6


WEATHER CONDITIONS
 THE FOLLOWING WEATHER WAS RECORDED YESTERDAY.
  LIGHT RAIN
  FOG


RELATIVE HUMIDITY (PERCENT)
 HIGHEST   100           700 AM
 LOWEST     65          1200 PM
 AVERAGE    83

..........................................................


THE WACO CLIMATE NORMALS FOR TODAY
                         NORMAL    RECORD    YEAR
 MAXIMUM TEMPERATURE (F)   89       104      1956
 MINIMUM TEMPERATURE (F)   65        45      1981


SUNRISE AND SUNSET
SEPTEMBER 19 2014.....SUNRISE   715 AM CDT   SUNSET   729 PM CDT
SEPTEMBER 20 2014.....SUNRISE   716 AM CDT   SUNSET   728 PM CDT


-  INDICATES NEGATIVE NUMBERS.
R  INDICATES RECORD WAS SET OR TIED.
MM INDICATES DATA IS MISSING.
T  INDICATES TRACE AMOUNT.




$$
