000
CDUS44 KFWD 220641
CLIACT


CLIMATE REPORT
NATIONAL WEATHER SERVICE FORT WORTH TX
1240 AM CST WED NOV 22 2017


...................................

...THE WACO CLIMATE SUMMARY FOR NOVEMBER 21 2017...

CLIMATE NORMAL PERIOD 1981 TO 2010
CLIMATE RECORD PERIOD 1901 TO 2017


WEATHER ITEM   OBSERVED TIME   RECORD YEAR NORMAL DEPARTURE LAST
                VALUE   (LST)  VALUE       VALUE  FROM      YEAR
                                                  NORMAL
..................................................................
TEMPERATURE (F)
 YESTERDAY
  MAXIMUM         71    345 PM  85    1967  66      5       75
  MINIMUM         51    703 AM  24    1937  44      7       39
  AVERAGE         61                        55      6       57

PRECIPITATION (IN)
  YESTERDAY        0.00          1.21 2004   0.08  -0.08     0.00
  MONTH TO DATE    1.30                      2.06  -0.76     2.97
  SINCE SEP 1      2.95                      9.02  -6.07     3.91
  SINCE JAN 1     31.66                     31.18   0.48    35.89

SNOWFALL (IN)
  YESTERDAY        0.0           T    1972   0.1   -0.1      0.0
                                      1929
  MONTH TO DATE    0.0                       0.1   -0.1      0.0
  SINCE SEP 1      0.0                       0.1   -0.1      0.0
  SINCE JUL 1      0.0                       0.1   -0.1      0.0
  SNOW DEPTH       0

DEGREE DAYS
 HEATING
  YESTERDAY        4                        10     -6        8
  MONTH TO DATE   87                       152    -65       64
  SINCE SEP 1    168                       219    -51       73
  SINCE JUL 1    168                       219    -51       73

 COOLING
  YESTERDAY        0                         1     -1        0
  MONTH TO DATE   88                        33     55       55
  SINCE SEP 1    716                       594    122      800
  SINCE JAN 1   3056                      2789    267     3040
..................................................................


WIND (MPH)
  HIGHEST WIND SPEED    23   HIGHEST WIND DIRECTION     N (10)
  HIGHEST GUST SPEED    30   HIGHEST GUST DIRECTION     N (10)
  AVERAGE WIND SPEED    11.2


SKY COVER
  POSSIBLE SUNSHINE  MM
  AVERAGE SKY COVER 0.2


WEATHER CONDITIONS
 THE FOLLOWING WEATHER WAS RECORDED YESTERDAY.
  NO SIGNIFICANT WEATHER WAS OBSERVED.


RELATIVE HUMIDITY (PERCENT)
 HIGHEST    89           400 AM
 LOWEST     47           200 PM
 AVERAGE    68

..........................................................


THE WACO CLIMATE NORMALS FOR TODAY
                         NORMAL    RECORD    YEAR
 MAXIMUM TEMPERATURE (F)   66        87      1983
 MINIMUM TEMPERATURE (F)   44        27      1975


SUNRISE AND SUNSET
NOVEMBER 22 2017......SUNRISE   703 AM CST   SUNSET   527 PM CST
NOVEMBER 23 2017......SUNRISE   704 AM CST   SUNSET   526 PM CST


-  INDICATES NEGATIVE NUMBERS.
R  INDICATES RECORD WAS SET OR TIED.
MM INDICATES DATA IS MISSING.
T  INDICATES TRACE AMOUNT.




$$
