000
CDUS44 KFWD 290639
CLIACT


CLIMATE REPORT
NATIONAL WEATHER SERVICE FORT WORTH TX
139 AM CDT SUN MAY 29 2016


...................................

...THE WACO CLIMATE SUMMARY FOR MAY 28 2016...

CLIMATE NORMAL PERIOD 1981 TO 2010
CLIMATE RECORD PERIOD 1901 TO 2016


WEATHER ITEM   OBSERVED TIME   RECORD YEAR NORMAL DEPARTURE LAST
                VALUE   (LST)  VALUE       VALUE  FROM      YEAR
                                                  NORMAL
..................................................................
TEMPERATURE (F)
 YESTERDAY
  MAXIMUM         90    416 PM 100    2011  88      2       88
  MINIMUM         65    445 AM  53    2003  67     -2       72
  AVERAGE         78                        78      0       80

PRECIPITATION (IN)
  YESTERDAY        0.00          3.58 1907   0.15  -0.15     0.02
  MONTH TO DATE    7.48                      3.87   3.61     8.46
  SINCE MAR 1     19.36                      9.71   9.65    15.80
  SINCE JAN 1     21.81                     14.46   7.35    20.53

DEGREE DAYS
 HEATING
  YESTERDAY        0                         0      0        0
  MONTH TO DATE   11                         4      7        2
  SINCE MAR 1    214                       328   -114      352
  SINCE JUL 1   1691                      2140   -449     2306

 COOLING
  YESTERDAY       13                        13      0       15
  MONTH TO DATE  204                       259    -55      244
  SINCE MAR 1    340                       404    -64      405
  SINCE JAN 1    348                       413    -65      405
..................................................................


WIND (MPH)
  HIGHEST WIND SPEED    17   HIGHEST WIND DIRECTION    SW (230)
  HIGHEST GUST SPEED    22   HIGHEST GUST DIRECTION    SW (230)
  AVERAGE WIND SPEED     9.3


SKY COVER
  POSSIBLE SUNSHINE  MM
  AVERAGE SKY COVER 0.6


WEATHER CONDITIONS
 THE FOLLOWING WEATHER WAS RECORDED YESTERDAY.
  FOG
  HAZE


RELATIVE HUMIDITY (PERCENT)
 HIGHEST   100           300 AM
 LOWEST     56           400 PM
 AVERAGE    78

..........................................................


THE WACO CLIMATE NORMALS FOR TODAY
                         NORMAL    RECORD    YEAR
 MAXIMUM TEMPERATURE (F)   88        99      2010
                                             1996
                                             1912
 MINIMUM TEMPERATURE (F)   67        50      1947


SUNRISE AND SUNSET
MAY 29 2016...........SUNRISE   625 AM CDT   SUNSET   828 PM CDT
MAY 30 2016...........SUNRISE   625 AM CDT   SUNSET   828 PM CDT


-  INDICATES NEGATIVE NUMBERS.
R  INDICATES RECORD WAS SET OR TIED.
MM INDICATES DATA IS MISSING.
T  INDICATES TRACE AMOUNT.




$$
