000
CDUS41 KPHI 010634
CLIACY


CLIMATE REPORT
NATIONAL WEATHER SERVICE MOUNT HOLLY NJ
234 AM EDT MON SEP 1 2014


...................................

...THE ATLANTIC CITY NJ CLIMATE SUMMARY FOR AUGUST 31 2014...

CLIMATE NORMAL PERIOD 1981 TO 2010
CLIMATE RECORD PERIOD 1874 TO 2014


WEATHER ITEM   OBSERVED TIME   RECORD YEAR NORMAL DEPARTURE LAST
                VALUE   (LST)  VALUE       VALUE  FROM      YEAR
                                                  NORMAL
..................................................................
TEMPERATURE (F)
 YESTERDAY
  MAXIMUM         89   1233 PM  99    2010  82      7       88
  MINIMUM         71   1011 PM  40    1976  63      8       68
                                      1965
  AVERAGE         80                        72      8       78

PRECIPITATION (IN)
  YESTERDAY        0.63          2.48 1954   0.10   0.53     0.00
                                      1911
  MONTH TO DATE    9.91                      4.11   5.80     2.93
  SINCE JUN 1     16.54                     10.94   5.60    13.86
  SINCE JAN 1     36.72                     28.22   8.50    31.42

SNOWFALL (IN)
  YESTERDAY        0.0           0.0  1903   0.0    0.0      0.0
  MONTH TO DATE    0.0                       0.0    0.0      0.0
  SINCE JUN 1      0.0                       0.0    0.0      0.0
  SINCE JUL 1      0.0                       0.0    0.0      0.0
  SNOW DEPTH       0

DEGREE DAYS
 HEATING
  YESTERDAY        0                         0      0        0
  MONTH TO DATE    0                         0      0        0
  SINCE JUN 1     10                        30    -20        8
  SINCE JUL 1      0                         3     -3        0

 COOLING
  YESTERDAY       15                         7      8       13
  MONTH TO DATE  189                       295   -106      222
  SINCE JUN 1    676                       845   -169      862
  SINCE JAN 1    712                       909   -197      956
..................................................................


WIND (MPH)
  HIGHEST WIND SPEED    20   HIGHEST WIND DIRECTION    SW (210)
  HIGHEST GUST SPEED    24   HIGHEST GUST DIRECTION    SW (230)
  AVERAGE WIND SPEED     9.5


SKY COVER
  POSSIBLE SUNSHINE  MM
  AVERAGE SKY COVER 0.3


WEATHER CONDITIONS
 THE FOLLOWING WEATHER WAS RECORDED YESTERDAY.
  HEAVY RAIN
  LIGHT RAIN
  FOG
  HAZE


RELATIVE HUMIDITY (PERCENT)
 HIGHEST   100          1000 PM
 LOWEST     59          1200 PM
 AVERAGE    80

..........................................................


THE ATLANTIC CITY NJ CLIMATE NORMALS FOR TODAY
                         NORMAL    RECORD    YEAR
 MAXIMUM TEMPERATURE (F)   81        97      2010
 MINIMUM TEMPERATURE (F)   62        47      1991


SUNRISE AND SUNSET
SEPTEMBER  1 2014.....SUNRISE   627 AM EDT   SUNSET   729 PM EDT
SEPTEMBER  2 2014.....SUNRISE   627 AM EDT   SUNSET   728 PM EDT


-  INDICATES NEGATIVE NUMBERS.
R  INDICATES RECORD WAS SET OR TIED.
MM INDICATES DATA IS MISSING.
T  INDICATES TRACE AMOUNT.




$$
