000
CDUS41 KPHI 210546
CLIACY


CLIMATE REPORT
NATIONAL WEATHER SERVICE MOUNT HOLLY NJ
146 AM EDT SAT OCT 21 2017


...................................

...THE ATLANTIC CITY NJ CLIMATE SUMMARY FOR OCTOBER 20 2017...

CLIMATE NORMAL PERIOD 1981 TO 2010
CLIMATE RECORD PERIOD 1874 TO 2017


WEATHER ITEM   OBSERVED TIME   RECORD YEAR NORMAL DEPARTURE LAST
                VALUE   (LST)  VALUE       VALUE  FROM      YEAR
                                                  NORMAL
..................................................................
TEMPERATURE (F)
 YESTERDAY
  MAXIMUM         75    221 PM  85    1984  65     10       72
  MINIMUM         52    608 AM  24    1992  44      8       62
  AVERAGE         64                        55      9       67

PRECIPITATION (IN)
  YESTERDAY        0.00          3.23 1944   0.11  -0.11     0.00
  MONTH TO DATE    0.90                      2.19  -1.29     2.11
  SINCE SEP 1      4.95                      5.34  -0.39     7.40
  SINCE JAN 1     43.52                     33.56   9.96    39.70

SNOWFALL (IN)
  YESTERDAY        0.0           T    1940   0.0    0.0      0.0
  MONTH TO DATE    0.0                       0.0    0.0      0.0
  SINCE SEP 1      0.0                       0.0    0.0      0.0
  SINCE JUL 1      0.0                       0.0    0.0      0.0
  SNOW DEPTH       0

DEGREE DAYS
 HEATING
  YESTERDAY        1                        11    -10        0
  MONTH TO DATE   67                       160    -93      100
  SINCE SEP 1     86                       219   -133      115
  SINCE JUL 1     86                       222   -136      115

 COOLING
  YESTERDAY        0                         0      0        2
  MONTH TO DATE   67                        16     51       23
  SINCE SEP 1    240                       141     99      228
  SINCE JAN 1   1257                      1050    207     1331
..................................................................


WIND (MPH)
  HIGHEST WIND SPEED    16   HIGHEST WIND DIRECTION    NW (320)
  HIGHEST GUST SPEED    21   HIGHEST GUST DIRECTION     N (340)
  AVERAGE WIND SPEED     7.0


SKY COVER
  POSSIBLE SUNSHINE  MM
  AVERAGE SKY COVER 0.0


WEATHER CONDITIONS
 THE FOLLOWING WEATHER WAS RECORDED YESTERDAY.
  NO SIGNIFICANT WEATHER WAS OBSERVED.


RELATIVE HUMIDITY (PERCENT)
 HIGHEST    93          1200 AM
 LOWEST     25           200 PM
 AVERAGE    59

..........................................................


THE ATLANTIC CITY NJ CLIMATE NORMALS FOR TODAY
                         NORMAL    RECORD    YEAR
 MAXIMUM TEMPERATURE (F)   65        85      1947
 MINIMUM TEMPERATURE (F)   44        26      1974
                                             1972


SUNRISE AND SUNSET
OCTOBER 21 2017.......SUNRISE   715 AM EDT   SUNSET   610 PM EDT
OCTOBER 22 2017.......SUNRISE   716 AM EDT   SUNSET   609 PM EDT


-  INDICATES NEGATIVE NUMBERS.
R  INDICATES RECORD WAS SET OR TIED.
MM INDICATES DATA IS MISSING.
T  INDICATES TRACE AMOUNT.




$$
