934
CDUS41 KPHI 250554
CLIACY


CLIMATE REPORT
NATIONAL WEATHER SERVICE MOUNT HOLLY NJ
1253 AM EST SUN FEB 25 2018


...................................

...THE ATLANTIC CITY NJ CLIMATE SUMMARY FOR FEBRUARY 24 2018...

CLIMATE NORMAL PERIOD 1981 TO 2010
CLIMATE RECORD PERIOD 1874 TO 2018


WEATHER ITEM   OBSERVED TIME   RECORD YEAR NORMAL DEPARTURE LAST
                VALUE   (LST)  VALUE       VALUE  FROM      YEAR
                                                  NORMAL
..................................................................
TEMPERATURE (F)
 YESTERDAY
  MAXIMUM         55    206 PM  75    1985  46      9       71
  MINIMUM         46    712 AM   2    1889  28     18       52
  AVERAGE         51                        37     14       62

PRECIPITATION (IN)
  YESTERDAY        0.02          2.15 1979   0.11  -0.09     0.00
  MONTH TO DATE    6.14                      2.42   3.72     0.97
  SINCE DEC 1     10.98                      9.33   1.65     8.44
  SINCE JAN 1      9.43                      5.64   3.79     5.15

SNOWFALL (IN)
  YESTERDAY        0.0          12.3  1989   0.2   -0.2      0.0
  MONTH TO DATE    T                         6.0   -6.0      0.3
  SINCE DEC 1     24.5                      14.2   10.3      7.5
  SINCE JUL 1     24.5                      14.4   10.1      7.5
  SNOW DEPTH       0

DEGREE DAYS
 HEATING
  YESTERDAY       14                        28    -14        3
  MONTH TO DATE  541                       721   -180      538
  SINCE DEC 1   2464                      2575   -111     2176
  SINCE JUL 1   3167                      3482   -315     2923

 COOLING
  YESTERDAY        0                         0      0        0
  MONTH TO DATE    0                         0      0        0
  SINCE DEC 1      0                         0      0        0
  SINCE JAN 1      0                         0      0        0
..................................................................


WIND (MPH)
  HIGHEST WIND SPEED    14   HIGHEST WIND DIRECTION    NE (60)
  HIGHEST GUST SPEED    20   HIGHEST GUST DIRECTION     E (70)
  AVERAGE WIND SPEED     6.2


SKY COVER
  POSSIBLE SUNSHINE  MM
  AVERAGE SKY COVER 1.0


WEATHER CONDITIONS
 THE FOLLOWING WEATHER WAS RECORDED YESTERDAY.
  LIGHT RAIN
  FOG


RELATIVE HUMIDITY (PERCENT)
 HIGHEST   100          1200 AM
 LOWEST     77          1200 PM
 AVERAGE    89

..........................................................


THE ATLANTIC CITY NJ CLIMATE NORMALS FOR TODAY
                         NORMAL    RECORD    YEAR
 MAXIMUM TEMPERATURE (F)   47        77      1930
 MINIMUM TEMPERATURE (F)   28         3      1914


SUNRISE AND SUNSET
FEBRUARY 25 2018......SUNRISE   637 AM EST   SUNSET   546 PM EST
FEBRUARY 26 2018......SUNRISE   635 AM EST   SUNSET   547 PM EST


-  INDICATES NEGATIVE NUMBERS.
R  INDICATES RECORD WAS SET OR TIED.
MM INDICATES DATA IS MISSING.
T  INDICATES TRACE AMOUNT.




$$
