354
CDUS41 KPHI 300627
CLIACY


CLIMATE REPORT
NATIONAL WEATHER SERVICE MOUNT HOLLY NJ
227 AM EDT SUN APR 30 2017


...................................

...THE ATLANTIC CITY NJ CLIMATE SUMMARY FOR APRIL 29 2017...

CLIMATE NORMAL PERIOD 1981 TO 2010
CLIMATE RECORD PERIOD 1874 TO 2017


WEATHER ITEM   OBSERVED TIME   RECORD YEAR NORMAL DEPARTURE LAST
                VALUE   (LST)  VALUE       VALUE  FROM      YEAR
                                                  NORMAL
..................................................................
TEMPERATURE (F)
 YESTERDAY
  MAXIMUM         91    230 PM  92    1974  66     25       52
  MINIMUM         64    210 AM  31    1874  46     18       46
  AVERAGE         78                        56     22       49

PRECIPITATION (IN)
  YESTERDAY        0.02          1.79 1964   0.11  -0.09     0.03
  MONTH TO DATE    2.97                      3.53  -0.56     2.91
  SINCE MAR 1      8.59                      7.74   0.85     6.03
  SINCE JAN 1     14.14                     13.83   0.31    13.38

SNOWFALL (IN)
  YESTERDAY        0.0           0.0    MM   0.0    0.0      0.0
  MONTH TO DATE    0.0                       0.3   -0.3      1.8
  SINCE MAR 1      0.2                       1.4   -1.2      6.9
  SINCE JUL 1      7.7                      16.5   -8.8     27.5
  SNOW DEPTH       0

DEGREE DAYS
 HEATING
  YESTERDAY        0                        10    -10       16
  MONTH TO DATE  246                       398   -152      431
  SINCE MAR 1    965                      1104   -139      962
  SINCE JUL 1   3961                      4695   -734     3843

 COOLING
  YESTERDAY       13                         1     12        0
  MONTH TO DATE   32                         3     29       11
  SINCE MAR 1     32                         3     29       14
  SINCE JAN 1     32                         3     29       14
..................................................................


WIND (MPH)
  HIGHEST WIND SPEED    25   HIGHEST WIND DIRECTION     W (280)
  HIGHEST GUST SPEED    32   HIGHEST GUST DIRECTION     W (290)
  AVERAGE WIND SPEED     8.6


SKY COVER
  POSSIBLE SUNSHINE  MM
  AVERAGE SKY COVER 0.2


WEATHER CONDITIONS
 THE FOLLOWING WEATHER WAS RECORDED YESTERDAY.
  THUNDERSTORM
  LIGHT RAIN
  FOG
  HAZE


RELATIVE HUMIDITY (PERCENT)
 HIGHEST    93           100 AM
 LOWEST     32           200 PM
 AVERAGE    63

..........................................................


THE ATLANTIC CITY NJ CLIMATE NORMALS FOR TODAY
                         NORMAL    RECORD    YEAR
 MAXIMUM TEMPERATURE (F)   67        85      2007
                                             1985
 MINIMUM TEMPERATURE (F)   46        30      1992


SUNRISE AND SUNSET
APRIL 30 2017.........SUNRISE   600 AM EDT   SUNSET   751 PM EDT
MAY  1 2017...........SUNRISE   559 AM EDT   SUNSET   752 PM EDT


-  INDICATES NEGATIVE NUMBERS.
R  INDICATES RECORD WAS SET OR TIED.
MM INDICATES DATA IS MISSING.
T  INDICATES TRACE AMOUNT.




$$
