000
CDUS41 KPHI 310645
CLIACY


CLIMATE REPORT
NATIONAL WEATHER SERVICE MOUNT HOLLY NJ
245 AM EDT TUE MAY 31 2016


...................................

...THE ATLANTIC CITY NJ CLIMATE SUMMARY FOR MAY 30 2016...

CLIMATE NORMAL PERIOD 1981 TO 2010
CLIMATE RECORD PERIOD 1874 TO 2016


WEATHER ITEM   OBSERVED TIME   RECORD YEAR NORMAL DEPARTURE LAST
                VALUE   (LST)  VALUE       VALUE  FROM      YEAR
                                                  NORMAL
..................................................................
TEMPERATURE (F)
 YESTERDAY
  MAXIMUM         75   1030 AM  96    1991  76     -1       83
  MINIMUM         68   1159 PM  39    1993  56     12       67
  AVERAGE         72                        66      6       75

PRECIPITATION (IN)
  YESTERDAY        1.81          3.07 1984   0.12   1.69     0.00
  MONTH TO DATE    6.68                      3.23   3.45     0.71
  SINCE MAR 1     12.71                     11.07   1.64     8.19
  SINCE JAN 1     20.06                     17.16   2.90    16.25

SNOWFALL (IN)
  YESTERDAY        0.0           0.0  1903   0.0    0.0      0.0
  MONTH TO DATE    0.0                       0.0    0.0      0.0
  SINCE MAR 1      6.9                       1.4    5.5      7.4
  SINCE JUL 1     27.5                      16.5   11.0     22.4
  SNOW DEPTH       0

DEGREE DAYS
 HEATING
  YESTERDAY        0                         3     -3        0
  MONTH TO DATE  194                       173     21       80
  SINCE MAR 1   1169                      1286   -117     1279
  SINCE JUL 1   4050                      4877   -827     5154

 COOLING
  YESTERDAY        7                         3      4       10
  MONTH TO DATE   56                        52      4      122
  SINCE MAR 1     70                        61      9      122
  SINCE JAN 1     70                        61      9      122
..................................................................


WIND (MPH)
  HIGHEST WIND SPEED    15   HIGHEST WIND DIRECTION     S (200)
  HIGHEST GUST SPEED    23   HIGHEST GUST DIRECTION     S (200)
  AVERAGE WIND SPEED     6.4


SKY COVER
  POSSIBLE SUNSHINE  MM
  AVERAGE SKY COVER 0.9


WEATHER CONDITIONS
 THE FOLLOWING WEATHER WAS RECORDED YESTERDAY.
  HEAVY RAIN
  RAIN
  LIGHT RAIN
  FOG
  FOG W/VISIBILITY <= 1/4 MILE


RELATIVE HUMIDITY (PERCENT)
 HIGHEST   100           300 AM
 LOWEST     90           700 PM
 AVERAGE    95

..........................................................


THE ATLANTIC CITY NJ CLIMATE NORMALS FOR TODAY
                         NORMAL    RECORD    YEAR
 MAXIMUM TEMPERATURE (F)   76        96      1991
 MINIMUM TEMPERATURE (F)   56        36      1966


SUNRISE AND SUNSET
MAY 31 2016...........SUNRISE   533 AM EDT   SUNSET   819 PM EDT
JUNE  1 2016..........SUNRISE   533 AM EDT   SUNSET   820 PM EDT


-  INDICATES NEGATIVE NUMBERS.
R  INDICATES RECORD WAS SET OR TIED.
MM INDICATES DATA IS MISSING.
T  INDICATES TRACE AMOUNT.




$$
