000
CDUS41 KPHI 260626
CLIACY


CLIMATE REPORT
NATIONAL WEATHER SERVICE MOUNT HOLLY NJ
226 AM EDT THU MAR 26 2015


...................................

...THE ATLANTIC CITY NJ CLIMATE SUMMARY FOR MARCH 25 2015...

CLIMATE NORMAL PERIOD 1981 TO 2010
CLIMATE RECORD PERIOD 1874 TO 2015


WEATHER ITEM   OBSERVED TIME   RECORD YEAR NORMAL DEPARTURE LAST
                VALUE   (LST)  VALUE       VALUE  FROM      YEAR
                                                  NORMAL
..................................................................
TEMPERATURE (F)
 YESTERDAY
  MAXIMUM         47    718 PM  79    1963  54     -7       39
  MINIMUM         19    608 AM  10    1878  35    -16       15
  AVERAGE         33                        45    -12       27

PRECIPITATION (IN)
  YESTERDAY        0.03          2.21 1876   0.14  -0.11     0.38
  MONTH TO DATE    6.24                      3.36   2.88     2.32
  SINCE MAR 1      6.24                      3.36   2.88     2.32
  SINCE JAN 1     14.30                      9.45   4.85    10.87

SNOWFALL (IN)
  YESTERDAY        0.0           3.9  2014   0.0    0.0      3.9
  MONTH TO DATE    7.4                       1.0    6.4     15.3
  SINCE MAR 1      7.4                       1.0    6.4     15.3
  SINCE JUL 1     22.4                      16.1    6.3     43.5
  SNOW DEPTH       0

DEGREE DAYS
 HEATING
  YESTERDAY       32                        20     12       38
  MONTH TO DATE  699                       591    108      720
  SINCE MAR 1    699                       591    108      720
  SINCE JUL 1   4574                      4182    392     4583

 COOLING
  YESTERDAY        0                         0      0        0
  MONTH TO DATE    0                         0      0        0
  SINCE MAR 1      0                         0      0        0
  SINCE JAN 1      0                         0      0        0
..................................................................


WIND (MPH)
  HIGHEST WIND SPEED    16   HIGHEST WIND DIRECTION     E (110)
  HIGHEST GUST SPEED    21   HIGHEST GUST DIRECTION     E (110)
  AVERAGE WIND SPEED     4.9


SKY COVER
  POSSIBLE SUNSHINE  MM
  AVERAGE SKY COVER 0.5


WEATHER CONDITIONS
 THE FOLLOWING WEATHER WAS RECORDED YESTERDAY.
  LIGHT RAIN
  FOG
  HAZE


RELATIVE HUMIDITY (PERCENT)
 HIGHEST   100          1100 PM
 LOWEST     37          1000 AM
 AVERAGE    69

..........................................................


THE ATLANTIC CITY NJ CLIMATE NORMALS FOR TODAY
                         NORMAL    RECORD    YEAR
 MAXIMUM TEMPERATURE (F)   55        72      1929
 MINIMUM TEMPERATURE (F)   36        16      1981


SUNRISE AND SUNSET
MARCH 26 2015.........SUNRISE   653 AM EDT   SUNSET   716 PM EDT
MARCH 27 2015.........SUNRISE   651 AM EDT   SUNSET   717 PM EDT


-  INDICATES NEGATIVE NUMBERS.
R  INDICATES RECORD WAS SET OR TIED.
MM INDICATES DATA IS MISSING.
T  INDICATES TRACE AMOUNT.




$$
