000
CDUS41 KPHI 220630
CLIACY


CLIMATE REPORT
NATIONAL WEATHER SERVICE MOUNT HOLLY NJ
130 AM EST SUN JAN 22 2017


...................................

...THE ATLANTIC CITY NJ CLIMATE SUMMARY FOR JANUARY 21 2017...

CLIMATE NORMAL PERIOD 1981 TO 2010
CLIMATE RECORD PERIOD 1874 TO 2017


WEATHER ITEM   OBSERVED TIME   RECORD YEAR NORMAL DEPARTURE LAST
                VALUE   (LST)  VALUE       VALUE  FROM      YEAR
                                                  NORMAL
..................................................................
TEMPERATURE (F)
 YESTERDAY
  MAXIMUM         48    223 PM  62    2006  41      7       37
                                      1974
  MINIMUM         42   1233 AM  -9    1985  24     18       18
  AVERAGE         45                        33     12       28

PRECIPITATION (IN)
  YESTERDAY        0.00          1.68 1881   0.10  -0.10     0.05
  MONTH TO DATE    2.32                      2.21   0.11     1.68
  SINCE DEC 1      5.61                      5.90  -0.29     7.12
  SINCE JAN 1      2.32                      2.21   0.11     1.68

SNOWFALL (IN)
  YESTERDAY        0.0           2.2  2014   0.2   -0.2      1.0
  MONTH TO DATE    7.0                       2.7    4.3      3.8
  SINCE DEC 1      7.0                       6.4    0.6      3.8
  SINCE JUL 1      7.0                       6.6    0.4      3.8
  SNOW DEPTH       0

DEGREE DAYS
 HEATING
  YESTERDAY       20                        32    -12       37
  MONTH TO DATE  583                       670    -87      667
  SINCE DEC 1   1397                      1532   -135     1108
  SINCE JUL 1   2144                      2439   -295     1803

 COOLING
  YESTERDAY        0                         0      0        0
  MONTH TO DATE    0                         0      0        0
  SINCE DEC 1      0                         0      0        3
  SINCE JAN 1      0                         0      0        0
..................................................................


WIND (MPH)
  HIGHEST WIND SPEED     9   HIGHEST WIND DIRECTION     W (260)
  HIGHEST GUST SPEED    11   HIGHEST GUST DIRECTION     W (250)
  AVERAGE WIND SPEED     3.5


SKY COVER
  POSSIBLE SUNSHINE  MM
  AVERAGE SKY COVER 1.0


WEATHER CONDITIONS
 THE FOLLOWING WEATHER WAS RECORDED YESTERDAY.
  FOG
  FOG W/VISIBILITY <= 1/4 MILE


RELATIVE HUMIDITY (PERCENT)
 HIGHEST   100          1100 PM
 LOWEST     86           200 PM
 AVERAGE    93

..........................................................


THE ATLANTIC CITY NJ CLIMATE NORMALS FOR TODAY
                         NORMAL    RECORD    YEAR
 MAXIMUM TEMPERATURE (F)   41        66      1967
 MINIMUM TEMPERATURE (F)   24        -8      1961


SUNRISE AND SUNSET
JANUARY 22 2017.......SUNRISE   713 AM EST   SUNSET   507 PM EST
JANUARY 23 2017.......SUNRISE   712 AM EST   SUNSET   508 PM EST


-  INDICATES NEGATIVE NUMBERS.
R  INDICATES RECORD WAS SET OR TIED.
MM INDICATES DATA IS MISSING.
T  INDICATES TRACE AMOUNT.




$$
