000
CDUS41 KPHI 270627
CLIACY


CLIMATE REPORT
NATIONAL WEATHER SERVICE MOUNT HOLLY NJ
126 AM EST SAT DEC 27 2014


...................................

...THE ATLANTIC CITY NJ CLIMATE SUMMARY FOR DECEMBER 26 2014...

CLIMATE NORMAL PERIOD 1981 TO 2010
CLIMATE RECORD PERIOD 1874 TO 2014


WEATHER ITEM   OBSERVED TIME   RECORD YEAR NORMAL DEPARTURE LAST
                VALUE   (LST)  VALUE       VALUE  FROM      YEAR
                                                  NORMAL
..................................................................
TEMPERATURE (F)
 YESTERDAY
  MAXIMUM         51    230 PM  68    1889  43      8       43
  MINIMUM         31    957 PM  -2    1980  26      5       18
  AVERAGE         41                        35      6       31

PRECIPITATION (IN)
  YESTERDAY        0.00          2.60 2012   0.11  -0.11     0.00
  MONTH TO DATE    5.48                      3.16   2.32     4.59
  SINCE DEC 1      5.48                      3.16   2.32     4.59
  SINCE JAN 1     54.31                     41.22  13.09    44.65

SNOWFALL (IN)
  YESTERDAY        0.0          18.4  2010   0.1   -0.1      0.0
  MONTH TO DATE    0.4                       3.0   -2.6      3.3
  SINCE DEC 1      0.4                       3.0   -2.6      3.3
  SINCE JUL 1      0.4                       3.2   -2.8      3.3
  SNOW DEPTH       0

DEGREE DAYS
 HEATING
  YESTERDAY       24                        30     -6       34
  MONTH TO DATE  629                       707    -78      664
  SINCE DEC 1    629                       707    -78      664
  SINCE JUL 1   1536                      1614    -78     1667

 COOLING
  YESTERDAY        0                         0      0        0
  MONTH TO DATE    0                         0      0        0
  SINCE DEC 1      0                         0      0        0
  SINCE JAN 1    857                      1055   -198     1088
..................................................................


WIND (MPH)
  HIGHEST WIND SPEED    18   HIGHEST WIND DIRECTION    NW (320)
  HIGHEST GUST SPEED    21   HIGHEST GUST DIRECTION    NW (320)
  AVERAGE WIND SPEED     6.2


SKY COVER
  POSSIBLE SUNSHINE  MM
  AVERAGE SKY COVER 0.0


WEATHER CONDITIONS
 THE FOLLOWING WEATHER WAS RECORDED YESTERDAY.
  NO SIGNIFICANT WEATHER WAS OBSERVED.


RELATIVE HUMIDITY (PERCENT)
 HIGHEST    85           500 AM
 LOWEST     44           200 PM
 AVERAGE    65

..........................................................


THE ATLANTIC CITY NJ CLIMATE NORMALS FOR TODAY
                         NORMAL    RECORD    YEAR
 MAXIMUM TEMPERATURE (F)   43        67      1973
 MINIMUM TEMPERATURE (F)   26         6      1983


SUNRISE AND SUNSET
DECEMBER 27 2014......SUNRISE   717 AM EST   SUNSET   441 PM EST
DECEMBER 28 2014......SUNRISE   718 AM EST   SUNSET   442 PM EST


-  INDICATES NEGATIVE NUMBERS.
R  INDICATES RECORD WAS SET OR TIED.
MM INDICATES DATA IS MISSING.
T  INDICATES TRACE AMOUNT.




$$
