000
CDAK48 PADQ 271126
CLIADQ

CLIMATE REPORT
NATIONAL WEATHER SERVICE KODIAK, AK
226 AM AKST TUE JAN 27 2015

...................................
...THE KODIAK AP CLIMATE SUMMARY FOR JANUARY 26 2015...

CLIMATE NORMAL PERIOD  1981 TO  2010
CLIMATE RECORD PERIOD  1949 TO  2015

WEATHER ITEM   OBSERVED TIME    RECORD YEAR NORMAL DEPARTURE LAST
               VALUE    (LST)   VALUE       VALUE  FROM      YEAR
                                                   NORMAL
...................................................................
TEMPERATURE
YESTERDAY
 MAXIMUM            33  1153 PM    45  1991     35      -2     43
 MINIMUM            20  1235 AM    -2  2012     26      -6     42
 AVERAGE            27                          30      -3     43

PRECIPITATION
(INCHES)
 YESTERDAY        0.12           2.24  1978   0.26   -0.14   0.83
 MONTH TO DATE    9.17                        7.10    2.07  13.44
 SINCE DEC 1     22.96                       15.83    7.13  17.89
 SINCE JAN 1      9.17                        7.10    2.07  13.44

SNOWFALL
(INCHES)
 YESTERDAY         2.0            3.9  2004    0.5     1.5    0.0
 MONTH TO DATE     3.4                        10.7    -7.3    5.1
 SINCE DEC 1       3.7                        24.5   -20.8   16.7
 SINCE JUL 1       4.4                        32.0   -27.6   24.0
 SNOW DEPTH (IN)     2                                          0

DEGREE DAYS
 HEATING
  YESTERDAY         38                          35       3     22
  MONTH TO DATE    736                         898    -162    740
  SINCE DEC 1     1558                        1947    -389   1780
  SINCE JUL 1     3954                        4739    -785   4187

 COOLING
  YESTERDAY          0                           0       0      0
  MONTH TO DATE      0                           0       0      0
  SINCE DEC 1        0                           0       0      0
  SINCE JAN 1        0                           0       0      0
...................................................................

WIND (MPH)
 HIGHEST WIND SPEED    16     HIGHEST WIND DIRECTION    310
 HIGHEST GUST SPEED    19     HIGHEST GUST DIRECTION    310
 AVERAGE WIND SPEED   6.8

SKY COVER
  POSSIBLE SUNSHINE    MM          AVERAGE SKY COVER     MM

WEATHER CONDITIONS
 THE FOLLOWING WEATHER WAS RECORDED YESTERDAY.
  FOG
RAIN
SNOW


RELATIVE HUMIDITY
 HIGHEST RH     MM PERCENT       MM
 LOWEST  RH     MM PERCENT       MM
 AVERAGE RH     MM PERCENT       MM
...................................................................

THE KODIAK CLIMATE NORMALS FOR TODAY
                           NORMAL    RECORD   YEAR
 MAXIMUM TEMPERATURE (F)     35        47     1985
 MINIMUM TEMPERATURE (F)     26        -5     2012

SUNRISE AND SUNSET
 JAN 27 2015..........SUNRISE  9:23 AM      SUNSET  5:24 PM
 JAN 28 2015..........SUNRISE  9:21 AM      SUNSET  5:27 PM

-  INDICATES NEGATIVE NUMBERS.
R  INDICATES RECORD HAS BEEN SET OR TIED.
MM INDICATES DATA IS MISSING.
T  INDICATES TRACE OF PRECIPITATION.

&&
-------------------------------------------------------------------

AMOUNT OF DAYLIGHT TODAY  (HOUR:MIN)........8 HOURS 1 MINUTES
GAIN/LOSS SINCE YESTERDAY (HOUR:MIN:SEC)....+0:04:10

$$
*** JAN 15
