648
CDAK48 PADQ 291131
CLIADQ

CLIMATE REPORT
NATIONAL WEATHER SERVICE KODIAK, AK
331 AM AKDT FRI APR 29 2016

...................................
...THE KODIAK AP CLIMATE SUMMARY FOR APRIL 28 2016...

CLIMATE NORMAL PERIOD  1981 TO  2010
CLIMATE RECORD PERIOD  1913 TO  2016

WEATHER ITEM   OBSERVED TIME    RECORD YEAR NORMAL DEPARTURE LAST
               VALUE    (LST)   VALUE       VALUE  FROM      YEAR
                                                   NORMAL
...................................................................
TEMPERATURE
YESTERDAY
 MAXIMUM            48  1218 PM    69  2005     46       2     58
 MINIMUM            41  1159 PM    22  1937     35       6     38
 AVERAGE            45                          41       4     48

PRECIPITATION
(INCHES)
 YESTERDAY        0.43           1.10  1947   0.19    0.24   0.00
 MONTH TO DATE    7.57                        5.44    2.13   6.02
 SINCE MAR 1     14.91                       10.97    3.94  13.55
 SINCE JAN 1     38.20                       25.40   12.80  32.47

SNOWFALL
(INCHES)
 YESTERDAY         0.0            5.7  2006    0.1    -0.1    0.0
 MONTH TO DATE     0.0                         7.8    -7.8    3.2
 SINCE MAR 1       3.6                        19.1   -15.5    4.7
 SINCE JUL 1        MM                        68.5      MM   20.1
 SNOW DEPTH (IN)     0                                          0

DEGREE DAYS
 HEATING
  YESTERDAY         20                          24      -4     17
  MONTH TO DATE    632                         773    -141    726
  SINCE MAR 1     1422                        1771    -349   1602
  SINCE JUL 1     6359                        7644   -1285   6520

 COOLING
  YESTERDAY          0                           0       0      0
  MONTH TO DATE      0                           0       0      0
  SINCE MAR 1        0                           0       0      0
  SINCE JAN 1        0                           0       0      0
...................................................................

WIND (MPH)
 HIGHEST WIND SPEED    24     HIGHEST WIND DIRECTION     50
 HIGHEST GUST SPEED    29     HIGHEST GUST DIRECTION     40
 AVERAGE WIND SPEED  12.7

SKY COVER
  POSSIBLE SUNSHINE    MM          AVERAGE SKY COVER     MM

WEATHER CONDITIONS
 THE FOLLOWING WEATHER WAS RECORDED YESTERDAY.
  FOG
RAIN


RELATIVE HUMIDITY
 HIGHEST RH     MM PERCENT       MM
 LOWEST  RH     MM PERCENT       MM
 AVERAGE RH     MM PERCENT       MM
...................................................................

THE KODIAK CLIMATE NORMALS FOR TODAY
                           NORMAL    RECORD   YEAR
 MAXIMUM TEMPERATURE (F)     46        61     1995
 MINIMUM TEMPERATURE (F)     35        26     2013

SUNRISE AND SUNSET
 APR 29 2016..........SUNRISE  6:22 AM      SUNSET  9:55 PM
 APR 30 2016..........SUNRISE  6:20 AM      SUNSET  9:57 PM

-  INDICATES NEGATIVE NUMBERS.
R  INDICATES RECORD HAS BEEN SET OR TIED.
MM INDICATES DATA IS MISSING.
T  INDICATES TRACE OF PRECIPITATION.

&&
-------------------------------------------------------------------

AMOUNT OF DAYLIGHT TODAY  (HOUR:MIN)........15 HOURS 33 MINUTES
GAIN/LOSS SINCE YESTERDAY (HOUR:MIN:SEC)....+0:04:40

$$
JTS APR 16
