000
CDAK48 PADQ 180905
CLIADQ

CLIMATE REPORT
NATIONAL WEATHER SERVICE KODIAK, AK
105 AM AKDT THU SEP 18 2014

...................................
...THE KODIAK AP CLIMATE SUMMARY FOR SEPTEMBER 17 2014...

CLIMATE NORMAL PERIOD  1981 TO  2010
CLIMATE RECORD PERIOD  1949 TO  2014

WEATHER ITEM   OBSERVED TIME    RECORD YEAR NORMAL DEPARTURE LAST
               VALUE    (LST)   VALUE       VALUE  FROM      YEAR
                                                   NORMAL
...................................................................
TEMPERATURE
YESTERDAY
 MAXIMUM            58  0423 PM    71  1954     55       3     55
 MINIMUM            44  1133 PM    32  1971     43       1     37
 AVERAGE            51                          49       2     46

PRECIPITATION
(INCHES)
 YESTERDAY        0.29           5.16  1995   0.26    0.03   0.00
 MONTH TO DATE    7.02                        3.75    3.27   4.89
 SINCE SEP 1      7.02                        3.75    3.27   4.89
 SINCE JAN 1     56.25                       50.54    5.71  44.80

SNOWFALL
(INCHES)
 YESTERDAY         0.0            3.0  1996    0.0     0.0    0.0
 MONTH TO DATE     0.0                         0.0     0.0    0.0
 SINCE SEP 1       0.0                         0.0     0.0    0.0
 SINCE JUL 1       0.0                         0.0     0.0    0.0
 SNOW DEPTH (IN)     0                                          0

DEGREE DAYS
 HEATING
  YESTERDAY         14                          16      -2     19
  MONTH TO DATE    168                         233     -65    195
  SINCE SEP 1      168                         233     -65    195
  SINCE JUL 1      669                         863    -194    674

 COOLING
  YESTERDAY          0                           0       0      0
  MONTH TO DATE      0                           0       0      0
  SINCE SEP 1        0                           0       0      0
  SINCE JAN 1        4                           0       4      6
...................................................................

WIND (MPH)
 HIGHEST WIND SPEED    24     HIGHEST WIND DIRECTION    110
 HIGHEST GUST SPEED    29     HIGHEST GUST DIRECTION    110
 AVERAGE WIND SPEED   6.2

SKY COVER
  POSSIBLE SUNSHINE    MM          AVERAGE SKY COVER     MM

WEATHER CONDITIONS
 THE FOLLOWING WEATHER WAS RECORDED YESTERDAY.
  FOG
RAIN


RELATIVE HUMIDITY
 HIGHEST RH     MM PERCENT       MM
 LOWEST  RH     MM PERCENT       MM
 AVERAGE RH     MM PERCENT       MM
...................................................................

THE KODIAK CLIMATE NORMALS FOR TODAY
                           NORMAL    RECORD   YEAR
 MAXIMUM TEMPERATURE (F)     55        71     1954
 MINIMUM TEMPERATURE (F)     43        31     2000

SUNRISE AND SUNSET
 SEP 18 2014..........SUNRISE  7:47 AM      SUNSET  8:20 PM
 SEP 19 2014..........SUNRISE  7:49 AM      SUNSET  8:18 PM

-  INDICATES NEGATIVE NUMBERS.
R  INDICATES RECORD HAS BEEN SET OR TIED.
MM INDICATES DATA IS MISSING.
T  INDICATES TRACE OF PRECIPITATION.

&&
-------------------------------------------------------------------

AMOUNT OF DAYLIGHT TODAY  (HOUR:MIN)........12 HOURS 33 MINUTES
GAIN/LOSS SINCE YESTERDAY (HOUR:MIN:SEC)....-0:04:55

$$
*** SEP 14
