000
CDAK48 PADQ 011206
CLIADQ

CLIMATE REPORT
NATIONAL WEATHER SERVICE KODIAK, AK
406 AM AKDT SAT AUG 1 2015

...................................
...THE KODIAK AP CLIMATE SUMMARY FOR JULY 31 2015...

CLIMATE NORMAL PERIOD  1981 TO  2010
CLIMATE RECORD PERIOD  1913 TO  2015

WEATHER ITEM   OBSERVED TIME    RECORD YEAR NORMAL DEPARTURE LAST
               VALUE    (LST)   VALUE       VALUE  FROM      YEAR
                                                   NORMAL
...................................................................
TEMPERATURE
YESTERDAY
 MAXIMUM            71  0750 PM    76  1998     62       9     62
 MINIMUM            45  0518 AM    42  2009     50      -5     55
 AVERAGE            58                          56       2     59

PRECIPITATION
(INCHES)
 YESTERDAY        0.00           0.63  1965   0.15   -0.15   0.00
 MONTH TO DATE    3.32                        4.93   -1.61   2.58
 SINCE JUN 1      6.40                       10.84   -4.44   8.80
 SINCE JAN 1     45.52                       42.23    3.29  42.33

SNOWFALL
(INCHES)
 YESTERDAY         0.0            0.0  2015    0.0     0.0    0.0
 MONTH TO DATE     0.0                         0.0     0.0    0.0
 SINCE JUN 1       0.0                         0.0     0.0    0.0
 SINCE JUL 1       0.0                         0.0     0.0    0.0
 SNOW DEPTH (IN)     0                                          0

DEGREE DAYS
 HEATING
  YESTERDAY          7                           9      -2      6
  MONTH TO DATE    227                         326     -99    240
  SINCE JUN 1      538                         787    -249    662
  SINCE JUL 1      227                         326     -99    240

 COOLING
  YESTERDAY          0                           0       0      0
  MONTH TO DATE      0                           0       0      0
  SINCE JUN 1        1                           0       1      0
  SINCE JAN 1        1                           0       1      4
...................................................................

WIND (MPH)
 HIGHEST WIND SPEED    10     HIGHEST WIND DIRECTION    260
 HIGHEST GUST SPEED    13     HIGHEST GUST DIRECTION    300
 AVERAGE WIND SPEED   6.1

SKY COVER
  POSSIBLE SUNSHINE    MM          AVERAGE SKY COVER     MM

WEATHER CONDITIONS
 THE FOLLOWING WEATHER WAS RECORDED YESTERDAY.
  NO SIGNIFICANT WEATHER WAS OBSERVED.

RELATIVE HUMIDITY
 HIGHEST RH     MM PERCENT       MM
 LOWEST  RH     MM PERCENT       MM
 AVERAGE RH     MM PERCENT       MM
...................................................................

THE KODIAK CLIMATE NORMALS FOR TODAY
                           NORMAL    RECORD   YEAR
 MAXIMUM TEMPERATURE (F)     62        75     1978
 MINIMUM TEMPERATURE (F)     50        44     2004

SUNRISE AND SUNSET
 AUG 1 2015..........SUNRISE  6:05 AM      SUNSET 10:27 PM
 AUG 2 2015..........SUNRISE  6:07 AM      SUNSET 10:25 PM

-  INDICATES NEGATIVE NUMBERS.
R  INDICATES RECORD HAS BEEN SET OR TIED.
MM INDICATES DATA IS MISSING.
T  INDICATES TRACE OF PRECIPITATION.

&&
-------------------------------------------------------------------

AMOUNT OF DAYLIGHT TODAY  (HOUR:MIN)........16 HOURS 22 MINUTES
GAIN/LOSS SINCE YESTERDAY (HOUR:MIN:SEC)....-0:04:13

$$
*** AUG 15
