000
CDAK48 PADQ 201140
CLIADQ

CLIMATE REPORT
NATIONAL WEATHER SERVICE KODIAK, AK
340 AM AKDT WED AUG 20 2014

...................................
...THE KODIAK AP CLIMATE SUMMARY FOR AUGUST 19 2014...

CLIMATE NORMAL PERIOD  1981 TO  2010
CLIMATE RECORD PERIOD  1949 TO  2014

WEATHER ITEM   OBSERVED TIME    RECORD YEAR NORMAL DEPARTURE LAST
               VALUE    (LST)   VALUE       VALUE  FROM      YEAR
                                                   NORMAL
...................................................................
TEMPERATURE
YESTERDAY
 MAXIMUM            62  0254 PM    77  1994     61       1     59
 MINIMUM            47  0544 AM    36  1998     49      -2     50
 AVERAGE            55                          55       0     55

PRECIPITATION
(INCHES)
 YESTERDAY        0.00           1.37  2003   0.13   -0.13      T
 MONTH TO DATE    5.48                        2.66    2.82   6.49
 SINCE JUN 1     14.28                       13.50    0.78  11.66
 SINCE JAN 1     47.81                       44.89    2.92  37.10

SNOWFALL
(INCHES)
 YESTERDAY         0.0            0.0  2014    0.0     0.0    0.0
 MONTH TO DATE     0.0                         0.0     0.0    0.0
 SINCE JUN 1       0.0                         0.0     0.0    0.0
 SINCE JUL 1       0.0                         0.0     0.0    0.0
 SNOW DEPTH (IN)     0                                          0

DEGREE DAYS
 HEATING
  YESTERDAY         10                          10       0     10
  MONTH TO DATE    137                         176     -39    181
  SINCE JUN 1      799                         963    -164    723
  SINCE JUL 1      377                         502    -125    392

 COOLING
  YESTERDAY          0                           0       0      0
  MONTH TO DATE      0                           0       0      0
  SINCE JUN 1        0                           0       0      6
  SINCE JAN 1        4                           0       4      6
...................................................................

WIND (MPH)
 HIGHEST WIND SPEED     9     HIGHEST WIND DIRECTION    280
 HIGHEST GUST SPEED    10     HIGHEST GUST DIRECTION    270
 AVERAGE WIND SPEED   4.7

SKY COVER
  POSSIBLE SUNSHINE    MM          AVERAGE SKY COVER     MM

WEATHER CONDITIONS
 THE FOLLOWING WEATHER WAS RECORDED YESTERDAY.
  NO SIGNIFICANT WEATHER WAS OBSERVED.

RELATIVE HUMIDITY
 HIGHEST RH     MM PERCENT       MM
 LOWEST  RH     MM PERCENT       MM
 AVERAGE RH     MM PERCENT       MM
...................................................................

THE KODIAK CLIMATE NORMALS FOR TODAY
                           NORMAL    RECORD   YEAR
 MAXIMUM TEMPERATURE (F)     61        72     1953
 MINIMUM TEMPERATURE (F)     49        42     1986

SUNRISE AND SUNSET
 AUG 20 2014..........SUNRISE  6:46 AM      SUNSET  9:40 PM
 AUG 21 2014..........SUNRISE  6:48 AM      SUNSET  9:38 PM

-  INDICATES NEGATIVE NUMBERS.
R  INDICATES RECORD HAS BEEN SET OR TIED.
MM INDICATES DATA IS MISSING.
T  INDICATES TRACE OF PRECIPITATION.

&&
-------------------------------------------------------------------

AMOUNT OF DAYLIGHT TODAY  (HOUR:MIN)........14 HOURS 54 MINUTES
GAIN/LOSS SINCE YESTERDAY (HOUR:MIN:SEC)....-0:04:45

$$
*** AUG 14
