000
CDAK48 PADQ 302249
CLIADQ

CLIMATE REPORT
NATIONAL WEATHER SERVICE KODIAK, AK
249 PM AKDT MON MAR 30 2015

...................................
...THE KODIAK AP CLIMATE SUMMARY FOR MARCH 30 2015...
VALID TODAY AS OF 2:00 PM LOCAL TIME

CLIMATE NORMAL PERIOD  1981 TO  2010
CLIMATE RECORD PERIOD  1949 TO  2015

WEATHER ITEM   OBSERVED TIME    RECORD YEAR NORMAL DEPARTURE LAST
               VALUE    (LST)   VALUE       VALUE  FROM      YEAR
                                                   NORMAL
...................................................................
TEMPERATURE
TODAY
 MAXIMUM            43  1259 PM    52  1970     39       4     46
 MINIMUM            35  0727 AM     5  2004     29       6     27
 AVERAGE            39                          34       5     37

PRECIPITATION
(INCHES)
 TODAY            0.02           0.97  1958   0.18   -0.16   0.00
 MONTH TO DATE    7.53                        5.36    2.17   3.96
 SINCE MAR 1      7.53                        5.36    2.17   3.96
 SINCE JAN 1     26.45                       19.79    6.66  25.21

SNOWFALL
(INCHES)
 TODAY             0.0            3.8  1951    0.3    -0.3    0.0
 MONTH TO DATE     1.5                        10.9    -9.4   11.5
 SINCE MAR 1       1.5                        10.9    -9.4   11.5
 SINCE JUL 1      16.9                        60.3   -43.4   42.5
 SNOW DEPTH (IN)     0                                          0

DEGREE DAYS
 HEATING
  TODAY             26                          31      -5     28
  MONTH TO DATE    850                         967    -117    938
  SINCE MAR 1      850                         967    -117    938
  SINCE JUL 1     5768                        6840   -1072   6224

 COOLING
  TODAY              0                           0       0      0
  MONTH TO DATE      0                           0       0      0
  SINCE MAR 1        0                           0       0      0
  SINCE JAN 1        0                           0       0      0
...................................................................

WIND (MPH)
 HIGHEST WIND SPEED     8     HIGHEST WIND DIRECTION    110
 HIGHEST GUST SPEED    10     HIGHEST GUST DIRECTION    110
 AVERAGE WIND SPEED    MM

SKY COVER
  POSSIBLE SUNSHINE  MM            AVERAGE SKY COVER MM

WEATHER CONDITIONS
 THE FOLLOWING WEATHER WAS RECORDED TODAY.
FOG
RAIN


RELATIVE HUMIDITY
 HIGHEST RH     MM PERCENT       MM
 LOWEST  RH     MM PERCENT       MM
 AVERAGE RH     MM PERCENT       MM
...................................................................

THE KODIAK CLIMATE NORMALS FOR TOMORROW
                        NORMAL    RECORD   YEAR
 MAXIMUM TEMPERATURE      40        51     1970
 MINIMUM TEMPERATURE      29         5     2004

SUNRISE AND SUNSET
 MAR 30 2015..........SUNRISE  7:44 AM      SUNSET  8:47 PM
 MAR 31 2015..........SUNRISE  7:42 AM      SUNSET  8:49 PM

-  INDICATES NEGATIVE NUMBERS.
R  INDICATES RECORD HAS BEEN SET OR TIED.
MM INDICATES DATA IS MISSING.
T  INDICATES TRACE OF PRECIPITATION.

&&
-------------------------------------------------------------------

AMOUNT OF DAYLIGHT TODAY  (HOUR:MIN)........13 HOURS 3 MINUTES
GAIN/LOSS SINCE YESTERDAY (HOUR:MIN:SEC)....+0:04:59

$$
*** MAR 15
