000
CDAK48 PADQ 301146
CLIADQ

CLIMATE REPORT
NATIONAL WEATHER SERVICE KODIAK, AK
346 AM AKDT TUE SEP 30 2014

...................................
...THE KODIAK AP CLIMATE SUMMARY FOR SEPTEMBER 29 2014...

CLIMATE NORMAL PERIOD  1981 TO  2010
CLIMATE RECORD PERIOD  1949 TO  2014

WEATHER ITEM   OBSERVED TIME    RECORD YEAR NORMAL DEPARTURE LAST
               VALUE    (LST)   VALUE       VALUE  FROM      YEAR
                                                   NORMAL
...................................................................
TEMPERATURE
YESTERDAY
 MAXIMUM            54  0345 PM    63  1983     52       2     47
 MINIMUM            45  1158 PM    27  2012     39       6     41
 AVERAGE            50                          45       5     44

PRECIPITATION
(INCHES)
 YESTERDAY        0.00           3.30  1998   0.29   -0.29   0.00
 MONTH TO DATE    7.52                        7.07    0.45   7.54
 SINCE SEP 1      7.52                        7.07    0.45   7.54
 SINCE JAN 1     56.75                       53.86    2.89  47.45

SNOWFALL
(INCHES)
 YESTERDAY         0.0              T  2012    0.0     0.0    0.0
 MONTH TO DATE     0.0                         0.0     0.0    0.0
 SINCE SEP 1       0.0                         0.0     0.0    0.0
 SINCE JUL 1       0.0                         0.0     0.0    0.0
 SNOW DEPTH (IN)     0                                          0

DEGREE DAYS
 HEATING
  YESTERDAY         15                          20      -5     21
  MONTH TO DATE    352                         448     -96    419
  SINCE SEP 1      352                         448     -96    419
  SINCE JUL 1      853                        1078    -225    898

 COOLING
  YESTERDAY          0                           0       0      0
  MONTH TO DATE      0                           0       0      0
  SINCE SEP 1        0                           0       0      0
  SINCE JAN 1        4                           0       4      6
...................................................................

WIND (MPH)
 HIGHEST WIND SPEED    32     HIGHEST WIND DIRECTION    290
 HIGHEST GUST SPEED    39     HIGHEST GUST DIRECTION    300
 AVERAGE WIND SPEED  14.9

SKY COVER
  POSSIBLE SUNSHINE    MM          AVERAGE SKY COVER     MM

WEATHER CONDITIONS
 THE FOLLOWING WEATHER WAS RECORDED YESTERDAY.
  SMOKE OR HAZE


RELATIVE HUMIDITY
 HIGHEST RH     MM PERCENT       MM
 LOWEST  RH     MM PERCENT       MM
 AVERAGE RH     MM PERCENT       MM
...................................................................

THE KODIAK CLIMATE NORMALS FOR TODAY
                           NORMAL    RECORD   YEAR
 MAXIMUM TEMPERATURE (F)     51        64     1970
 MINIMUM TEMPERATURE (F)     39        26     1968

SUNRISE AND SUNSET
 SEP 30 2014..........SUNRISE  8:13 AM      SUNSET  7:47 PM
 OCT 1 2014..........SUNRISE  8:15 AM      SUNSET  7:44 PM

-  INDICATES NEGATIVE NUMBERS.
R  INDICATES RECORD HAS BEEN SET OR TIED.
MM INDICATES DATA IS MISSING.
T  INDICATES TRACE OF PRECIPITATION.

&&
-------------------------------------------------------------------

AMOUNT OF DAYLIGHT TODAY  (HOUR:MIN)........11 HOURS 34 MINUTES
GAIN/LOSS SINCE YESTERDAY (HOUR:MIN:SEC)....-0:04:55

$$
*** SEP 14
