000
CDAK48 PADQ 060925
CLIADQ

CLIMATE REPORT
NATIONAL WEATHER SERVICE KODIAK, AK
1225 AM AKST FRI MAR 6 2015

...................................
...THE KODIAK AP CLIMATE SUMMARY FOR MARCH 5 2015...

CLIMATE NORMAL PERIOD  1981 TO  2010
CLIMATE RECORD PERIOD  1949 TO  2015

WEATHER ITEM   OBSERVED TIME    RECORD YEAR NORMAL DEPARTURE LAST
               VALUE    (LST)   VALUE       VALUE  FROM      YEAR
                                                   NORMAL
...................................................................
TEMPERATURE
YESTERDAY
 MAXIMUM            47  0217 PM    47  2015     37      10     37
 MINIMUM            38  1154 PM    -6  1971     27      11     31
 AVERAGE            43                          32      11     34

PRECIPITATION
(INCHES)
 YESTERDAY        0.07           1.36  1954   0.18   -0.11      T
 MONTH TO DATE    1.81                        0.91    0.90   0.01
 SINCE MAR 1      1.81                        0.91    0.90   0.01
 SINCE JAN 1     20.73                       15.34    5.39  21.26

SNOWFALL
(INCHES)
 YESTERDAY         0.0            7.4  1954    0.4    -0.4      T
 MONTH TO DATE     0.0                         2.0    -2.0      T
 SINCE MAR 1       0.0                         2.0    -2.0    0.0
 SINCE JUL 1      15.4                        51.4   -36.0   31.0
 SNOW DEPTH (IN)     0                                          0

DEGREE DAYS
 HEATING
  YESTERDAY         22                          33     -11     31
  MONTH TO DATE    126                         165     -39    157
  SINCE MAR 1      126                         165     -39    157
  SINCE JUL 1     5044                        6038    -994   5443

 COOLING
  YESTERDAY          0                           0       0      0
  MONTH TO DATE      0                           0       0      0
  SINCE MAR 1        0                           0       0      0
  SINCE JAN 1        0                           0       0      0
...................................................................

WIND (MPH)
 HIGHEST WIND SPEED    15     HIGHEST WIND DIRECTION    320
 HIGHEST GUST SPEED    22     HIGHEST GUST DIRECTION    320
 AVERAGE WIND SPEED   6.2

SKY COVER
  POSSIBLE SUNSHINE    MM          AVERAGE SKY COVER     MM

WEATHER CONDITIONS
 THE FOLLOWING WEATHER WAS RECORDED YESTERDAY.
  FOG
RAIN


RELATIVE HUMIDITY
 HIGHEST RH     MM PERCENT       MM
 LOWEST  RH     MM PERCENT       MM
 AVERAGE RH     MM PERCENT       MM
...................................................................

THE KODIAK CLIMATE NORMALS FOR TODAY
                           NORMAL    RECORD   YEAR
 MAXIMUM TEMPERATURE (F)     37        47     1980
 MINIMUM TEMPERATURE (F)     27        -6     1971

SUNRISE AND SUNSET
 MAR 6 2015..........SUNRISE  7:51 AM      SUNSET  6:53 PM
 MAR 7 2015..........SUNRISE  7:48 AM      SUNSET  6:56 PM

-  INDICATES NEGATIVE NUMBERS.
R  INDICATES RECORD HAS BEEN SET OR TIED.
MM INDICATES DATA IS MISSING.
T  INDICATES TRACE OF PRECIPITATION.

&&
-------------------------------------------------------------------

AMOUNT OF DAYLIGHT TODAY  (HOUR:MIN)........11 HOURS 2 MINUTES
GAIN/LOSS SINCE YESTERDAY (HOUR:MIN:SEC)....+0:04:59

$$
*** MAR 15
