000
CDUS44 KLCH 290846
CLIAEX


CLIMATE REPORT
NATIONAL WEATHER SERVICE LAKE CHARLES, LA
345 AM CDT FRI MAY 29 2015


...................................

...THE ALEXANDRIA CLIMATE SUMMARY FOR MAY 28 2015...

CLIMATE NORMAL PERIOD 1981 TO 2010
CLIMATE RECORD PERIOD 1892 TO 2015


WEATHER ITEM   OBSERVED TIME   RECORD YEAR NORMAL DEPARTURE LAST
                VALUE   (LST)  VALUE       VALUE  FROM      YEAR
                                                  NORMAL
..................................................................
TEMPERATURE (F)
 YESTERDAY
  MAXIMUM         91    356 PM  99    1906  88      3       78
  MINIMUM         68    532 AM  48    1961  67      1       69
                                      1901
  AVERAGE         80                        77      3       74

PRECIPITATION (IN)
  YESTERDAY        0.00          2.75 1915   0.13  -0.13     2.22
  MONTH TO DATE    5.98                      4.23   1.75     4.11
  SINCE MAR 1     19.08                     13.83   5.25    11.81
  SINCE JAN 1     24.18                     23.51   0.67    18.19

DEGREE DAYS
 COOLING
  YESTERDAY       15                        12      3        9
  MONTH TO DATE  272                       257     15      235
  SINCE MAR 1    468                       399     69      360
  SINCE JAN 1    469                       416     53      371
..................................................................


WIND (MPH)
  HIGHEST WIND SPEED    16   HIGHEST WIND DIRECTION     N (20)
  HIGHEST GUST SPEED    26   HIGHEST GUST DIRECTION    NE (30)
  AVERAGE WIND SPEED     3.8


SKY COVER
  POSSIBLE SUNSHINE  MM
  AVERAGE SKY COVER 0.1


WEATHER CONDITIONS
 THE FOLLOWING WEATHER WAS RECORDED YESTERDAY.
  THUNDERSTORM
  FOG


RELATIVE HUMIDITY (PERCENT)
 HIGHEST   100           300 AM
 LOWEST     47           300 PM
 AVERAGE    74

..........................................................


THE ALEXANDRIA CLIMATE NORMALS FOR TODAY
                         NORMAL    RECORD    YEAR
 MAXIMUM TEMPERATURE (F)   88        96      1989
                                             1906
 MINIMUM TEMPERATURE (F)   67        51      1901


SUNRISE AND SUNSET
MAY 29 2015...........SUNRISE   607 AM CDT   SUNSET   808 PM CDT
MAY 30 2015...........SUNRISE   607 AM CDT   SUNSET   809 PM CDT


-  INDICATES NEGATIVE NUMBERS.
R  INDICATES RECORD WAS SET OR TIED.
MM INDICATES DATA IS MISSING.
T  INDICATES TRACE AMOUNT.




$$
