000
CDUS44 KLCH 272238
CLIAEX


CLIMATE REPORT
NATIONAL WEATHER SERVICE LAKE CHARLES, LA
537 PM CDT SAT AUG 27 2016


...................................

...THE ALEXANDRIA CLIMATE SUMMARY FOR AUGUST 27 2016...
VALID TODAY AS OF 0500 PM LOCAL TIME.

CLIMATE NORMAL PERIOD 1981 TO 2010
CLIMATE RECORD PERIOD 1892 TO 2016


WEATHER ITEM   OBSERVED TIME   RECORD YEAR NORMAL DEPARTURE LAST
                VALUE   (LST)  VALUE       VALUE  FROM      YEAR
                                                  NORMAL
..................................................................
TEMPERATURE (F)
 TODAY
  MAXIMUM         90   1230 PM 104    1999  93     -3       92
                                      1943
                                      1902
  MINIMUM         73    328 PM  60    2015  71      2       60
  AVERAGE         82                        82      0       76

PRECIPITATION (IN)
  TODAY            0.61          3.10 1900   0.12   0.49     0.00
  MONTH TO DATE    9.18                      3.05   6.13     0.97
  SINCE JUN 1     17.22                     11.78   5.44     9.31
  SINCE JAN 1     39.57                     35.78   3.79    34.56

DEGREE DAYS
 COOLING
  TODAY           17                        17      0       11
  MONTH TO DATE  492                       479     13      507
  SINCE JUN 1   1562                      1471     91     1600
  SINCE JAN 1   2029                      1925    104     2122
..................................................................


WIND (MPH)
  HIGHEST WIND SPEED    20   HIGHEST WIND DIRECTION     E (110)
  HIGHEST GUST SPEED    25   HIGHEST GUST DIRECTION     E (80)
  AVERAGE WIND SPEED     3.7


SKY COVER
  POSSIBLE SUNSHINE  MM
  AVERAGE SKY COVER 0.4


WEATHER CONDITIONS
 THE FOLLOWING WEATHER WAS RECORDED TODAY.
  THUNDERSTORM
  HEAVY RAIN
  RAIN
  LIGHT RAIN
  FOG


RELATIVE HUMIDITY (PERCENT)
 HIGHEST   100           500 AM
 LOWEST     56          1200 PM
 AVERAGE    78

..........................................................


THE ALEXANDRIA CLIMATE NORMALS FOR TOMORROW
                         NORMAL    RECORD    YEAR
 MAXIMUM TEMPERATURE (F)   93       105      1943
 MINIMUM TEMPERATURE (F)   71        56      1896


SUNRISE AND SUNSET
AUGUST 27 2016........SUNRISE   643 AM CDT   SUNSET   739 PM CDT
AUGUST 28 2016........SUNRISE   644 AM CDT   SUNSET   738 PM CDT


-  INDICATES NEGATIVE NUMBERS.
R  INDICATES RECORD WAS SET OR TIED.
MM INDICATES DATA IS MISSING.
T  INDICATES TRACE AMOUNT.




$$
