000
CDUS44 KLCH 230827
CLIAEX


CLIMATE REPORT
NATIONAL WEATHER SERVICE LAKE CHARLES, LA
326 AM CDT TUE SEP 23 2014


...................................

...THE ALEXANDRIA CLIMATE SUMMARY FOR SEPTEMBER 22 2014...

CLIMATE NORMAL PERIOD 1981 TO 2010
CLIMATE RECORD PERIOD 1892 TO 2014


WEATHER ITEM   OBSERVED TIME   RECORD YEAR NORMAL DEPARTURE LAST
                VALUE   (LST)  VALUE       VALUE  FROM      YEAR
                                                  NORMAL
..................................................................
TEMPERATURE (F)
 YESTERDAY
  MAXIMUM         86    342 PM  99    1925  86      0       83
                                      1907
  MINIMUM         65   1159 PM  44    1983  64      1       59
                                      1897
  AVERAGE         76                        75      1       71

PRECIPITATION (IN)
  YESTERDAY        0.00          2.70 1995   0.10  -0.10     0.00
  MONTH TO DATE    0.87                      1.84  -0.97     2.92
  SINCE SEP 1      0.87                      1.84  -0.97     2.92
  SINCE JAN 1     32.22                     38.07  -5.85    40.51

DEGREE DAYS
 HEATING
  YESTERDAY        0                         0      0        0
  MONTH TO DATE    0                         0      0        0
  SINCE SEP 1      0                         0      0        0
  SINCE JUL 1      0                         0      0        0

 COOLING
  YESTERDAY       11                        10      1        6
  MONTH TO DATE  307                       292     15      374
  SINCE SEP 1    307                       292     15      374
  SINCE JAN 1   2215                      2279    -64     2339
..................................................................


WIND (MPH)
  HIGHEST WIND SPEED    15   HIGHEST WIND DIRECTION     N (350)
  HIGHEST GUST SPEED    22   HIGHEST GUST DIRECTION     N (350)
  AVERAGE WIND SPEED     7.2


SKY COVER
  POSSIBLE SUNSHINE  MM
  AVERAGE SKY COVER 0.2


WEATHER CONDITIONS
 THE FOLLOWING WEATHER WAS RECORDED YESTERDAY.
  FOG


RELATIVE HUMIDITY (PERCENT)
 HIGHEST    93          1200 AM
 LOWEST     37           400 PM
 AVERAGE    65

..........................................................


THE ALEXANDRIA CLIMATE NORMALS FOR TODAY
                         NORMAL    RECORD    YEAR
 MAXIMUM TEMPERATURE (F)   86        96      1925
                                             1921
                                             1910
 MINIMUM TEMPERATURE (F)   63        41      1897


SUNRISE AND SUNSET
SEPTEMBER 23 2014.....SUNRISE   659 AM CDT   SUNSET   705 PM CDT
SEPTEMBER 24 2014.....SUNRISE   700 AM CDT   SUNSET   704 PM CDT


-  INDICATES NEGATIVE NUMBERS.
R  INDICATES RECORD WAS SET OR TIED.
MM INDICATES DATA IS MISSING.
T  INDICATES TRACE AMOUNT.




$$
