000
CDUS44 KLCH 250848
CLIAEX


CLIMATE REPORT
NATIONAL WEATHER SERVICE LAKE CHARLES, LA
347 AM CDT FRI JUL 25 2014


...................................

...THE ALEXANDRIA CLIMATE SUMMARY FOR JULY 24 2014...

CLIMATE NORMAL PERIOD 1981 TO 2010
CLIMATE RECORD PERIOD 1892 TO 2014


WEATHER ITEM   OBSERVED TIME   RECORD YEAR NORMAL DEPARTURE LAST
                VALUE   (LST)  VALUE       VALUE  FROM      YEAR
                                                  NORMAL
..................................................................
TEMPERATURE (F)
 YESTERDAY
  MAXIMUM         91    417 PM 102    1907  92     -1       93
  MINIMUM         71    554 AM  60    1894  73     -2       74
  AVERAGE         81                        83     -2       84

PRECIPITATION (IN)
  YESTERDAY        0.00          2.42 1933   0.09  -0.09     0.22
  MONTH TO DATE    5.15                      3.06   2.09     2.07
  SINCE JUN 1      8.03                      8.16  -0.13     6.26
  SINCE JAN 1     26.25                     32.16  -5.91    31.52

DEGREE DAYS
 COOLING
  YESTERDAY       16                        18     -2       19
  MONTH TO DATE  373                       414    -41      400
  SINCE JUN 1    846                       867    -21      881
  SINCE JAN 1   1257                      1321    -64     1274
..................................................................


WIND (MPH)
  HIGHEST WIND SPEED     9   HIGHEST WIND DIRECTION     N (350)
  HIGHEST GUST SPEED    12   HIGHEST GUST DIRECTION    NW (330)
  AVERAGE WIND SPEED     3.7


SKY COVER
  POSSIBLE SUNSHINE  MM
  AVERAGE SKY COVER 0.2


WEATHER CONDITIONS
 THE FOLLOWING WEATHER WAS RECORDED YESTERDAY.
  NO SIGNIFICANT WEATHER WAS OBSERVED.


RELATIVE HUMIDITY (PERCENT)
 HIGHEST    94          1000 PM
 LOWEST     56           200 PM
 AVERAGE    75

..........................................................


THE ALEXANDRIA CLIMATE NORMALS FOR TODAY
                         NORMAL    RECORD    YEAR
 MAXIMUM TEMPERATURE (F)   92       102      1954
                                             1907
 MINIMUM TEMPERATURE (F)   73        61      1894


SUNRISE AND SUNSET
JULY 25 2014..........SUNRISE   622 AM CDT   SUNSET   811 PM CDT
JULY 26 2014..........SUNRISE   623 AM CDT   SUNSET   810 PM CDT


-  INDICATES NEGATIVE NUMBERS.
R  INDICATES RECORD WAS SET OR TIED.
MM INDICATES DATA IS MISSING.
T  INDICATES TRACE AMOUNT.




$$
