000
CDUS44 KLCH 071245
CLIAEX


CLIMATE REPORT
NATIONAL WEATHER SERVICE LAKE CHARLES, LA
645 AM CST SUN FEB 7 2016


...................................

...THE ALEXANDRIA CLIMATE SUMMARY FOR FEBRUARY 6 2016...

CLIMATE NORMAL PERIOD 1981 TO 2010
CLIMATE RECORD PERIOD 1892 TO 2016


WEATHER ITEM   OBSERVED TIME   RECORD YEAR NORMAL DEPARTURE LAST
                VALUE   (LST)  VALUE       VALUE  FROM      YEAR
                                                  NORMAL
..................................................................
TEMPERATURE (F)
 YESTERDAY
  MAXIMUM         55    434 PM  80    1950  61     -6       58
                                      1911
  MINIMUM         35    626 AM  19    1996  39     -4       28
  AVERAGE         45                        50     -5       43

PRECIPITATION (IN)
  YESTERDAY        0.00          2.06 1900   0.15  -0.15     0.00
  MONTH TO DATE    0.42                      0.92  -0.50     0.07
  SINCE DEC 1     12.26                     12.26   0.00     6.17
  SINCE JAN 1      4.20                      6.14  -1.94     3.78

SNOWFALL (IN)
  YESTERDAY        0.0           T    1988  MM     MM        0.0
  MONTH TO DATE    0.0                      MM     MM        0.0
  SINCE DEC 1      0.0                      MM     MM        0.0
  SINCE JUL 1      0.0                      MM     MM        0.0
  SNOW DEPTH       0

DEGREE DAYS
 HEATING
  YESTERDAY       20                        15      5       22
  MONTH TO DATE   81                        92    -11      117
  SINCE DEC 1    834                      1058   -224     1078
  SINCE JUL 1    985                      1383   -398     1471
..................................................................


WIND (MPH)
  HIGHEST WIND SPEED    10   HIGHEST WIND DIRECTION     W (270)
  HIGHEST GUST SPEED    13   HIGHEST GUST DIRECTION     W (270)
  AVERAGE WIND SPEED     3.2


SKY COVER
  POSSIBLE SUNSHINE  MM
  AVERAGE SKY COVER 0.4


WEATHER CONDITIONS
 THE FOLLOWING WEATHER WAS RECORDED YESTERDAY.
  NO SIGNIFICANT WEATHER WAS OBSERVED.


RELATIVE HUMIDITY (PERCENT)
 HIGHEST    92           800 AM
 LOWEST     38           300 PM
 AVERAGE    65

..........................................................


THE ALEXANDRIA CLIMATE NORMALS FOR TODAY
                         NORMAL    RECORD    YEAR
 MAXIMUM TEMPERATURE (F)   61        81      1957
 MINIMUM TEMPERATURE (F)   39        15      1895


SUNRISE AND SUNSET
FEBRUARY  7 2016......SUNRISE   659 AM CST   SUNSET   550 PM CST
FEBRUARY  8 2016......SUNRISE   658 AM CST   SUNSET   551 PM CST


-  INDICATES NEGATIVE NUMBERS.
R  INDICATES RECORD WAS SET OR TIED.
MM INDICATES DATA IS MISSING.
T  INDICATES TRACE AMOUNT.




$$
