000
CDUS44 KLCH 182234
CLIAEX


CLIMATE REPORT
NATIONAL WEATHER SERVICE LAKE CHARLES, LA
533 PM CDT FRI APR 18 2014


...................................

...THE ALEXANDRIA CLIMATE SUMMARY FOR APRIL 18 2014...
VALID TODAY AS OF 0500 PM LOCAL TIME.

CLIMATE NORMAL PERIOD 1981 TO 2010
CLIMATE RECORD PERIOD 1892 TO 2014


WEATHER ITEM   OBSERVED TIME   RECORD YEAR NORMAL DEPARTURE LAST
                VALUE   (LST)  VALUE       VALUE  FROM      YEAR
                                                  NORMAL
..................................................................
TEMPERATURE (F)
 TODAY
  MAXIMUM         76    355 PM  92    2006  79     -3       84
  MINIMUM         51    341 AM  39    2001  55     -4       50
  AVERAGE         64                        67     -3       67

PRECIPITATION (IN)
  TODAY            0.03          2.57 1991   0.15  -0.12     0.58
  MONTH TO DATE    2.92                      3.05  -0.13     2.74
  SINCE MAR 1      6.83                      8.10  -1.27     4.13
  SINCE JAN 1     13.21                     17.78  -4.57    20.58

SNOWFALL (IN)
  TODAY            0.0           0.0    MM  MM     MM        0.0
  MONTH TO DATE    0.0                      MM     MM        0.0
  SINCE MAR 1      0.2                      MM     MM        0.0
  SINCE JUL 1      5.0                      MM     MM        0.0
  SNOW DEPTH       0

DEGREE DAYS
 HEATING
  TODAY            1                         2     -1        0
  MONTH TO DATE   81                        56     25       61
  SINCE MAR 1    398                       271    127      367
  SINCE JUL 1   2414                      1936    478     1800

 COOLING
  TODAY            0                         3     -3        2
  MONTH TO DATE   37                        50    -13       60
  SINCE MAR 1     50                        86    -36       76
  SINCE JAN 1     61                       103    -42       94
..................................................................


WIND (MPH)
  HIGHEST WIND SPEED    13   HIGHEST WIND DIRECTION    NE (50)
  HIGHEST GUST SPEED    18   HIGHEST GUST DIRECTION     N (10)
  AVERAGE WIND SPEED     5.1


SKY COVER
  POSSIBLE SUNSHINE  MM
  AVERAGE SKY COVER 0.7


WEATHER CONDITIONS
 THE FOLLOWING WEATHER WAS RECORDED TODAY.
  THUNDERSTORM
  LIGHT RAIN
  FOG


RELATIVE HUMIDITY (PERCENT)
 HIGHEST   100           400 AM
 LOWEST     54           300 PM
 AVERAGE    77

..........................................................


THE ALEXANDRIA CLIMATE NORMALS FOR TOMORROW
                         NORMAL    RECORD    YEAR
 MAXIMUM TEMPERATURE (F)   79        94      1987
 MINIMUM TEMPERATURE (F)   55        38      1901


SUNRISE AND SUNSET
APRIL 18 2014.........SUNRISE   639 AM CDT   SUNSET   741 PM CDT
APRIL 19 2014.........SUNRISE   638 AM CDT   SUNSET   741 PM CDT


-  INDICATES NEGATIVE NUMBERS.
R  INDICATES RECORD WAS SET OR TIED.
MM INDICATES DATA IS MISSING.
T  INDICATES TRACE AMOUNT.




$$
