000
CDUS44 KLCH 302206
CLIAEX


CLIMATE REPORT
NATIONAL WEATHER SERVICE LAKE CHARLES, LA
506 PM CDT THU JUL 30 2015


...................................

...THE ALEXANDRIA CLIMATE SUMMARY FOR JULY 30 2015...
VALID TODAY AS OF 0500 PM LOCAL TIME.

CLIMATE NORMAL PERIOD 1981 TO 2010
CLIMATE RECORD PERIOD 1892 TO 2015


WEATHER ITEM   OBSERVED TIME   RECORD YEAR NORMAL DEPARTURE LAST
                VALUE   (LST)  VALUE       VALUE  FROM      YEAR
                                                  NORMAL
..................................................................
TEMPERATURE (F)
 TODAY
  MAXIMUM        100        MM 104    1930  93      7       91
  MINIMUM         77        MM  63    1897  73      4       66
  AVERAGE         89                        83      6       79

PRECIPITATION (IN)
  TODAY            0.00          2.00 1913   0.08  -0.08     0.00
  MONTH TO DATE    3.05                      3.55  -0.50     5.15
  SINCE JUN 1      7.85                      8.65  -0.80     8.03
  SINCE JAN 1     33.10                     32.65   0.45    26.25

DEGREE DAYS
 COOLING
  TODAY           24                        18      6       14
  MONTH TO DATE  590                       522     68      483
  SINCE JUN 1   1075                       975    100      956
  SINCE JAN 1   1597                      1429    168     1367
..................................................................


WIND (MPH)
  HIGHEST WIND SPEED     7   HIGHEST WIND DIRECTION    NE (40)
  HIGHEST GUST SPEED    MM   HIGHEST GUST DIRECTION    MM
  AVERAGE WIND SPEED     5.5


SKY COVER
  POSSIBLE SUNSHINE  MM
  AVERAGE SKY COVER 0.0


WEATHER CONDITIONS
 THE FOLLOWING WEATHER WAS RECORDED TODAY.
  NO SIGNIFICANT WEATHER WAS OBSERVED.


RELATIVE HUMIDITY (PERCENT)
 HIGHEST    82           800 AM
 LOWEST     45          1200 PM
 AVERAGE    64

..........................................................


THE ALEXANDRIA CLIMATE NORMALS FOR TOMORROW
                         NORMAL    RECORD    YEAR
 MAXIMUM TEMPERATURE (F)   93       103      1998
                                             1930
 MINIMUM TEMPERATURE (F)   73        63      1897


SUNRISE AND SUNSET
JULY 30 2015..........SUNRISE   625 AM CDT   SUNSET   807 PM CDT
JULY 31 2015..........SUNRISE   626 AM CDT   SUNSET   807 PM CDT


-  INDICATES NEGATIVE NUMBERS.
R  INDICATES RECORD WAS SET OR TIED.
MM INDICATES DATA IS MISSING.
T  INDICATES TRACE AMOUNT.




$$
