000
CDUS44 KLCH 240815
CLIAEX


CLIMATE REPORT
NATIONAL WEATHER SERVICE LAKE CHARLES, LA
314 AM CDT FRI OCT 24 2014


...................................

...THE ALEXANDRIA CLIMATE SUMMARY FOR OCTOBER 23 2014...

CLIMATE NORMAL PERIOD 1981 TO 2010
CLIMATE RECORD PERIOD 1892 TO 2014


WEATHER ITEM   OBSERVED TIME   RECORD YEAR NORMAL DEPARTURE LAST
                VALUE   (LST)  VALUE       VALUE  FROM      YEAR
                                                  NORMAL
..................................................................
TEMPERATURE (F)
 YESTERDAY
  MAXIMUM         71    129 PM  93    1939  78     -7       78
  MINIMUM         46   1136 PM  33    1893  52     -6       45
  AVERAGE         59                        65     -6       62

PRECIPITATION (IN)
  YESTERDAY        0.00          8.12 1972   0.15  -0.15     0.00
  MONTH TO DATE    4.54                      4.48   0.06     2.57
  SINCE SEP 1      5.41                      7.38  -1.97     7.96
  SINCE JAN 1     36.76                     43.61  -6.85    45.55

SNOWFALL (IN)
  YESTERDAY        0.0           0.0    MM  MM     MM       MM
  MONTH TO DATE    0.0                      MM     MM        0.0
  SINCE SEP 1      0.0                      MM     MM        0.0
  SINCE JUL 1      0.0                      MM     MM        0.0
  SNOW DEPTH       0

DEGREE DAYS
 HEATING
  YESTERDAY        6                         3      3        3
  MONTH TO DATE   12                        39    -27       31
  SINCE SEP 1     12                        42    -30       31
  SINCE JUL 1     12                        42    -30       31

 COOLING
  YESTERDAY        0                         3     -3        0
  MONTH TO DATE  146                       115     31      141
  SINCE SEP 1    547                       478     69      602
  SINCE JAN 1   2455                      2465    -10     2567
..................................................................


WIND (MPH)
  HIGHEST WIND SPEED    12   HIGHEST WIND DIRECTION     N (350)
  HIGHEST GUST SPEED    14   HIGHEST GUST DIRECTION     N (340)
  AVERAGE WIND SPEED     3.0


SKY COVER
  POSSIBLE SUNSHINE  MM
  AVERAGE SKY COVER 0.0


WEATHER CONDITIONS
 THE FOLLOWING WEATHER WAS RECORDED YESTERDAY.
  FOG


RELATIVE HUMIDITY (PERCENT)
 HIGHEST   100          1000 PM
 LOWEST     44           200 PM
 AVERAGE    72

..........................................................


THE ALEXANDRIA CLIMATE NORMALS FOR TODAY
                         NORMAL    RECORD    YEAR
 MAXIMUM TEMPERATURE (F)   77        91      1953
 MINIMUM TEMPERATURE (F)   52        32      1917


SUNRISE AND SUNSET
OCTOBER 24 2014.......SUNRISE   720 AM CDT   SUNSET   629 PM CDT
OCTOBER 25 2014.......SUNRISE   720 AM CDT   SUNSET   628 PM CDT


-  INDICATES NEGATIVE NUMBERS.
R  INDICATES RECORD WAS SET OR TIED.
MM INDICATES DATA IS MISSING.
T  INDICATES TRACE AMOUNT.




$$
