000
CDUS44 KLCH 290848
CLIAEX


CLIMATE REPORT
NATIONAL WEATHER SERVICE LAKE CHARLES, LA
348 AM CDT TUE JUL 29 2014


...................................

...THE ALEXANDRIA CLIMATE SUMMARY FOR JULY 28 2014...

CLIMATE NORMAL PERIOD 1981 TO 2010
CLIMATE RECORD PERIOD 1892 TO 2014


WEATHER ITEM   OBSERVED TIME   RECORD YEAR NORMAL DEPARTURE LAST
                VALUE   (LST)  VALUE       VALUE  FROM      YEAR
                                                  NORMAL
..................................................................
TEMPERATURE (F)
 YESTERDAY
  MAXIMUM         95    337 PM 103    2008  93      2       93
  MINIMUM         76   1159 PM  64    1911  73      3       69
  AVERAGE         86                        83      3       81

PRECIPITATION (IN)
  YESTERDAY        0.00          2.40 1908   0.08  -0.08     0.00
  MONTH TO DATE    5.15                      3.39   1.76     3.46
  SINCE JUN 1      8.03                      8.49  -0.46     7.65
  SINCE JAN 1     26.25                     32.49  -6.24    32.91

DEGREE DAYS
 COOLING
  YESTERDAY       21                        18      3       16
  MONTH TO DATE  453                       486    -33      468
  SINCE JUN 1    926                       939    -13      949
  SINCE JAN 1   1337                      1393    -56     1342
..................................................................


WIND (MPH)
  HIGHEST WIND SPEED    16   HIGHEST WIND DIRECTION     N (20)
  HIGHEST GUST SPEED    20   HIGHEST GUST DIRECTION     N (20)
  AVERAGE WIND SPEED     4.9


SKY COVER
  POSSIBLE SUNSHINE  MM
  AVERAGE SKY COVER 0.1


WEATHER CONDITIONS
 THE FOLLOWING WEATHER WAS RECORDED YESTERDAY.
  FOG


RELATIVE HUMIDITY (PERCENT)
 HIGHEST   100           500 AM
 LOWEST     46           100 PM
 AVERAGE    73

..........................................................


THE ALEXANDRIA CLIMATE NORMALS FOR TODAY
                         NORMAL    RECORD    YEAR
 MAXIMUM TEMPERATURE (F)   93       103      1907
 MINIMUM TEMPERATURE (F)   73        64      1911


SUNRISE AND SUNSET
JULY 29 2014..........SUNRISE   625 AM CDT   SUNSET   808 PM CDT
JULY 30 2014..........SUNRISE   626 AM CDT   SUNSET   807 PM CDT


-  INDICATES NEGATIVE NUMBERS.
R  INDICATES RECORD WAS SET OR TIED.
MM INDICATES DATA IS MISSING.
T  INDICATES TRACE AMOUNT.




$$
