000
CDUS42 KCAE 270538
CLIAGS


CLIMATE REPORT
NATIONAL WEATHER SERVICE COLUMBIA SC
1238 AM EST FRI FEB 27 2015


...................................

...THE AUGUSTA REGIONAL BUSH FIELD GA CLIMATE SUMMARY FOR FEBRUARY 26 2015...

CLIMATE NORMAL PERIOD 1981 TO 2010
CLIMATE RECORD PERIOD 1873 TO 2015


WEATHER ITEM   OBSERVED TIME   RECORD YEAR NORMAL DEPARTURE LAST
                VALUE   (LST)  VALUE       VALUE  FROM      YEAR
                                                  NORMAL
..................................................................
TEMPERATURE (F)
 YESTERDAY
  MAXIMUM         47    431 PM  85    1996  65    -18       57
  MINIMUM         36    352 AM  12    1967  38     -2       36
  AVERAGE         42                        52    -10       47

PRECIPITATION (IN)
  YESTERDAY        0.06          2.19 1939   0.14  -0.08     0.27
  MONTH TO DATE    4.66                      3.63   1.03     3.73
  SINCE DEC 1     10.97                     10.93   0.04    13.11
  SINCE JAN 1      6.76                      7.54  -0.78     6.21

SNOWFALL (IN)
  YESTERDAY        T             0.4  1952   0.0             0.0
  MONTH TO DATE    T                         0.4             1.3
  SINCE DEC 1      T                         0.9             3.3
  SINCE JUL 1      T                         0.9             3.3

DEGREE DAYS
 HEATING
  YESTERDAY       23                        14      9       18
  MONTH TO DATE  574                       420    154      414
  SINCE DEC 1   1681                      1583     98     1656
  SINCE JUL 1   2245                      2005    240     2115

 COOLING
  YESTERDAY        0                         0      0        0
  MONTH TO DATE    0                         0      0        2
  SINCE DEC 1      0                         4     -4       13
  SINCE JAN 1      0                         1     -1        2
..................................................................


WIND (MPH)
  HIGHEST WIND SPEED    15   HIGHEST WIND DIRECTION     N (350)
  HIGHEST GUST SPEED    18   HIGHEST GUST DIRECTION     N (340)
  AVERAGE WIND SPEED     6.9


SKY COVER
  AVERAGE SKY COVER 1.0


WEATHER CONDITIONS
 THE FOLLOWING WEATHER WAS RECORDED YESTERDAY.
  RAIN
  LIGHT RAIN
  LIGHT SNOW
  FOG


RELATIVE HUMIDITY (PERCENT)
 HIGHEST    92          1200 AM
 LOWEST     65           400 PM
 AVERAGE    79

..........................................................


THE AUGUSTA REGIONAL BUSH FIELD GA CLIMATE NORMALS FOR TODAY
                         NORMAL    RECORD    YEAR
 MAXIMUM TEMPERATURE (F)   65        84      2011
 MINIMUM TEMPERATURE (F)   38        19      1974


SUNRISE AND SUNSET
FEBRUARY 27 2015......SUNRISE   659 AM EST   SUNSET   623 PM EST
FEBRUARY 28 2015......SUNRISE   658 AM EST   SUNSET   624 PM EST


-  INDICATES NEGATIVE NUMBERS.
R  INDICATES RECORD WAS SET OR TIED.
MM INDICATES DATA IS MISSING.
T  INDICATES TRACE AMOUNT.




$$
