000
CDUS42 KCAE 280608
CLIAGS


CLIMATE REPORT
NATIONAL WEATHER SERVICE COLUMBIA SC
107 AM EST SUN DEC 28 2014


...................................

...THE AUGUSTA REGIONAL BUSH FIELD GA CLIMATE SUMMARY FOR DECEMBER 27 2014...

CLIMATE NORMAL PERIOD 1981 TO 2010
CLIMATE RECORD PERIOD 1873 TO 2014


WEATHER ITEM   OBSERVED TIME   RECORD YEAR NORMAL DEPARTURE LAST
                VALUE   (LST)  VALUE       VALUE  FROM      YEAR
                                                  NORMAL
..................................................................
TEMPERATURE (F)
 YESTERDAY
  MAXIMUM         66    414 PM  76    1971  58      8       56
  MINIMUM         29    723 AM  18    1935  33     -4       29
  AVERAGE         48                        45      3       43

PRECIPITATION (IN)
  YESTERDAY        0.02          1.48 1871   0.11  -0.09     0.00
  MONTH TO DATE    4.11                      2.94   1.17     4.61
  SINCE DEC 1      4.11                      2.94   1.17     4.61
  SINCE JAN 1     38.59                     43.12  -4.53    53.23

SNOWFALL (IN)
  YESTERDAY        0.0          MM      MM   0.0             0.0
  MONTH TO DATE    0.0                       0.1             0.0
  SINCE DEC 1      0.0                       0.1             0.0
  SINCE JUL 1      0.0                       0.1             0.0

DEGREE DAYS
 HEATING
  YESTERDAY       17                        20     -3       22
  MONTH TO DATE  407                       475    -68      385
  SINCE DEC 1    407                       475    -68      385
  SINCE JUL 1    971                       897     74      844

 COOLING
  YESTERDAY        0                         0      0        0
  MONTH TO DATE    0                         0      0       11
  SINCE DEC 1      0                         0      0       11
  SINCE JAN 1   2099                      2086     13     1876
..................................................................


WIND (MPH)
  HIGHEST WIND SPEED     7   HIGHEST WIND DIRECTION     S (170)
  HIGHEST GUST SPEED    11   HIGHEST GUST DIRECTION     S (190)
  AVERAGE WIND SPEED     1.9


SKY COVER
  AVERAGE SKY COVER 0.1


WEATHER CONDITIONS
 THE FOLLOWING WEATHER WAS RECORDED YESTERDAY.
  LIGHT RAIN
  FOG


RELATIVE HUMIDITY (PERCENT)
 HIGHEST   100           200 AM
 LOWEST     44           200 PM
 AVERAGE    72

..........................................................


THE AUGUSTA REGIONAL BUSH FIELD GA CLIMATE NORMALS FOR TODAY
                         NORMAL    RECORD    YEAR
 MAXIMUM TEMPERATURE (F)   58        80      1984
 MINIMUM TEMPERATURE (F)   33        15      1925
                                             1894


SUNRISE AND SUNSET
DECEMBER 28 2014......SUNRISE   731 AM EST   SUNSET   528 PM EST
DECEMBER 29 2014......SUNRISE   731 AM EST   SUNSET   529 PM EST


-  INDICATES NEGATIVE NUMBERS.
R  INDICATES RECORD WAS SET OR TIED.
MM INDICATES DATA IS MISSING.
T  INDICATES TRACE AMOUNT.




$$
