000
CDUS42 KCAE 172122
CLIAGS


CLIMATE REPORT
NATIONAL WEATHER SERVICE COLUMBIA SC
521 PM EDT WED SEP 17 2014


...................................

...THE AUGUSTA BUSH FIELD GA CLIMATE SUMMARY FOR SEPTEMBER 17 2014...
VALID TODAY AS OF 0500 PM LOCAL TIME.

CLIMATE NORMAL PERIOD 1981 TO 2010
CLIMATE RECORD PERIOD 1873 TO 2014


WEATHER ITEM   OBSERVED TIME   RECORD YEAR NORMAL DEPARTURE LAST
                VALUE   (LST)  VALUE       VALUE  FROM      YEAR
                                                  NORMAL
..................................................................
TEMPERATURE (F)
 TODAY
  MAXIMUM         87    127 PM 100    1931  87      0       84
  MINIMUM         67    616 AM  49    2001  62      5       64
                                      2000
                                      1999
  AVERAGE         77                        74      3       74

PRECIPITATION (IN)
  TODAY            0.02          4.94 1881   0.10  -0.08     0.00
  MONTH TO DATE    1.77                      1.83  -0.06     0.22
  SINCE SEP 1      1.77                      1.83  -0.06     0.22
  SINCE JAN 1     30.19                     32.70  -2.51    45.54

SNOWFALL (IN)
  TODAY            0.0          MM      MM   0.0             0.0
  MONTH TO DATE    0.0                       0.0             0.0
  SINCE SEP 1      0.0                       0.0             0.0
  SINCE JUL 1      0.0                       0.0             0.0

DEGREE DAYS
 HEATING
  TODAY            0                         0      0        0
  MONTH TO DATE    0                         0      0        0
  SINCE SEP 1      0                         0      0        0
  SINCE JUL 1      0                         0      0        0

 COOLING
  TODAY           12                        10      2        9
  MONTH TO DATE  248                       200     48      228
  SINCE SEP 1    248                       200     48      228
  SINCE JAN 1   1899                      1888     11     1703
..................................................................


WIND (MPH)
  HIGHEST WIND SPEED    13   HIGHEST WIND DIRECTION    NE (30)
  HIGHEST GUST SPEED    16   HIGHEST GUST DIRECTION     N (360)
  AVERAGE WIND SPEED     3.3


SKY COVER
  AVERAGE SKY COVER 0.6


WEATHER CONDITIONS
 THE FOLLOWING WEATHER WAS RECORDED TODAY.
  THUNDERSTORM
  LIGHT RAIN


RELATIVE HUMIDITY (PERCENT)
 HIGHEST    97           300 AM
 LOWEST     59           200 PM
 AVERAGE    78

..........................................................


THE AUGUSTA BUSH FIELD GA CLIMATE NORMALS FOR TOMORROW
                         NORMAL    RECORD    YEAR
 MAXIMUM TEMPERATURE (F)   86       104      1931
 MINIMUM TEMPERATURE (F)   62        52      2001
                                             1981


SUNRISE AND SUNSET
SEPTEMBER 17 2014.....SUNRISE   713 AM EDT   SUNSET   731 PM EDT
SEPTEMBER 18 2014.....SUNRISE   713 AM EDT   SUNSET   730 PM EDT


-  INDICATES NEGATIVE NUMBERS.
R  INDICATES RECORD WAS SET OR TIED.
MM INDICATES DATA IS MISSING.
T  INDICATES TRACE AMOUNT.




$$
