000
CDUS42 KCAE 240626
CLIAGS


CLIMATE REPORT
NATIONAL WEATHER SERVICE COLUMBIA SC
126 AM EST FRI FEB 24 2017


...................................

...THE AUGUSTA REGIONAL BUSH FIELD GA CLIMATE SUMMARY FOR FEBRUARY 23 2017...

CLIMATE NORMAL PERIOD 1981 TO 2010
CLIMATE RECORD PERIOD 1873 TO 2017


WEATHER ITEM   OBSERVED TIME   RECORD YEAR NORMAL DEPARTURE LAST
                VALUE   (LST)  VALUE       VALUE  FROM      YEAR
                                                  NORMAL
..................................................................
TEMPERATURE (F)
 YESTERDAY
  MAXIMUM         81    415 PM  82    2012  64     17       74
  MINIMUM         55    733 AM  21    1978  38     17       53
                                      1963
  AVERAGE         68                        51     17       64

PRECIPITATION (IN)
  YESTERDAY        0.00          2.09 1994   0.15  -0.15     0.20
  MONTH TO DATE    2.05                      3.19  -1.14     2.95
  SINCE DEC 1     16.59                     10.49   6.10    11.53
  SINCE JAN 1     12.18                      7.10   5.08     4.61

SNOWFALL (IN)
  YESTERDAY        0.0           3.7  1989   0.0             0.0
  MONTH TO DATE    0.0                       0.3             0.0
  SINCE DEC 1      T                         0.8             0.5
  SINCE JUL 1      T                         0.8             0.5

DEGREE DAYS
 HEATING
  YESTERDAY        0                        14    -14        1
  MONTH TO DATE  174                       378   -204      357
  SINCE DEC 1    840                      1541   -701     1211
  SINCE JUL 1   1111                      1963   -852     1498

 COOLING
  YESTERDAY        3                         0      3        0
  MONTH TO DATE   10                         0     10        3
  SINCE DEC 1     31                         4     27       50
  SINCE JAN 1     24                         1     23        3
..................................................................


WIND (MPH)
  HIGHEST WIND SPEED    16   HIGHEST WIND DIRECTION     E (80)
  HIGHEST GUST SPEED    20   HIGHEST GUST DIRECTION     E (80)
  AVERAGE WIND SPEED     4.6


SKY COVER
  AVERAGE SKY COVER 0.2


WEATHER CONDITIONS
 THE FOLLOWING WEATHER WAS RECORDED YESTERDAY.
  NO SIGNIFICANT WEATHER WAS OBSERVED.


RELATIVE HUMIDITY (PERCENT)
 HIGHEST    93           200 AM
 LOWEST     39           300 PM
 AVERAGE    66

..........................................................


THE AUGUSTA REGIONAL BUSH FIELD GA CLIMATE NORMALS FOR TODAY
                         NORMAL    RECORD    YEAR
 MAXIMUM TEMPERATURE (F)   65        82      1985
                                             1930
                                             1890
 MINIMUM TEMPERATURE (F)   38        19      1901


SUNRISE AND SUNSET
FEBRUARY 24 2017......SUNRISE   702 AM EST   SUNSET   621 PM EST
FEBRUARY 25 2017......SUNRISE   701 AM EST   SUNSET   622 PM EST


-  INDICATES NEGATIVE NUMBERS.
R  INDICATES RECORD WAS SET OR TIED.
MM INDICATES DATA IS MISSING.
T  INDICATES TRACE AMOUNT.




$$
