640
CDUS42 KCAE 300547
CLIAGS


CLIMATE REPORT
NATIONAL WEATHER SERVICE COLUMBIA SC
147 AM EDT THU MAR 30 2017


...................................

...THE AUGUSTA REGIONAL BUSH FIELD GA CLIMATE SUMMARY FOR MARCH 29 2017...

CLIMATE NORMAL PERIOD 1981 TO 2010
CLIMATE RECORD PERIOD 1873 TO 2017


WEATHER ITEM   OBSERVED TIME   RECORD YEAR NORMAL DEPARTURE LAST
                VALUE   (LST)  VALUE       VALUE  FROM      YEAR
                                                  NORMAL
..................................................................
TEMPERATURE (F)
 YESTERDAY
  MAXIMUM         88    419 PM  89    1907  73     15       71
  MINIMUM         54    640 AM  24    1955  45      9       40
  AVERAGE         71                        59     12       56

PRECIPITATION (IN)
  YESTERDAY        0.00          4.84 1886   0.12  -0.12     0.00
  MONTH TO DATE    1.48                      3.93  -2.45     3.04
  SINCE MAR 1      1.48                      3.93  -2.45     3.04
  SINCE JAN 1     13.72                     11.76   1.96     8.46

SNOWFALL (IN)
  YESTERDAY        0.0          MM      MM   0.0             0.0
  MONTH TO DATE    0.0                       0.0             0.0
  SINCE MAR 1      0.0                       0.0             0.0
  SINCE JUL 1      T                         0.9             0.5

DEGREE DAYS
 HEATING
  YESTERDAY        0                         7     -7        9
  MONTH TO DATE  238                       283    -45      167
  SINCE MAR 1    238                       283    -45      167
  SINCE JUL 1   1373                      2315   -942     1744

 COOLING
  YESTERDAY        6                         1      5        0
  MONTH TO DATE   38                        15     23       45
  SINCE MAR 1     38                        15     23       45
  SINCE JAN 1     68                        18     50       48
..................................................................


WIND (MPH)
  HIGHEST WIND SPEED    12   HIGHEST WIND DIRECTION     E (90)
  HIGHEST GUST SPEED    16   HIGHEST GUST DIRECTION     N (350)
  AVERAGE WIND SPEED     2.1


SKY COVER
  AVERAGE SKY COVER 0.0


WEATHER CONDITIONS
 THE FOLLOWING WEATHER WAS RECORDED YESTERDAY.
  FOG


RELATIVE HUMIDITY (PERCENT)
 HIGHEST    93           200 AM
 LOWEST     30           500 PM
 AVERAGE    62

..........................................................


THE AUGUSTA REGIONAL BUSH FIELD GA CLIMATE NORMALS FOR TODAY
                         NORMAL    RECORD    YEAR
 MAXIMUM TEMPERATURE (F)   74        90      1907
 MINIMUM TEMPERATURE (F)   45        28      1955


SUNRISE AND SUNSET
MARCH 30 2017.........SUNRISE   718 AM EDT   SUNSET   747 PM EDT
MARCH 31 2017.........SUNRISE   717 AM EDT   SUNSET   748 PM EDT


-  INDICATES NEGATIVE NUMBERS.
R  INDICATES RECORD WAS SET OR TIED.
MM INDICATES DATA IS MISSING.
T  INDICATES TRACE AMOUNT.




$$
