000
CDUS42 KFFC 192032
CLIAHN


CLIMATE REPORT
NATIONAL WEATHER SERVICE PEACHTREE CITY GA
432 PM EDT FRI SEP 19 2014


...................................

...THE ATHENS CLIMATE SUMMARY FOR SEPTEMBER 19 2014...
VALID TODAY AS OF 0400 PM LOCAL TIME.

CLIMATE NORMAL PERIOD 1981 TO 2010
CLIMATE RECORD PERIOD 1898 TO 2014


WEATHER ITEM   OBSERVED TIME   RECORD YEAR NORMAL DEPARTURE LAST
                VALUE   (LST)  VALUE       VALUE  FROM      YEAR
                                                  NORMAL
..................................................................
TEMPERATURE (F)
 TODAY
  MAXIMUM         84    132 PM 103    1925  83      1       85
  MINIMUM         65    337 AM  46    1981  62      3       59
  AVERAGE         75                        72      3       72

PRECIPITATION (IN)
  TODAY            0.00          1.54 2009   0.13  -0.13     0.00
                                      1966
  MONTH TO DATE    4.63                      2.32   2.31     0.34
  SINCE SEP 1      4.63                      2.32   2.31     0.34
  SINCE JAN 1     34.12                     33.61   0.51    46.50

DEGREE DAYS
 HEATING
  TODAY            0                         0      0        0
  MONTH TO DATE    0                         0      0        0
  SINCE SEP 1      0                         0      0        0
  SINCE JUL 1      0                         0      0        3

 COOLING
  TODAY           10                         8      2        7
  MONTH TO DATE  262                       195     67      221
  SINCE SEP 1    262                       195     67      221
  SINCE JAN 1   1847                      1750     97     1548
..................................................................


WIND (MPH)
  HIGHEST WIND SPEED    14   HIGHEST WIND DIRECTION    NE (40)
  HIGHEST GUST SPEED    20   HIGHEST GUST DIRECTION    NE (60)
  AVERAGE WIND SPEED     4.7


SKY COVER
  AVERAGE SKY COVER 0.3


WEATHER CONDITIONS
 THE FOLLOWING WEATHER WAS RECORDED TODAY.
  NO SIGNIFICANT WEATHER WAS OBSERVED.


RELATIVE HUMIDITY (PERCENT)
 HIGHEST   100           300 AM
 LOWEST     55           200 PM
 AVERAGE    78

..........................................................


THE ATHENS CLIMATE NORMALS FOR TOMORROW
                         NORMAL    RECORD    YEAR
 MAXIMUM TEMPERATURE (F)   83       104      1925
 MINIMUM TEMPERATURE (F)   61        47      1929


SUNRISE AND SUNSET
SEPTEMBER 19 2014.....SUNRISE   719 AM EDT   SUNSET   734 PM EDT
SEPTEMBER 20 2014.....SUNRISE   720 AM EDT   SUNSET   733 PM EDT


-  INDICATES NEGATIVE NUMBERS.
R  INDICATES RECORD WAS SET OR TIED.
MM INDICATES DATA IS MISSING.
T  INDICATES TRACE AMOUNT.




$$
