000
CDUS42 KFFC 120026
CLIAHN


CLIMATE REPORT
NATIONAL WEATHER SERVICE PEACHTREE CITY GA
826 PM EDT FRI JUL 11 2014


...................................

...THE ATHENS CLIMATE SUMMARY FOR JULY 11 2014...
VALID AS OF 0800 PM LOCAL TIME.

CLIMATE NORMAL PERIOD 1981 TO 2010
CLIMATE RECORD PERIOD 1898 TO 2014


WEATHER ITEM   OBSERVED TIME   RECORD YEAR NORMAL DEPARTURE LAST
                VALUE   (LST)  VALUE       VALUE  FROM      YEAR
                                                  NORMAL
..................................................................
TEMPERATURE (F)
 TODAY
  MAXIMUM         92    405 PM 101    1930  92      0       82
  MINIMUM         70    430 AM  59    1963  70      0       70
  AVERAGE         81                        81      0       76

PRECIPITATION (IN)
  TODAY            0.00          2.49 2012   0.16  -0.16      T
  MONTH TO DATE    0.54                      1.60  -1.06     6.04
  SINCE JUN 1      4.28                      5.78  -1.50    14.25
  SINCE JAN 1     23.92                     24.89  -0.97    37.33

SNOWFALL (IN)
  TODAY            0.0           0.0  2002   0.0    0.0      0.0
                                      2001
  MONTH TO DATE    0.0                       0.0    0.0      0.0
  SINCE JUN 1      0.0                       0.0    0.0      0.0
  SINCE JUL 1      0.0                       0.0    0.0      0.0
  SNOW DEPTH       0

DEGREE DAYS
 HEATING
  TODAY            0                         0      0        0
  MONTH TO DATE    0                         0      0        0
  SINCE JUN 1      0                         1     -1        0
  SINCE JUL 1      0                         0      0        0

 COOLING
  TODAY           16                        16      0       11
  MONTH TO DATE  169                       169      0      139
  SINCE JUN 1    587                       547     40      506
  SINCE JAN 1    857                       787     70      685
..................................................................


WIND (MPH)
  HIGHEST WIND SPEED    12   HIGHEST WIND DIRECTION     E (90)
  HIGHEST GUST SPEED    14   HIGHEST GUST DIRECTION     E (80)
  AVERAGE WIND SPEED     1.3


SKY COVER
  AVERAGE SKY COVER 0.5


WEATHER CONDITIONS
 THE FOLLOWING WEATHER WAS RECORDED TODAY.
  FOG
  FOG W/VISIBILITY <= 1/4 MILE
  HAZE


RELATIVE HUMIDITY (PERCENT)
 HIGHEST   100           300 AM
 LOWEST     44           400 PM

..........................................................


THE ATHENS CLIMATE NORMALS FOR TOMORROW
                         NORMAL    RECORD    YEAR
 MAXIMUM TEMPERATURE (F)   92       108      1930
 MINIMUM TEMPERATURE (F)   70        59      1963


SUNRISE AND SUNSET
JULY 11 2014..........SUNRISE   631 AM EDT   SUNSET   846 PM EDT
JULY 12 2014..........SUNRISE   631 AM EDT   SUNSET   846 PM EDT


-  INDICATES NEGATIVE NUMBERS.
R  INDICATES RECORD WAS SET OR TIED.
MM INDICATES DATA IS MISSING.
T  INDICATES TRACE AMOUNT.




$$
