000
CDUS42 KFFC 300817
CLIAHN


CLIMATE REPORT
NATIONAL WEATHER SERVICE PEACHTREE CITY GA
416 AM EDT TUE SEP 30 2014


...................................

...THE ATHENS CLIMATE SUMMARY FOR SEPTEMBER 29 2014...

CLIMATE NORMAL PERIOD 1981 TO 2010
CLIMATE RECORD PERIOD 1898 TO 2014


WEATHER ITEM   OBSERVED TIME   RECORD YEAR NORMAL DEPARTURE LAST
                VALUE   (LST)  VALUE       VALUE  FROM      YEAR
                                                  NORMAL
..................................................................
TEMPERATURE (F)
 YESTERDAY
  MAXIMUM         69    315 PM  95    1933  80    -11       74
  MINIMUM         64   1134 PM  42    1967  58      6       55
  AVERAGE         67                        69     -2       65

PRECIPITATION (IN)
  YESTERDAY        0.18          3.87 1890   0.15   0.03     0.00
  MONTH TO DATE    4.82                      3.78   1.04     2.42
  SINCE SEP 1      4.82                      3.78   1.04     2.42
  SINCE JAN 1     34.31                     35.07  -0.76    48.58

DEGREE DAYS
 HEATING
  YESTERDAY        0                         1     -1        0
  MONTH TO DATE    2                         7     -5        2
  SINCE SEP 1      2                         7     -5        2
  SINCE JUL 1      2                         7     -5        5

 COOLING
  YESTERDAY        2                         5     -3        0
  MONTH TO DATE  304                       255     49      255
  SINCE SEP 1    304                       255     49      255
  SINCE JAN 1   1889                      1810     79     1582
..................................................................


WIND (MPH)
  RESULTANT WIND SPEED   4   RESULTANT WIND DIRECTION  NE (60)
  HIGHEST WIND SPEED     9   HIGHEST WIND DIRECTION    NE (60)
  HIGHEST GUST SPEED    12   HIGHEST GUST DIRECTION     E (70)
  AVERAGE WIND SPEED     4.6


SKY COVER
  POSSIBLE SUNSHINE  MM
  AVERAGE SKY COVER 1.0


WEATHER CONDITIONS
 THE FOLLOWING WEATHER WAS RECORDED YESTERDAY.
  LIGHT RAIN


RELATIVE HUMIDITY (PERCENT)
 HIGHEST   100           800 AM
 LOWEST     87          1200 PM
 AVERAGE    94

..........................................................


THE ATHENS CLIMATE NORMALS FOR TODAY
                         NORMAL    RECORD    YEAR
 MAXIMUM TEMPERATURE (F)   79        96      1933
                                             1911
 MINIMUM TEMPERATURE (F)   57        36      1967


SUNRISE AND SUNSET
SEPTEMBER 30 2014.....SUNRISE   727 AM EDT   SUNSET   719 PM EDT
OCTOBER  1 2014.......SUNRISE   728 AM EDT   SUNSET   718 PM EDT


-  INDICATES NEGATIVE NUMBERS.
R  INDICATES RECORD WAS SET OR TIED.
MM INDICATES DATA IS MISSING.
T  INDICATES TRACE AMOUNT.




$$
