000
CDUS42 KFFC 230924
CLIAHN


CLIMATE REPORT
NATIONAL WEATHER SERVICE PEACHTREE CITY GA
424 AM EST MON JAN 23 2017


...................................

...THE ATHENS CLIMATE SUMMARY FOR JANUARY 22 2017...

CLIMATE NORMAL PERIOD 1981 TO 2010
CLIMATE RECORD PERIOD 1898 TO 2017


WEATHER ITEM   OBSERVED TIME   RECORD YEAR NORMAL DEPARTURE LAST
                VALUE   (LST)  VALUE       VALUE  FROM      YEAR
                                                  NORMAL
..................................................................
TEMPERATURE (F)
 YESTERDAY
  MAXIMUM         64    226 PM  78    1927  54     10       43
  MINIMUM         51   1159 PM  11    1961  33     18       30
  AVERAGE         58                        44     14       37

PRECIPITATION (IN)
  YESTERDAY        1.25          2.17 1906   0.14   1.11     1.55
  MONTH TO DATE    6.40                      2.78   3.62     3.54
  SINCE DEC 1      8.82                      6.51   2.31    15.91
  SINCE JAN 1      6.40                      2.78   3.62     3.54

SNOWFALL (IN)
  YESTERDAY        0.0           0.0  2002   0.0    0.0     MM
  MONTH TO DATE    0.0                       1.0   -1.0      0.0
  SINCE DEC 1      0.0                       1.1   -1.1      0.0
  SINCE JUL 1      0.0                       1.1   -1.1      0.0
  SNOW DEPTH       0

DEGREE DAYS
 HEATING
  YESTERDAY        7                        21    -14       28
  MONTH TO DATE  274                       481   -207      526
  SINCE DEC 1    820                      1091   -271      805
  SINCE JUL 1   1106                      1571   -465     1165
..................................................................


WIND (MPH)
  RESULTANT WIND SPEED   5   RESULTANT WIND DIRECTION  SE (140)
  HIGHEST WIND SPEED    17   HIGHEST WIND DIRECTION    SE (120)
  HIGHEST GUST SPEED    27   HIGHEST GUST DIRECTION    SW (240)
  AVERAGE WIND SPEED     7.6


SKY COVER
  POSSIBLE SUNSHINE  MM
  AVERAGE SKY COVER 1.0


WEATHER CONDITIONS
 THE FOLLOWING WEATHER WAS RECORDED YESTERDAY.
  THUNDERSTORM
  HEAVY RAIN
  RAIN
  LIGHT RAIN
  FOG
  FOG W/VISIBILITY <= 1/4 MILE


RELATIVE HUMIDITY (PERCENT)
 HIGHEST   100          1200 AM
 LOWEST     83          1100 PM
 AVERAGE    92

..........................................................


THE ATHENS CLIMATE NORMALS FOR TODAY
                         NORMAL    RECORD    YEAR
 MAXIMUM TEMPERATURE (F)   54        79      1927
 MINIMUM TEMPERATURE (F)   33        11      1960


SUNRISE AND SUNSET
JANUARY 23 2017.......SUNRISE   735 AM EST   SUNSET   555 PM EST
JANUARY 24 2017.......SUNRISE   735 AM EST   SUNSET   556 PM EST


-  INDICATES NEGATIVE NUMBERS.
R  INDICATES RECORD WAS SET OR TIED.
MM INDICATES DATA IS MISSING.
T  INDICATES TRACE AMOUNT.




$$
