000
CDUS42 KFFC 030825
CLIAHN


CLIMATE REPORT
NATIONAL WEATHER SERVICE PEACHTREE CITY GA
424 AM EDT FRI JUL 3 2015


...................................

...THE ATHENS CLIMATE SUMMARY FOR JULY 2 2015...

CLIMATE NORMAL PERIOD 1981 TO 2010
CLIMATE RECORD PERIOD 1898 TO 2015


WEATHER ITEM   OBSERVED TIME   RECORD YEAR NORMAL DEPARTURE LAST
                VALUE   (LST)  VALUE       VALUE  FROM      YEAR
                                                  NORMAL
..................................................................
TEMPERATURE (F)
 YESTERDAY
  MAXIMUM         88   1231 PM 103    1925  91     -3       97
  MINIMUM         67    330 PM  56    1937  69     -2       71
  AVERAGE         78                        80     -2       84

PRECIPITATION (IN)
  YESTERDAY        1.59          2.82 1951   0.15   1.44     0.00
  MONTH TO DATE    1.66                      0.29   1.37     0.00
  SINCE JUN 1      4.42                      4.47  -0.05     3.74
  SINCE JAN 1     24.82                     23.58   1.24    23.38

DEGREE DAYS
 COOLING
  YESTERDAY       13                        15     -2       19
  MONTH TO DATE   24                        30     -6       36
  SINCE JUN 1    494                       408     86      454
  SINCE JAN 1    819                       648    171      724
..................................................................


WIND (MPH)
  RESULTANT WIND SPEED   1   RESULTANT WIND DIRECTION  SW (210)
  HIGHEST WIND SPEED    25   HIGHEST WIND DIRECTION    NW (330)
  HIGHEST GUST SPEED    40   HIGHEST GUST DIRECTION    NW (320)
  AVERAGE WIND SPEED     3.0


SKY COVER
  POSSIBLE SUNSHINE  MM
  AVERAGE SKY COVER 0.5


WEATHER CONDITIONS
 THE FOLLOWING WEATHER WAS RECORDED YESTERDAY.
  HEAVY RAIN
  RAIN
  LIGHT RAIN
  FOG


RELATIVE HUMIDITY (PERCENT)
 HIGHEST   100           900 PM
 LOWEST     61          1200 PM
 AVERAGE    81

..........................................................


THE ATHENS CLIMATE NORMALS FOR TODAY
                         NORMAL    RECORD    YEAR
 MAXIMUM TEMPERATURE (F)   91       102      1925
 MINIMUM TEMPERATURE (F)   69        58      1932


SUNRISE AND SUNSET
JULY  3 2015..........SUNRISE   627 AM EDT   SUNSET   848 PM EDT
JULY  4 2015..........SUNRISE   627 AM EDT   SUNSET   848 PM EDT


-  INDICATES NEGATIVE NUMBERS.
R  INDICATES RECORD WAS SET OR TIED.
MM INDICATES DATA IS MISSING.
T  INDICATES TRACE AMOUNT.




$$
