000
CDUS42 KFFC 020821
CLIAHN


CLIMATE REPORT
NATIONAL WEATHER SERVICE PEACHTREE CITY GA
420 AM EDT MON MAY 2 2016


...................................

...THE ATHENS CLIMATE SUMMARY FOR MAY 1 2016...

CLIMATE NORMAL PERIOD 1981 TO 2010
CLIMATE RECORD PERIOD 1898 TO 2016


WEATHER ITEM   OBSERVED TIME   RECORD YEAR NORMAL DEPARTURE LAST
                VALUE   (LST)  VALUE       VALUE  FROM      YEAR
                                                  NORMAL
..................................................................
TEMPERATURE (F)
 YESTERDAY
  MAXIMUM         83    124 PM  92    2007  78      5       73
  MINIMUM         66    204 AM  38    1996  54     12       48
                                      1908
  AVERAGE         75                        66      9       61

PRECIPITATION (IN)
  YESTERDAY        0.04          1.88 1953   0.10  -0.06     0.00
  MONTH TO DATE    0.04                      0.10  -0.06     0.00
  SINCE MAR 1      4.56                      7.68  -3.12    10.80
  SINCE JAN 1     12.73                     16.21  -3.48    17.77

SNOWFALL (IN)
  YESTERDAY        0.0           0.0  2002   0.0    0.0      0.0
                                      2001
                                      2000
  MONTH TO DATE    0.0                       0.0    0.0      0.0
  SINCE MAR 1      0.0                       0.8   -0.8      0.0
  SINCE JUL 1      0.1                       2.9   -2.8       T
  SNOW DEPTH       0

DEGREE DAYS
 HEATING
  YESTERDAY        0                         2     -2        4
  MONTH TO DATE    0                         2     -2        4
  SINCE MAR 1    297                       490   -193      319
  SINCE JUL 1   2140                      2745   -605     2825

 COOLING
  YESTERDAY       10                         3      7        0
  MONTH TO DATE   10                         3      7        0
  SINCE MAR 1    117                        60     57       79
  SINCE JAN 1    117                        61     56       79
..................................................................


WIND (MPH)
  RESULTANT WIND SPEED   1   RESULTANT WIND DIRECTION   E (110)
  HIGHEST WIND SPEED     7   HIGHEST WIND DIRECTION    NW (320)
  HIGHEST GUST SPEED    11   HIGHEST GUST DIRECTION    NW (300)
  AVERAGE WIND SPEED     1.9


SKY COVER
  POSSIBLE SUNSHINE  MM
  AVERAGE SKY COVER 0.6


WEATHER CONDITIONS
 THE FOLLOWING WEATHER WAS RECORDED YESTERDAY.
  THUNDERSTORM
  LIGHT RAIN
  FOG


RELATIVE HUMIDITY (PERCENT)
 HIGHEST   100          1200 AM
 LOWEST     62           200 PM
 AVERAGE    81

..........................................................


THE ATHENS CLIMATE NORMALS FOR TODAY
                         NORMAL    RECORD    YEAR
 MAXIMUM TEMPERATURE (F)   78        94      1915
                                             1908
 MINIMUM TEMPERATURE (F)   54        38      1963


SUNRISE AND SUNSET
MAY  2 2016...........SUNRISE   643 AM EDT   SUNSET   818 PM EDT
MAY  3 2016...........SUNRISE   642 AM EDT   SUNSET   819 PM EDT


-  INDICATES NEGATIVE NUMBERS.
R  INDICATES RECORD WAS SET OR TIED.
MM INDICATES DATA IS MISSING.
T  INDICATES TRACE AMOUNT.




$$
