000
CDUS42 KFFC 280825
CLIAHN


CLIMATE REPORT
NATIONAL WEATHER SERVICE PEACHTREE CITY GA
425 AM EDT THU AUG 28 2014


...................................

...THE ATHENS CLIMATE SUMMARY FOR AUGUST 27 2014...

CLIMATE NORMAL PERIOD 1981 TO 2010
CLIMATE RECORD PERIOD 1898 TO 2014


WEATHER ITEM   OBSERVED TIME   RECORD YEAR NORMAL DEPARTURE LAST
                VALUE   (LST)  VALUE       VALUE  FROM      YEAR
                                                  NORMAL
..................................................................
TEMPERATURE (F)
 YESTERDAY
  MAXIMUM         92    323 PM 100    1954  89      3       88
                                      1924
  MINIMUM         62    541 AM  56    1942  68     -6       62
                                      1919
  AVERAGE         77                        79     -2       75

PRECIPITATION (IN)
  YESTERDAY        0.00          1.71 1975   0.10  -0.10     0.00
  MONTH TO DATE    1.42                      3.12  -1.70     4.52
  SINCE JUN 1      9.38                     11.77  -2.39    21.92
  SINCE JAN 1     29.02                     30.88  -1.86    45.00

DEGREE DAYS
 COOLING
  YESTERDAY       12                        14     -2       10
  MONTH TO DATE  385                       399    -14      318
  SINCE JUN 1   1252                      1261     -9     1088
  SINCE JAN 1   1522                      1501     21     1267
..................................................................


WIND (MPH)
  RESULTANT WIND SPEED   2   RESULTANT WIND DIRECTION  NE (50)
  HIGHEST WIND SPEED     9   HIGHEST WIND DIRECTION     N (340)
  HIGHEST GUST SPEED    15   HIGHEST GUST DIRECTION     N (360)
  AVERAGE WIND SPEED     2.7


SKY COVER
  POSSIBLE SUNSHINE  MM
  AVERAGE SKY COVER 0.0


WEATHER CONDITIONS
 THE FOLLOWING WEATHER WAS RECORDED YESTERDAY.
  HAZE


RELATIVE HUMIDITY (PERCENT)
 HIGHEST    90           500 AM
 LOWEST     29           400 PM
 AVERAGE    60

..........................................................


THE ATHENS CLIMATE NORMALS FOR TODAY
                         NORMAL    RECORD    YEAR
 MAXIMUM TEMPERATURE (F)   89       104      1924
 MINIMUM TEMPERATURE (F)   68        56      1922
                                             1904


SUNRISE AND SUNSET
AUGUST 28 2014........SUNRISE   704 AM EDT   SUNSET   804 PM EDT
AUGUST 29 2014........SUNRISE   705 AM EDT   SUNSET   803 PM EDT


-  INDICATES NEGATIVE NUMBERS.
R  INDICATES RECORD WAS SET OR TIED.
MM INDICATES DATA IS MISSING.
T  INDICATES TRACE AMOUNT.




$$
