000
CDUS45 KCYS 250750
CLIAIA


CLIMATE REPORT
NATIONAL WEATHER SERVICE CHEYENNE WY
149 AM MDT WED MAY 25 2016


...................................

...THE ALLIANCE NE AIRPORT CLIMATE SUMMARY FOR MAY 24 2016...

CLIMATE NORMAL PERIOD 1981 TO 2010
CLIMATE RECORD PERIOD 1896 TO 2016


WEATHER ITEM   OBSERVED TIME   RECORD YEAR NORMAL DEPARTURE LAST
                VALUE   (LST)  VALUE       VALUE  FROM      YEAR
                                                  NORMAL
..................................................................
TEMPERATURE (F)
 YESTERDAY
  MAXIMUM         77    258 PM  93    1989  73      4       69
  MINIMUM         34    437 AM  23    2001  42     -8       50
  AVERAGE         56                        58     -2       60

PRECIPITATION (IN)
  YESTERDAY        0.09          2.40 1907   0.09   0.00     1.01
  MONTH TO DATE    1.14                      1.88  -0.74     6.58
  SINCE JAN 1      6.80                      4.74   2.06    10.01

DEGREE DAYS
 HEATING
  YESTERDAY        9                         8      1        5
  MONTH TO DATE  342                       279     63      348
  SINCE MAR 1   1723                      1764    -41     1616
  SINCE JUL 1   6798                      7168   -370     6843

 COOLING
  YESTERDAY        0                         0      0        0
  MONTH TO DATE    0                         0      0        0
  SINCE MAR 1      0                         0      0        0
  SINCE JAN 1      0                         0      0        0
..................................................................


WIND (MPH)
  HIGHEST WIND SPEED    44   HIGHEST WIND DIRECTION    SW (240)
  HIGHEST GUST SPEED    54   HIGHEST GUST DIRECTION    SW (240)
  AVERAGE WIND SPEED    12.2


SKY COVER
  AVERAGE SKY COVER 0.2


WEATHER CONDITIONS
 THE FOLLOWING WEATHER WAS RECORDED YESTERDAY.
  THUNDERSTORM
  HEAVY RAIN
  LIGHT RAIN


RELATIVE HUMIDITY (PERCENT)
 HIGHEST   100           100 AM
 LOWEST     33           300 PM
 AVERAGE    67

..........................................................


THE ALLIANCE NE AIRPORT CLIMATE NORMALS FOR TODAY
                         NORMAL    RECORD    YEAR
 MAXIMUM TEMPERATURE (F)   73        92      1969
 MINIMUM TEMPERATURE (F)   43        24      2001


SUNRISE AND SUNSET
MAY 25 2016...........SUNRISE   522 AM MDT   SUNSET   815 PM MDT
MAY 26 2016...........SUNRISE   521 AM MDT   SUNSET   816 PM MDT


-  INDICATES NEGATIVE NUMBERS.
R  INDICATES RECORD WAS SET OR TIED.
MM INDICATES DATA IS MISSING.
T  INDICATES TRACE AMOUNT.




$$
