000
CDUS45 KCYS 170729
CLIAIA


CLIMATE REPORT
NATIONAL WEATHER SERVICE CHEYENNE WY
128 AM MDT WED SEP 17 2014


...................................

...THE ALLIANCE NE AIRPORT CLIMATE SUMMARY FOR SEPTEMBER 16 2014...

CLIMATE NORMAL PERIOD 1981 TO 2010
CLIMATE RECORD PERIOD 1896 TO 2014


WEATHER ITEM   OBSERVED TIME   RECORD YEAR NORMAL DEPARTURE LAST
                VALUE   (LST)  VALUE       VALUE  FROM      YEAR
                                                  NORMAL
..................................................................
TEMPERATURE (F)
 YESTERDAY
  MAXIMUM         86    319 PM  96    2000  76     10       61
  MINIMUM         46    547 AM  28    1903  43      3       52
  AVERAGE         66                        59      7       57

PRECIPITATION (IN)
  YESTERDAY        0.00          0.84 1950   0.04  -0.04     0.00
  MONTH TO DATE    0.30                      0.80  -0.50     0.71
  SINCE JAN 1     15.24                     13.21   2.03     9.77

DEGREE DAYS
 HEATING
  YESTERDAY        0                         7     -7        8
  MONTH TO DATE  126                        70     56       20
  SINCE SEP 1    126                        70     56       20
  SINCE JUL 1    163                       107     56       28

 COOLING
  YESTERDAY        1                         1      0        0
  MONTH TO DATE   16                        32    -16      117
  SINCE SEP 1     16                        32    -16      117
  SINCE JAN 1    478                       555    -77      776
..................................................................


WIND (MPH)
  HIGHEST WIND SPEED    18   HIGHEST WIND DIRECTION    SE (150)
  HIGHEST GUST SPEED    22   HIGHEST GUST DIRECTION     S (160)
  AVERAGE WIND SPEED     6.6


SKY COVER
  AVERAGE SKY COVER 0.0


WEATHER CONDITIONS
 THE FOLLOWING WEATHER WAS RECORDED YESTERDAY.
  FOG


RELATIVE HUMIDITY (PERCENT)
 HIGHEST   100           600 AM
 LOWEST     17           300 PM
 AVERAGE    59

..........................................................


THE ALLIANCE NE AIRPORT CLIMATE NORMALS FOR TODAY
                         NORMAL    RECORD    YEAR
 MAXIMUM TEMPERATURE (F)   76       100      2000
 MINIMUM TEMPERATURE (F)   42        29      1965
                                             1912
                                             1903


SUNRISE AND SUNSET
SEPTEMBER 17 2014.....SUNRISE   633 AM MDT   SUNSET   657 PM MDT
SEPTEMBER 18 2014.....SUNRISE   634 AM MDT   SUNSET   655 PM MDT


-  INDICATES NEGATIVE NUMBERS.
R  INDICATES RECORD WAS SET OR TIED.
MM INDICATES DATA IS MISSING.
T  INDICATES TRACE AMOUNT.




$$
