165
CDUS45 KCYS 290745
CLIAIA


CLIMATE REPORT
NATIONAL WEATHER SERVICE CHEYENNE WY
145 AM MDT THU SEP 29 2016


...................................

...THE ALLIANCE NE AIRPORT CLIMATE SUMMARY FOR SEPTEMBER 28 2016...

CLIMATE NORMAL PERIOD 1981 TO 2010
CLIMATE RECORD PERIOD 1896 TO 2016


WEATHER ITEM   OBSERVED TIME   RECORD YEAR NORMAL DEPARTURE LAST
                VALUE   (LST)  VALUE       VALUE  FROM      YEAR
                                                  NORMAL
..................................................................
TEMPERATURE (F)
 YESTERDAY
  MAXIMUM         82    248 PM  90    2010  70     12       76
                                      1957
                                      1953
  MINIMUM         38    436 AM  22    2009  37      1       52
                                      2006
  AVERAGE         60                        53      7       64

PRECIPITATION (IN)
  YESTERDAY        0.00          1.59 1973   0.04  -0.04     0.01
  MONTH TO DATE    1.44                      1.30   0.14     1.16
  SINCE JAN 1     15.27                     13.71   1.56    19.73

DEGREE DAYS
 HEATING
  YESTERDAY        5                        12     -7        1
  MONTH TO DATE  125                       184    -59       64
  SINCE SEP 1    125                       184    -59       64
  SINCE JUL 1    163                       221    -58      116

 COOLING
  YESTERDAY        0                         0      0        0
  MONTH TO DATE   34                        38     -4       88
  SINCE SEP 1     34                        38     -4       88
  SINCE JAN 1    587                       561     26      566
..................................................................


WIND (MPH)
  HIGHEST WIND SPEED    13   HIGHEST WIND DIRECTION     E (100)
  HIGHEST GUST SPEED    16   HIGHEST GUST DIRECTION     E (90)
  AVERAGE WIND SPEED     4.9


SKY COVER
  AVERAGE SKY COVER 0.0


WEATHER CONDITIONS
 THE FOLLOWING WEATHER WAS RECORDED YESTERDAY.
  NO SIGNIFICANT WEATHER WAS OBSERVED.


RELATIVE HUMIDITY (PERCENT)
 HIGHEST    92           100 AM
 LOWEST     23           100 PM
 AVERAGE    58

..........................................................


THE ALLIANCE NE AIRPORT CLIMATE NORMALS FOR TODAY
                         NORMAL    RECORD    YEAR
 MAXIMUM TEMPERATURE (F)   70        92      1938
 MINIMUM TEMPERATURE (F)   36        21      1999
                                             1985


SUNRISE AND SUNSET
SEPTEMBER 29 2016.....SUNRISE   647 AM MDT   SUNSET   635 PM MDT
SEPTEMBER 30 2016.....SUNRISE   648 AM MDT   SUNSET   634 PM MDT


-  INDICATES NEGATIVE NUMBERS.
R  INDICATES RECORD WAS SET OR TIED.
MM INDICATES DATA IS MISSING.
T  INDICATES TRACE AMOUNT.




$$
