670
CDAK48 PAFC 111248
CLIAKN


CLIMATE REPORT
NATIONAL WEATHER SERVICE ANCHORAGE, AK
348 AM AKST MON DEC 11 2017


...................................

...THE KING SALMON CLIMATE SUMMARY FOR DECEMBER 10 2017...

CLIMATE NORMAL PERIOD 1981 TO 2010
CLIMATE RECORD PERIOD 1917 TO 2017


WEATHER ITEM   OBSERVED TIME   RECORD YEAR NORMAL DEPARTURE LAST
                VALUE   (LST)  VALUE       VALUE  FROM      YEAR
                                                  NORMAL
..................................................................
TEMPERATURE (F)
 YESTERDAY
  MAXIMUM         41    316 PM  47    1985  27     14       12
                                      1961
  MINIMUM         25    431 AM -27    1968  11     14       -5
  AVERAGE         33                        19     14        4

PRECIPITATION (IN)
  YESTERDAY        0.05          0.82 1949   0.04   0.01     0.00
  MONTH TO DATE    0.94                      0.45   0.49     0.35
  SINCE SEP 1      9.43                      7.11   2.32     7.24
  SINCE JAN 1     20.12                     18.71   1.41    25.21

SNOWFALL (IN)
  YESTERDAY        0.0           6.0  2015   0.3   -0.3      0.0
  MONTH TO DATE    1.3                       3.5   -2.2      3.5
  SINCE SEP 1      6.5                      13.3   -6.8      8.1
  SINCE JUL 1      6.5                      13.3   -6.8      8.1
  SNOW DEPTH       T

DEGREE DAYS
 HEATING
  YESTERDAY       32                        46    -14       61
  MONTH TO DATE  326                       453   -127      617
  SINCE DEC 1    326                       453   -127      617
  SINCE JUL 1   3262                      3830   -568     3343

 COOLING
  YESTERDAY        0                         0      0        0
  MONTH TO DATE    0                         0      0        0
  SINCE DEC 1      0                         0      0        0
  SINCE JAN 1      1                         1      0        0
..................................................................


WIND (MPH)
  RESULTANT WIND SPEED  11   RESULTANT WIND DIRECTION   N (20)
  HIGHEST WIND SPEED    32   HIGHEST WIND DIRECTION    NE (30)
  HIGHEST GUST SPEED    44   HIGHEST GUST DIRECTION     N (20)
  AVERAGE WIND SPEED    12.1



WEATHER CONDITIONS
 THE FOLLOWING WEATHER WAS RECORDED YESTERDAY.
  LIGHT RAIN
  LT FREEZING RAIN
  FOG


RELATIVE HUMIDITY (PERCENT)
 HIGHEST   100
 LOWEST     73
 AVERAGE    87

..........................................................


THE KING SALMON CLIMATE NORMALS FOR TODAY
                         NORMAL    RECORD    YEAR
 MAXIMUM TEMPERATURE (F)   27        45      2000
 MINIMUM TEMPERATURE (F)   11       -31      1925


SUNRISE AND SUNSET
DECEMBER 11 2017......SUNRISE  1008 AM AKST  SUNSET   432 PM AKST
DECEMBER 12 2017......SUNRISE  1009 AM AKST  SUNSET   432 PM AKST


-  INDICATES NEGATIVE NUMBERS.
R  INDICATES RECORD WAS SET OR TIED.
MM INDICATES DATA IS MISSING.
T  INDICATES TRACE AMOUNT.




$$
