000
CDAK48 PAKN 281025
CLIAKN

CLIMATE REPORT
NATIONAL WEATHER SERVICE KING SALMON, AK
125 AM AKST FRI NOV 28 2014

...................................
...THE KING SALMON AP CLIMATE SUMMARY FOR NOVEMBER 27 2014...

CLIMATE NORMAL PERIOD  1981 TO  2010
CLIMATE RECORD PERIOD  1917 TO  2014

WEATHER ITEM   OBSERVED TIME    RECORD YEAR NORMAL DEPARTURE LAST
               VALUE    (LST)   VALUE       VALUE  FROM      YEAR
                                                   NORMAL
...................................................................
TEMPERATURE
YESTERDAY
 MAXIMUM            37  1159 PM    47  2004     28       9     22
 MINIMUM            33  1115 AM   -23  2005     13      20      1
 AVERAGE            35                          21      14     12

PRECIPITATION
(INCHES)
 YESTERDAY        0.00           0.34  2003   0.04   -0.04   0.00
 MONTH TO DATE    1.95                        1.26    0.69   2.61
 SINCE SEP 1      5.70                        6.53   -0.83   9.32
 SINCE JAN 1     19.97                       18.13    1.84  23.41

SNOWFALL
(INCHES)
 YESTERDAY         0.0            4.0  2009    0.3    -0.3    0.0
 MONTH TO DATE       T                         6.0    -6.0   11.6
 SINCE SEP 1       3.5                         8.9    -5.4   11.6
 SINCE JUL 1       3.5                         8.9    -5.4   11.6
 SNOW DEPTH (IN)     0                                          2

DEGREE DAYS
 HEATING
  YESTERDAY         30                          44     -14     53
  MONTH TO DATE    752                        1129    -377   1003
  SINCE SEP 1     2182                        2629    -447   2213
  SINCE JUL 1     2656                        3241    -585   2716

 COOLING
  YESTERDAY          0                           0       0      0
  MONTH TO DATE      0                           0       0      0
  SINCE SEP 1        0                           0       0      0
  SINCE JAN 1        0                           0       0      4
...................................................................

WIND (MPH)
 HIGHEST WIND SPEED    14     HIGHEST WIND DIRECTION    100
 HIGHEST GUST SPEED    18     HIGHEST GUST DIRECTION    100
 AVERAGE WIND SPEED   9.2

SKY COVER
  POSSIBLE SUNSHINE    MM          AVERAGE SKY COVER     MM

WEATHER CONDITIONS
 THE FOLLOWING WEATHER WAS RECORDED YESTERDAY.
  NO SIGNIFICANT WEATHER WAS OBSERVED.

RELATIVE HUMIDITY
 HIGHEST RH     MM PERCENT       MM
 LOWEST  RH     MM PERCENT       MM
 AVERAGE RH     MM PERCENT       MM
...................................................................

THE KING SALMON CLIMATE NORMALS FOR TODAY
                           NORMAL    RECORD   YEAR
 MAXIMUM TEMPERATURE (F)     28        48     1983
 MINIMUM TEMPERATURE (F)     13       -28     1917

SUNRISE AND SUNSET
 NOV 28 2014..........SUNRISE  9:47 AM      SUNSET  4:43 PM
 NOV 29 2014..........SUNRISE  9:48 AM      SUNSET  4:42 PM

-  INDICATES NEGATIVE NUMBERS.
R  INDICATES RECORD HAS BEEN SET OR TIED.
MM INDICATES DATA IS MISSING.
T  INDICATES TRACE OF PRECIPITATION.

&&
-------------------------------------------------------------------

AMOUNT OF DAYLIGHT TODAY  (HOUR:MIN)........6 HOURS 56 MINUTES
GAIN/LOSS SINCE YESTERDAY (HOUR:MIN:SEC)....-0:03:19

$$
FS NOV 14
