000
CDAK48 PAFC 250107
CLIAKN


CLIMATE REPORT
NATIONAL WEATHER SERVICE ANCHORAGE, AK
407 PM AKST SAT FEB 24 2018


...................................

...THE KING SALMON CLIMATE SUMMARY FOR FEBRUARY 24 2018...
VALID TODAY AS OF 0400 PM LOCAL TIME.

CLIMATE NORMAL PERIOD 1981 TO 2010
CLIMATE RECORD PERIOD 1917 TO 2018


WEATHER ITEM   OBSERVED TIME   RECORD YEAR NORMAL DEPARTURE LAST
                VALUE   (LST)  VALUE       VALUE  FROM      YEAR
                                                  NORMAL
..................................................................
TEMPERATURE (F)
 TODAY
  MAXIMUM         34    223 PM  47    2003  29      5       40
  MINIMUM         30    942 AM -36    1976  12     18       31
  AVERAGE         32                        20     12       36

PRECIPITATION (IN)
  TODAY            T             1.28 1969   0.03  -0.03     0.12
  MONTH TO DATE    1.87                      0.66   1.21     0.92
  SINCE SEP 1     13.65                      9.57   4.08     9.05
  SINCE JAN 1      3.35                      1.68   1.67     1.07

SNOWFALL (IN)
  TODAY            2.4          MM      MM   0.2    2.2      0.0
  MONTH TO DATE    9.2                       5.1    4.1      9.2
  SINCE SEP 1     21.7                      34.6  -12.9     22.3
  SINCE JUL 1     21.7                      34.6  -12.9     22.3
  SNOW DEPTH       2

DEGREE DAYS
 HEATING
  TODAY           33                        45    -12       29
  MONTH TO DATE  872                      1116   -244     1218
  SINCE DEC 1   3376                      4067   -691     4256
  SINCE JUL 1   6312                      7444  -1132     6982

 COOLING
  TODAY            0                         0      0        0
  MONTH TO DATE    0                         0      0        0
  SINCE DEC 1      0                         0      0        0
  SINCE JAN 1      0                         0      0        0
..................................................................


WIND (MPH)
  RESULTANT WIND SPEED  22   RESULTANT WIND DIRECTION   W (260)
  HIGHEST WIND SPEED    32   HIGHEST WIND DIRECTION     W (260)
  HIGHEST GUST SPEED    44   HIGHEST GUST DIRECTION     W (260)
  AVERAGE WIND SPEED    22.1



WEATHER CONDITIONS
 THE FOLLOWING WEATHER WAS RECORDED TODAY.
  LIGHT SNOW
  FOG
  HAZE


RELATIVE HUMIDITY (PERCENT)
 HIGHEST    85
 LOWEST     72
 AVERAGE    79

..........................................................


THE KING SALMON CLIMATE NORMALS FOR TOMORROW
                         NORMAL    RECORD    YEAR
 MAXIMUM TEMPERATURE (F)   29        48      2016
 MINIMUM TEMPERATURE (F)   12       -35      1954


SUNRISE AND SUNSET
FEBRUARY 24 2018......SUNRISE   835 AM AKST  SUNSET   645 PM AKST
FEBRUARY 25 2018......SUNRISE   833 AM AKST  SUNSET   648 PM AKST


-  INDICATES NEGATIVE NUMBERS.
R  INDICATES RECORD WAS SET OR TIED.
MM INDICATES DATA IS MISSING.
T  INDICATES TRACE AMOUNT.




$$
