000
CDAK48 PAKN 100913
CLIAKN

CLIMATE REPORT
NATIONAL WEATHER SERVICE KING SALMON, AK
113 AM AKDT THU JUL 10 2014

...................................
...THE KING SALMON AP CLIMATE SUMMARY FOR JULY 9 2014...

CLIMATE NORMAL PERIOD  1981 TO  2010
CLIMATE RECORD PERIOD  1949 TO  2014

WEATHER ITEM   OBSERVED TIME    RECORD YEAR NORMAL DEPARTURE LAST
               VALUE    (LST)   VALUE       VALUE  FROM      YEAR
                                                   NORMAL
...................................................................
TEMPERATURE
YESTERDAY
 MAXIMUM            63  0513 PM    82  2004     64      -1     64
 MINIMUM            53  0905 AM    33  1966     47       6     42
 AVERAGE            58                          55       3     53

PRECIPITATION
(INCHES)
 YESTERDAY        0.08           1.06  1950   0.06    0.02   0.01
 MONTH TO DATE    0.71                        0.57    0.14   0.79
 SINCE JUN 1      3.96                        2.22    1.74   1.84
 SINCE JAN 1      9.09                        6.92    2.17   8.20

SNOWFALL
(INCHES)
 YESTERDAY         0.0            0.0  2014    0.0     0.0    0.0
 MONTH TO DATE     0.0                         0.0     0.0    0.0
 SINCE JUN 1       0.0                         0.0     0.0    0.0
 SINCE JUL 1       0.0                         0.0     0.0    0.0
 SNOW DEPTH (IN)     0                                          0

DEGREE DAYS
 HEATING
  YESTERDAY          7                          10      -3     12
  MONTH TO DATE     63                          91     -28    137
  SINCE JUN 1      494                         498      -4    419
  SINCE JUL 1       63                          91     -28    137

 COOLING
  YESTERDAY          0                           0       0      0
  MONTH TO DATE      0                           0       0      0
  SINCE JUN 1        0                           0       0      0
  SINCE JAN 1        0                           0       0      0
...................................................................

WIND (MPH)
 HIGHEST WIND SPEED    20     HIGHEST WIND DIRECTION    170
 HIGHEST GUST SPEED    25     HIGHEST GUST DIRECTION    170
 AVERAGE WIND SPEED   7.9

SKY COVER
  POSSIBLE SUNSHINE    MM          AVERAGE SKY COVER     MM

WEATHER CONDITIONS
 THE FOLLOWING WEATHER WAS RECORDED YESTERDAY.
  FOG
RAIN


RELATIVE HUMIDITY
 HIGHEST RH     MM PERCENT       MM
 LOWEST  RH     MM PERCENT       MM
 AVERAGE RH     MM PERCENT       MM
...................................................................

THE KING SALMON CLIMATE NORMALS FOR TODAY
                           NORMAL    RECORD   YEAR
 MAXIMUM TEMPERATURE (F)     64        86     1951
 MINIMUM TEMPERATURE (F)     47        38     1976

SUNRISE AND SUNSET
 JUL 10 2014..........SUNRISE  5:35 AM      SUNSET 11:30 PM
 JUL 11 2014..........SUNRISE  5:36 AM      SUNSET 11:28 PM

-  INDICATES NEGATIVE NUMBERS.
R  INDICATES RECORD HAS BEEN SET OR TIED.
MM INDICATES DATA IS MISSING.
T  INDICATES TRACE OF PRECIPITATION.

&&
-------------------------------------------------------------------

AMOUNT OF DAYLIGHT TODAY  (HOUR:MIN)........17 HOURS 55 MINUTES
GAIN/LOSS SINCE YESTERDAY (HOUR:MIN:SEC)....-0:02:45

$$
DJH JUL 14
