000
CDAK48 PAKN 101029
CLIAKN

CLIMATE REPORT
NATIONAL WEATHER SERVICE KING SALMON, AK
129 AM AKST WED FEB 10 2016

...................................
...THE KING SALMON AP CLIMATE SUMMARY FOR FEBRUARY 9 2016...

CLIMATE NORMAL PERIOD  1981 TO  2010
CLIMATE RECORD PERIOD  1917 TO  2016

WEATHER ITEM   OBSERVED TIME    RECORD YEAR NORMAL DEPARTURE LAST
               VALUE    (LST)   VALUE       VALUE  FROM      YEAR
                                                   NORMAL
...................................................................
TEMPERATURE
YESTERDAY
 MAXIMUM            43  0311 PM    45  2015     26      17     34
 MINIMUM            26  0730 AM   -37  1990     10      16      0
 AVERAGE            35                          18      17     17

PRECIPITATION
(INCHES)
 YESTERDAY        0.00           0.35  1925   0.03   -0.03   0.01
 MONTH TO DATE    0.24                        0.26   -0.02   0.01
 SINCE DEC 1      3.07                        2.51    0.56   2.49
 SINCE JAN 1      0.72                        1.28   -0.56   0.53

SNOWFALL
(INCHES)
 YESTERDAY         0.0            3.2  2002    0.2    -0.2      T
 MONTH TO DATE     1.3                         2.1    -0.8      T
 SINCE DEC 1      18.1                        21.8    -3.7    8.2
 SINCE JUL 1      31.2                        31.6    -0.4   11.7
 SNOW DEPTH (IN)     0                                          T

DEGREE DAYS
 HEATING
  YESTERDAY         30                          47     -17     48
  MONTH TO DATE    278                         429    -151    490
  SINCE DEC 1     2567                        3380    -813   2873
  SINCE JUL 1     5345                        6755   -1410   5625

 COOLING
  YESTERDAY          0                           0       0      0
  MONTH TO DATE      0                           0       0      0
  SINCE DEC 1        0                           0       0      0
  SINCE JAN 1        0                           0       0      0
...................................................................

WIND (MPH)
 HIGHEST WIND SPEED    25     HIGHEST WIND DIRECTION     50
 HIGHEST GUST SPEED    34     HIGHEST GUST DIRECTION     60
 AVERAGE WIND SPEED  10.6

SKY COVER
  POSSIBLE SUNSHINE    MM          AVERAGE SKY COVER     MM

WEATHER CONDITIONS
 THE FOLLOWING WEATHER WAS RECORDED YESTERDAY.
 NO SIGNIFICANT WEATHER WAS OBSERVED.

RELATIVE HUMIDITY
 HIGHEST RH     MM PERCENT       MM
 LOWEST  RH     MM PERCENT       MM
 AVERAGE RH     MM PERCENT       MM
...................................................................

THE KING SALMON CLIMATE NORMALS FOR TODAY
                           NORMAL    RECORD   YEAR
 MAXIMUM TEMPERATURE (F)     26        45     1986
 MINIMUM TEMPERATURE (F)     10       -39     1990

SUNRISE AND SUNSET
 FEB 10 2016..........SUNRISE  9:14 AM      SUNSET  6:10 PM
 FEB 11 2016..........SUNRISE  9:11 AM      SUNSET  6:12 PM

-  INDICATES NEGATIVE NUMBERS.
R  INDICATES RECORD HAS BEEN SET OR TIED.
MM INDICATES DATA IS MISSING.
T  INDICATES TRACE OF PRECIPITATION.

&&
-------------------------------------------------------------------

AMOUNT OF DAYLIGHT TODAY  (HOUR:MIN)........8 HOURS 56 MINUTES
GAIN/LOSS SINCE YESTERDAY (HOUR:MIN:SEC)....+0:04:54

$$
JML FEB 16
