000
CDAK48 PAKN 020004
CLIAKN

CLIMATE REPORT
NATIONAL WEATHER SERVICE KING SALMON, AK
404 PM AKDT MON JUN 1 2015

...................................
...THE KING SALMON AP CLIMATE SUMMARY FOR JUNE 1 2015...
VALID TODAY AS OF 2:00 PM LOCAL TIME

CLIMATE NORMAL PERIOD  1981 TO  2010
CLIMATE RECORD PERIOD  1917 TO  2015

WEATHER ITEM   OBSERVED TIME    RECORD YEAR NORMAL DEPARTURE LAST
               VALUE    (LST)   VALUE       VALUE  FROM      YEAR
                                                   NORMAL
...................................................................
TEMPERATURE
TODAY
 MAXIMUM            69  0237 PM    79  1996     58      11     49
 MINIMUM            44  0518 AM    30  1956     38       6     40
 AVERAGE            57                          48       9     45

PRECIPITATION
(INCHES)
 TODAY            0.00           0.40  2011   0.05   -0.05   0.05
 MONTH TO DATE    0.00                        0.05   -0.05   0.05
 SINCE JUN 1      0.00                        0.05   -0.05   0.05
 SINCE JAN 1      7.24                        4.75    2.49   5.18

SNOWFALL
(INCHES)
 TODAY             0.0              T  1971    0.0     0.0    0.0
 MONTH TO DATE     0.0                         0.0     0.0    0.0
 SINCE JUN 1       0.0                         0.0     0.0    0.0
 SINCE JUL 1      26.1                        46.6   -20.5   36.0
 SNOW DEPTH (IN)     0                                          0

DEGREE DAYS
 HEATING
  TODAY              8                          17      -9     20
  MONTH TO DATE      8                          17      -9     20
  SINCE JUN 1        8                          17      -9     20
  SINCE JUL 1     8653                       10486   -1833   8918

 COOLING
  TODAY              0                           0       0      0
  MONTH TO DATE      0                           0       0      0
  SINCE JUN 1        0                           0       0      0
  SINCE JAN 1        0                           0       0      0
...................................................................

WIND (MPH)
 HIGHEST WIND SPEED    15     HIGHEST WIND DIRECTION    260
 HIGHEST GUST SPEED    21     HIGHEST GUST DIRECTION    250
 AVERAGE WIND SPEED    MM

SKY COVER
  POSSIBLE SUNSHINE  MM            AVERAGE SKY COVER MM

WEATHER CONDITIONS
 THE FOLLOWING WEATHER WAS RECORDED TODAY.


RELATIVE HUMIDITY
 HIGHEST RH     MM PERCENT       MM
 LOWEST  RH     MM PERCENT       MM
 AVERAGE RH     MM PERCENT       MM
...................................................................

THE KING SALMON CLIMATE NORMALS FOR TOMORROW
                        NORMAL    RECORD   YEAR
 MAXIMUM TEMPERATURE      59        78     1957
 MINIMUM TEMPERATURE      38        28     1933

SUNRISE AND SUNSET
 JUN 1 2015..........SUNRISE  5:28 AM      SUNSET 11:23 PM
 JUN 2 2015..........SUNRISE  5:27 AM      SUNSET 11:24 PM

-  INDICATES NEGATIVE NUMBERS.
R  INDICATES RECORD HAS BEEN SET OR TIED.
MM INDICATES DATA IS MISSING.
T  INDICATES TRACE OF PRECIPITATION.

&&
-------------------------------------------------------------------

AMOUNT OF DAYLIGHT TODAY  (HOUR:MIN)........17 HOURS 55 MINUTES
GAIN/LOSS SINCE YESTERDAY (HOUR:MIN:SEC)....+0:02:55

$$
FS JUN 15
