000
CDUS45 KBOU 020725
CLIAKO


CLIMATE REPORT
NATIONAL WEATHER SERVICE BOULDER, CO
125 AM MDT SAT AUG 2 2014


...................................

...THE AKRON CO CLIMATE SUMMARY FOR AUGUST 1 2014...

CLIMATE NORMAL PERIOD 1981 TO 2010
CLIMATE RECORD PERIOD 9999 TO 9999


WEATHER ITEM   OBSERVED TIME   RECORD YEAR NORMAL DEPARTURE LAST
                VALUE   (LST)  VALUE       VALUE  FROM      YEAR
                                                  NORMAL
..................................................................
TEMPERATURE (F)
 YESTERDAY
  MAXIMUM         84    200 PM 109    1938  88     -4
  MINIMUM         58    424 AM  47    1995  60     -2
  AVERAGE         71                        74     -3

PRECIPITATION (IN)
  YESTERDAY        T             2.12 1994   0.10  -0.10     0.27
  MONTH TO DATE    T                         0.10  -0.10     0.27
  SINCE JUN 1      6.09                      5.11   0.98     5.39
  SINCE JAN 1     10.79                     11.29  -0.50     9.28

DEGREE DAYS
 HEATING
  YESTERDAY        0
  MONTH TO DATE    0

 COOLING
  YESTERDAY        6
  MONTH TO DATE    6
..................................................................


WIND (MPH)
  HIGHEST WIND SPEED    13   HIGHEST WIND DIRECTION     S (160)
  HIGHEST GUST SPEED    17   HIGHEST GUST DIRECTION    SE (150)




RELATIVE HUMIDITY (PERCENT)
 HIGHEST    93
 LOWEST     24
 AVERAGE    59

..........................................................


THE AKRON CO CLIMATE NORMALS FOR TODAY
                         NORMAL    RECORD    YEAR
 MAXIMUM TEMPERATURE (F)   88       109      1938
 MINIMUM TEMPERATURE (F)   60        52      1976


SUNRISE AND SUNSET
AUGUST  2 2014........SUNRISE   552 AM MDT   SUNSET   806 PM MDT
AUGUST  3 2014........SUNRISE   553 AM MDT   SUNSET   805 PM MDT


-  INDICATES NEGATIVE NUMBERS.
R  INDICATES RECORD WAS SET OR TIED.
MM INDICATES DATA IS MISSING.
T  INDICATES TRACE AMOUNT.




$$
