000
CDUS45 KBOU 230725
CLIAKO


CLIMATE REPORT
NATIONAL WEATHER SERVICE DENVER/BOULDER CO
125 AM MDT THU MAR 23 2017


...................................

...THE AKRON CO CLIMATE SUMMARY FOR MARCH 22 2017...

CLIMATE NORMAL PERIOD 1981 TO 2010
CLIMATE RECORD PERIOD 9999 TO 9999


WEATHER ITEM   OBSERVED TIME   RECORD YEAR NORMAL DEPARTURE LAST
                VALUE   (LST)  VALUE       VALUE  FROM      YEAR
                                                  NORMAL
..................................................................
TEMPERATURE (F)
 YESTERDAY
  MAXIMUM         72    333 PM  77    2009  54     18
  MINIMUM         33    609 AM   7    1965  27      6
  AVERAGE         53                        41     12

PRECIPITATION (IN)
  YESTERDAY        0.00          0.44 1979   0.03  -0.03     0.00
  MONTH TO DATE    0.01                      0.56  -0.55     0.15
  SINCE MAR 1      0.01                      0.56  -0.55     0.15
  SINCE JAN 1      0.12                      1.30  -1.18     0.26

DEGREE DAYS
 HEATING
  YESTERDAY       12
  MONTH TO DATE  396

 COOLING
  YESTERDAY        0
  MONTH TO DATE    0
..................................................................


WIND (MPH)
  HIGHEST WIND SPEED    28   HIGHEST WIND DIRECTION     S (160)
  HIGHEST GUST SPEED    33   HIGHEST GUST DIRECTION     S (160)




RELATIVE HUMIDITY (PERCENT)
 HIGHEST    76
 LOWEST     27
 AVERAGE    52

..........................................................


THE AKRON CO CLIMATE NORMALS FOR TODAY
                         NORMAL    RECORD    YEAR
 MAXIMUM TEMPERATURE (F)   54        80      1967
 MINIMUM TEMPERATURE (F)   28         2      1965


SUNRISE AND SUNSET
MARCH 23 2017.........SUNRISE   651 AM MDT   SUNSET   708 PM MDT
MARCH 24 2017.........SUNRISE   649 AM MDT   SUNSET   709 PM MDT


-  INDICATES NEGATIVE NUMBERS.
R  INDICATES RECORD WAS SET OR TIED.
MM INDICATES DATA IS MISSING.
T  INDICATES TRACE AMOUNT.




$$
