000
CDUS45 KBOU 090725
CLIAKO


CLIMATE REPORT
NATIONAL WEATHER SERVICE DENVER/BOULDER CO
1225 AM MST FRI DEC 9 2016


...................................

...THE AKRON CO CLIMATE SUMMARY FOR DECEMBER 8 2016...

CLIMATE NORMAL PERIOD 1981 TO 2010
CLIMATE RECORD PERIOD 9999 TO 9999


WEATHER ITEM   OBSERVED TIME   RECORD YEAR NORMAL DEPARTURE LAST
                VALUE   (LST)  VALUE       VALUE  FROM      YEAR
                                                  NORMAL
..................................................................
TEMPERATURE (F)
 YESTERDAY
  MAXIMUM         15    302 PM  69    1940  40    -25
  MINIMUM        -10    622 AM -16    1978  17    -27
  AVERAGE          3                        29    -26

PRECIPITATION (IN)
  YESTERDAY        0.00          1.02 1987   0.01  -0.01     0.00
  MONTH TO DATE    T                         0.14  -0.14     0.00
  SINCE DEC 1      T                         0.14  -0.14     0.00
  SINCE JAN 1     16.65                     16.48   0.17    13.29

DEGREE DAYS
 HEATING
  YESTERDAY       62
  MONTH TO DATE  338

 COOLING
  YESTERDAY        0
  MONTH TO DATE    0
..................................................................


WIND (MPH)
  HIGHEST WIND SPEED    18   HIGHEST WIND DIRECTION     S (160)
  HIGHEST GUST SPEED    24   HIGHEST GUST DIRECTION     S (170)




RELATIVE HUMIDITY (PERCENT)
 HIGHEST    83
 LOWEST     58
 AVERAGE    71

..........................................................


THE AKRON CO CLIMATE NORMALS FOR TODAY
                         NORMAL    RECORD    YEAR
 MAXIMUM TEMPERATURE (F)   40        70      2015
 MINIMUM TEMPERATURE (F)   17       -19      1972


SUNRISE AND SUNSET
DECEMBER  9 2016......SUNRISE   704 AM MST   SUNSET   427 PM MST
DECEMBER 10 2016......SUNRISE   705 AM MST   SUNSET   427 PM MST


-  INDICATES NEGATIVE NUMBERS.
R  INDICATES RECORD WAS SET OR TIED.
MM INDICATES DATA IS MISSING.
T  INDICATES TRACE AMOUNT.




$$
