328
CDUS45 KBOU 070725
CLIAKO


CLIMATE REPORT
NATIONAL WEATHER SERVICE DENVER/BOULDER CO
1225 AM MST SUN FEB 7 2016


...................................

...THE AKRON CO CLIMATE SUMMARY FOR FEBRUARY 6 2016...

CLIMATE NORMAL PERIOD 1981 TO 2010
CLIMATE RECORD PERIOD 9999 TO 9999


WEATHER ITEM   OBSERVED TIME   RECORD YEAR NORMAL DEPARTURE LAST
                VALUE   (LST)  VALUE       VALUE  FROM      YEAR
                                                  NORMAL
..................................................................
TEMPERATURE (F)
 YESTERDAY
  MAXIMUM         38    502 PM  66    1950  41     -3
  MINIMUM         15    658 AM -13    2014  18     -3
  AVERAGE         27                        30     -3

PRECIPITATION (IN)
  YESTERDAY        0.00          0.04 1971   0.02  -0.02     0.00
  MONTH TO DATE    T                         0.09  -0.09     0.01
  SINCE DEC 1      0.11                      0.79  -0.68     0.44
  SINCE JAN 1      0.09                      0.39  -0.30     0.20

DEGREE DAYS
 HEATING
  YESTERDAY       38
  MONTH TO DATE  265

 COOLING
  YESTERDAY        0
  MONTH TO DATE    0
..................................................................


WIND (MPH)
  HIGHEST WIND SPEED    21   HIGHEST WIND DIRECTION     W (260)
  HIGHEST GUST SPEED    26   HIGHEST GUST DIRECTION    SW (240)




RELATIVE HUMIDITY (PERCENT)
 HIGHEST    72
 LOWEST     47
 AVERAGE    60

..........................................................


THE AKRON CO CLIMATE NORMALS FOR TODAY
                         NORMAL    RECORD    YEAR
 MAXIMUM TEMPERATURE (F)   41        72      2015
 MINIMUM TEMPERATURE (F)   18       -14      2014


SUNRISE AND SUNSET
FEBRUARY  7 2016......SUNRISE   656 AM MST   SUNSET   518 PM MST
FEBRUARY  8 2016......SUNRISE   655 AM MST   SUNSET   520 PM MST


-  INDICATES NEGATIVE NUMBERS.
R  INDICATES RECORD WAS SET OR TIED.
MM INDICATES DATA IS MISSING.
T  INDICATES TRACE AMOUNT.




$$
