000
CDUS45 KBOU 181103
CLIAKO

CLIMATE REPORT
NATIONAL WEATHER SERVICE BOULDER, CO
125 AM MDT THU SEP 18 2014


...................................

...THE AKRON CO CLIMATE SUMMARY FOR SEPTEMBER 17 2014...

CLIMATE NORMAL PERIOD 1981 TO 2010

WEATHER ITEM   OBSERVED TIME   RECORD YEAR NORMAL DEPARTURE LAST
                VALUE   (LST)  VALUE       VALUE  FROM      YEAR
                                                  NORMAL
..................................................................
TEMPERATURE (F)
 YESTERDAY
  MAXIMUM         89    246 PM  96    2000  76     13
  MINIMUM         51    527 AM  28    1965  49      2
  AVERAGE         70                        62      8

PRECIPITATION (IN)
  YESTERDAY        T             0.31 1993   0.03  -0.03     0.00
  MONTH TO DATE    0.31                      0.69  -0.38     1.69
  SINCE SEP 1      0.31                      0.69  -0.38     1.69
  SINCE JAN 1     15.91                     14.18   1.73    13.11

DEGREE DAYS
 HEATING
  YESTERDAY        0
  MONTH TO DATE   89

 COOLING
  YESTERDAY        5
  MONTH TO DATE   38
..................................................................


WIND (MPH)
  HIGHEST WIND SPEED    49   HIGHEST WIND DIRECTION    NW (320)
  HIGHEST GUST SPEED    81   HIGHEST GUST DIRECTION    NW (320)




RELATIVE HUMIDITY (PERCENT)
 HIGHEST    71
 LOWEST     20
 AVERAGE    46

..........................................................


THE AKRON CO CLIMATE NORMALS FOR TODAY
                         NORMAL    RECORD    YEAR
 MAXIMUM TEMPERATURE (F)   76        95      2000
 MINIMUM TEMPERATURE (F)   48        30      1942


SUNRISE AND SUNSET
SEPTEMBER 18 2014.....SUNRISE   637 AM MDT   SUNSET   657 PM MDT
SEPTEMBER 19 2014.....SUNRISE   638 AM MDT   SUNSET   655 PM MDT


-  INDICATES NEGATIVE NUMBERS.
R  INDICATES RECORD WAS SET OR TIED.
MM INDICATES DATA IS MISSING.
T  INDICATES TRACE AMOUNT.




$$
