000
CDUS45 KBOU 280725
CLIAKO


CLIMATE REPORT
NATIONAL WEATHER SERVICE BOULDER, CO
125 AM MDT FRI AUG 28 2015


...................................

...THE AKRON CO CLIMATE SUMMARY FOR AUGUST 27 2015...

CLIMATE NORMAL PERIOD 1981 TO 2010
CLIMATE RECORD PERIOD 9999 TO 9999


WEATHER ITEM   OBSERVED TIME   RECORD YEAR NORMAL DEPARTURE LAST
                VALUE   (LST)  VALUE       VALUE  FROM      YEAR
                                                  NORMAL
..................................................................
TEMPERATURE (F)
 YESTERDAY
  MAXIMUM         91    142 PM  98    2010  84      7
  MINIMUM         59   1159 PM  44    1944  56      3
  AVERAGE         75                        70      5

PRECIPITATION (IN)
  YESTERDAY        0.01          1.42 1955   0.06  -0.05     1.24
  MONTH TO DATE    0.65                      2.07  -1.42     4.78
  SINCE JUN 1      3.52                      7.08  -3.56    10.87
  SINCE JAN 1     11.53                     13.26  -1.73    15.57

DEGREE DAYS
 HEATING
  YESTERDAY        0
  MONTH TO DATE   14

 COOLING
  YESTERDAY       10
  MONTH TO DATE  250
..................................................................


WIND (MPH)
  HIGHEST WIND SPEED    28   HIGHEST WIND DIRECTION     N (360)
  HIGHEST GUST SPEED    36   HIGHEST GUST DIRECTION    NW (310)




RELATIVE HUMIDITY (PERCENT)
 HIGHEST    93
 LOWEST     23
 AVERAGE    58

..........................................................


THE AKRON CO CLIMATE NORMALS FOR TODAY
                         NORMAL    RECORD    YEAR
 MAXIMUM TEMPERATURE (F)   84        97      2011
 MINIMUM TEMPERATURE (F)   56        43      1964


SUNRISE AND SUNSET
AUGUST 28 2015........SUNRISE   616 AM MDT   SUNSET   731 PM MDT
AUGUST 29 2015........SUNRISE   617 AM MDT   SUNSET   730 PM MDT


-  INDICATES NEGATIVE NUMBERS.
R  INDICATES RECORD WAS SET OR TIED.
MM INDICATES DATA IS MISSING.
T  INDICATES TRACE AMOUNT.




$$
