000
CDUS45 KBOU 230804
CLIAKO


CLIMATE REPORT
NATIONAL WEATHER SERVICE DENVER/BOULDER CO
102 AM MST FRI FEB 23 2018


...................................

...THE AKRON CO CLIMATE SUMMARY FOR FEBRUARY 22 2018...

CLIMATE NORMAL PERIOD 1981 TO 2010
CLIMATE RECORD PERIOD 9999 TO 9999


WEATHER ITEM   OBSERVED TIME   RECORD YEAR NORMAL DEPARTURE LAST
                VALUE   (LST)  VALUE       VALUE  FROM      YEAR
                                                  NORMAL
..................................................................
TEMPERATURE (F)
 YESTERDAY
  MAXIMUM         30    335 PM  72    1996  45    -15
  MINIMUM         12    625 AM   0    1955  21     -9
  AVERAGE         21                        33    -12

PRECIPITATION (IN)
  YESTERDAY        T             0.11 1960   0.02  -0.02     0.00
  MONTH TO DATE    0.40                      0.32   0.08      T
  SINCE DEC 1      1.13                      1.02   0.11     0.25
  SINCE JAN 1      1.11                      0.62   0.49     0.11

SNOWFALL (IN)
  YESTERDAY       MM
  SNOW DEPTH       0

DEGREE DAYS
 HEATING
  YESTERDAY       44
  MONTH TO DATE  848

 COOLING
  YESTERDAY        0
  MONTH TO DATE    0
..................................................................


WIND (MPH)
  HIGHEST WIND SPEED    18   HIGHEST WIND DIRECTION     S (160)
  HIGHEST GUST SPEED    26   HIGHEST GUST DIRECTION     S (170)




RELATIVE HUMIDITY (PERCENT)
 HIGHEST    91
 LOWEST     61
 AVERAGE    76

..........................................................


THE AKRON CO CLIMATE NORMALS FOR TODAY
                         NORMAL    RECORD    YEAR
 MAXIMUM TEMPERATURE (F)   46        70      1958
 MINIMUM TEMPERATURE (F)   21       -13      1960


SUNRISE AND SUNSET
FEBRUARY 23 2018......SUNRISE   635 AM MST   SUNSET   538 PM MST
FEBRUARY 24 2018......SUNRISE   634 AM MST   SUNSET   539 PM MST


-  INDICATES NEGATIVE NUMBERS.
R  INDICATES RECORD WAS SET OR TIED.
MM INDICATES DATA IS MISSING.
T  INDICATES TRACE AMOUNT.




$$
