000
CDUS45 KBOU 011226
CLIAKO


CLIMATE REPORT
NATIONAL WEATHER SERVICE BOULDER, CO
626 AM MDT SAT AUG 1 2015


...................................

...THE AKRON CO CLIMATE SUMMARY FOR JULY 31 2015...

CLIMATE NORMAL PERIOD 1981 TO 2010
CLIMATE RECORD PERIOD 9999 TO 9999


WEATHER ITEM   OBSERVED TIME   RECORD YEAR NORMAL DEPARTURE LAST
                VALUE   (LST)  VALUE       VALUE  FROM      YEAR
                                                  NORMAL
..................................................................
TEMPERATURE (F)
 YESTERDAY
  MAXIMUM         91    224 PM 103    2002  88      3
  MINIMUM         57    425 AM  49    1995  60     -3
  AVERAGE         74                        74      0

PRECIPITATION (IN)
  YESTERDAY        0.00          1.58 1984   0.09  -0.09      T
  MONTH TO DATE    1.82                      2.55  -0.73     2.27
  SINCE JUN 1      2.87                      5.01  -2.14     6.09
  SINCE JAN 1     10.88                     11.19  -0.31    10.79

DEGREE DAYS
 HEATING
  YESTERDAY        0
  MONTH TO DATE    4

 COOLING
  YESTERDAY        9
  MONTH TO DATE  233
..................................................................


WIND (MPH)
  HIGHEST WIND SPEED    17   HIGHEST WIND DIRECTION     S (160)
  HIGHEST GUST SPEED    22   HIGHEST GUST DIRECTION    SE (120)




RELATIVE HUMIDITY (PERCENT)
 HIGHEST    93
 LOWEST     21
 AVERAGE    57

..........................................................


THE AKRON CO CLIMATE NORMALS FOR TODAY
                         NORMAL    RECORD    YEAR
 MAXIMUM TEMPERATURE (F)   88       109      1938
 MINIMUM TEMPERATURE (F)   60        47      1995


SUNRISE AND SUNSET
AUGUST  1 2015........SUNRISE   551 AM MDT   SUNSET   807 PM MDT
AUGUST  2 2015........SUNRISE   552 AM MDT   SUNSET   806 PM MDT


-  INDICATES NEGATIVE NUMBERS.
R  INDICATES RECORD WAS SET OR TIED.
MM INDICATES DATA IS MISSING.
T  INDICATES TRACE AMOUNT.




$$
