000
CDUS41 KALY 230643
CLIALB


CLIMATE REPORT
NATIONAL WEATHER SERVICE ALBANY NY
142 AM EST THU FEB 23 2017


...................................

...THE ALBANY NY CLIMATE SUMMARY FOR FEBRUARY 22 2017...

CLIMATE NORMAL PERIOD 1981 TO 2010
CLIMATE RECORD PERIOD 1874 TO 2017


WEATHER ITEM   OBSERVED TIME   RECORD YEAR NORMAL DEPARTURE LAST
                VALUE   (LST)  VALUE       VALUE  FROM      YEAR
                                                  NORMAL
..................................................................
TEMPERATURE (F)
 YESTERDAY
  MAXIMUM         57    354 PM  68    1997  36     21       40
  MINIMUM         38    542 AM  -8    1963  19     19       21
  AVERAGE         48                        28     20       31

PRECIPITATION (IN)
  YESTERDAY        T             1.48 1893   0.08  -0.08      T
  MONTH TO DATE    2.14                      1.69   0.45     1.53
  SINCE DEC 1      7.02                      7.21  -0.19     6.44
  SINCE JAN 1      5.27                      4.28   0.99     2.77

SNOWFALL (IN)
  YESTERDAY        0.0          14.8  1893   0.4   -0.4       T
  MONTH TO DATE   22.2                       9.7   12.5      4.5
  SINCE DEC 1     38.9                      41.3   -2.4     10.0
  SINCE JUL 1     41.2                      44.4   -3.2     10.0
  SNOW DEPTH       0

DEGREE DAYS
 HEATING
  YESTERDAY       17                        37    -20       34
  MONTH TO DATE  775                       875   -100      787
  SINCE DEC 1   2902                      3322   -420     2645
  SINCE JUL 1   4058                      4726   -668     3728

 COOLING
  YESTERDAY        0                         0      0        0
  MONTH TO DATE    0                         0      0        0
  SINCE DEC 1      0                         0      0        0
  SINCE JAN 1      0                         0      0        0
..................................................................


WIND (MPH)
  HIGHEST WIND SPEED    12   HIGHEST WIND DIRECTION     S (170)
  HIGHEST GUST SPEED    14   HIGHEST GUST DIRECTION     S (170)
  AVERAGE WIND SPEED     5.8


SKY COVER
  AVERAGE SKY COVER 0.6



RELATIVE HUMIDITY (PERCENT)
 HIGHEST    70
 LOWEST     43
 AVERAGE    57

..........................................................


THE ALBANY NY CLIMATE NORMALS FOR TODAY
                         NORMAL    RECORD    YEAR
 MAXIMUM TEMPERATURE (F)   37        62      1984
 MINIMUM TEMPERATURE (F)   19       -16      1972


SUNRISE AND SUNSET
FEBRUARY 23 2017......SUNRISE   640 AM EST   SUNSET   537 PM EST
FEBRUARY 24 2017......SUNRISE   639 AM EST   SUNSET   539 PM EST


-  INDICATES NEGATIVE NUMBERS.
R  INDICATES RECORD WAS SET OR TIED.
MM INDICATES DATA IS MISSING.
T  INDICATES TRACE AMOUNT.




$$
