000
CDUS41 KALY 260625
CLIALB


CLIMATE REPORT
NATIONAL WEATHER SERVICE ALBANY NY
224 AM EDT FRI MAY 26 2017


...................................

...THE ALBANY NY CLIMATE SUMMARY FOR MAY 25 2017...

CLIMATE NORMAL PERIOD 1981 TO 2010
CLIMATE RECORD PERIOD 1874 TO 2017


WEATHER ITEM   OBSERVED TIME   RECORD YEAR NORMAL DEPARTURE LAST
                VALUE   (LST)  VALUE       VALUE  FROM      YEAR
                                                  NORMAL
..................................................................
TEMPERATURE (F)
 YESTERDAY
  MAXIMUM         62   1020 AM  94    1981  72    -10       88
  MINIMUM         54   1159 PM  30    1956  50      4       51
  AVERAGE         58                        61     -3       70

PRECIPITATION (IN)
  YESTERDAY        0.41          0.91 1874   0.13   0.28      T
  MONTH TO DATE    4.27                      2.86   1.41     1.82
  SINCE MAR 1     11.22                      9.24   1.98     4.84
  SINCE JAN 1     17.20                     14.03   3.17    10.15

SNOWFALL (IN)
  YESTERDAY        0.0           0.0    MM   0.0    0.0      0.0
  MONTH TO DATE    T                         0.1   -0.1      0.0
  SINCE MAR 1     19.6                      13.4    6.2      6.6
  SINCE JUL 1     60.8                      60.3    0.5     16.9
  SNOW DEPTH       0

DEGREE DAYS
 HEATING
  YESTERDAY        7                         5      2        0
  MONTH TO DATE  232                       207     25      236
  SINCE MAR 1   1630                      1656    -26     1487
  SINCE JUL 1   5793                      6600   -807     5416

 COOLING
  YESTERDAY        0                         1     -1        5
  MONTH TO DATE   24                        14     10        6
  SINCE MAR 1     46                        18     28        8
  SINCE JAN 1     46                        18     28        8
..................................................................


WIND (MPH)
  HIGHEST WIND SPEED    14   HIGHEST WIND DIRECTION     E (100)
  HIGHEST GUST SPEED    22   HIGHEST GUST DIRECTION     E (90)
  AVERAGE WIND SPEED     5.7


SKY COVER
  AVERAGE SKY COVER 1.0



RELATIVE HUMIDITY (PERCENT)
 HIGHEST    86
 LOWEST     60
 AVERAGE    73

..........................................................


THE ALBANY NY CLIMATE NORMALS FOR TODAY
                         NORMAL    RECORD    YEAR
 MAXIMUM TEMPERATURE (F)   72        94      2010
                                             1914
 MINIMUM TEMPERATURE (F)   50        38      1972


SUNRISE AND SUNSET
MAY 26 2017...........SUNRISE   523 AM EDT   SUNSET   822 PM EDT
MAY 27 2017...........SUNRISE   522 AM EDT   SUNSET   823 PM EDT


-  INDICATES NEGATIVE NUMBERS.
R  INDICATES RECORD WAS SET OR TIED.
MM INDICATES DATA IS MISSING.
T  INDICATES TRACE AMOUNT.




$$
