000
CDUS41 KALY 280625
CLIALB


CLIMATE REPORT
NATIONAL WEATHER SERVICE ALBANY NY
123 AM EST SUN DEC 28 2014


...................................

...THE ALBANY NY CLIMATE SUMMARY FOR DECEMBER 27 2014...

CLIMATE NORMAL PERIOD 1981 TO 2010
CLIMATE RECORD PERIOD 1874 TO 2014


WEATHER ITEM   OBSERVED TIME   RECORD YEAR NORMAL DEPARTURE LAST
                VALUE   (LST)  VALUE       VALUE  FROM      YEAR
                                                  NORMAL
..................................................................
TEMPERATURE (F)
 YESTERDAY
  MAXIMUM         50    348 PM  60    1895  32     18       34
  MINIMUM         25    254 AM -18    1914  17      8       20
  AVERAGE         38                        25     13       27

PRECIPITATION (IN)
  YESTERDAY        T             1.60 1894   0.09  -0.09      T
  MONTH TO DATE    4.75                      2.60   2.15     2.47
  SINCE DEC 1      4.75                      2.60   2.15     2.47
  SINCE JAN 1     39.08                     39.02   0.06    42.92

SNOWFALL (IN)
  YESTERDAY        0.0          15.0  1894   0.5   -0.5       T
  MONTH TO DATE   12.2                      11.5    0.7     18.8
  SINCE DEC 1     12.2                      11.5    0.7     18.8
  SINCE JUL 1     24.5                      14.3   10.2     20.9
  SNOW DEPTH       0

DEGREE DAYS
 HEATING
  YESTERDAY       27                        40    -13       38
  MONTH TO DATE  851                       967   -116     1004
  SINCE DEC 1    851                       967   -116     1004
  SINCE JUL 1   2126                      2371   -245     2374

 COOLING
  YESTERDAY        0                         0      0        0
  MONTH TO DATE    0                         0      0        0
  SINCE DEC 1      0                         0      0        0
  SINCE JAN 1    659                       598     61      763
..................................................................


WIND (MPH)
  HIGHEST WIND SPEED    17   HIGHEST WIND DIRECTION     S (180)
  HIGHEST GUST SPEED    23   HIGHEST GUST DIRECTION    SE (150)
  AVERAGE WIND SPEED     4.7


SKY COVER
  AVERAGE SKY COVER 0.7



RELATIVE HUMIDITY (PERCENT)
 HIGHEST    88
 LOWEST     56
 AVERAGE    72

..........................................................


THE ALBANY NY CLIMATE NORMALS FOR TODAY
                         NORMAL    RECORD    YEAR
 MAXIMUM TEMPERATURE (F)   32        61      1982
 MINIMUM TEMPERATURE (F)   17       -14      1951


SUNRISE AND SUNSET
DECEMBER 28 2014......SUNRISE   725 AM EST   SUNSET   429 PM EST
DECEMBER 29 2014......SUNRISE   725 AM EST   SUNSET   429 PM EST


-  INDICATES NEGATIVE NUMBERS.
R  INDICATES RECORD WAS SET OR TIED.
MM INDICATES DATA IS MISSING.
T  INDICATES TRACE AMOUNT.




$$
