000
CDUS43 KDMX 010634 RRA
CLIALO

CLIMATE REPORT
NATIONAL WEATHER SERVICE DES MOINES IA
133 AM CDT WED OCT 1 2014


...................................

...THE WATERLOO IA CLIMATE SUMMARY FOR SEPTEMBER 30 2014...

CLIMATE NORMAL PERIOD 1981 TO 2010
CLIMATE RECORD PERIOD 1895 TO 2014


WEATHER ITEM   OBSERVED TIME   RECORD YEAR NORMAL DEPARTURE LAST
                VALUE   (LST)  VALUE       VALUE  FROM      YEAR
                                                  NORMAL
..................................................................
TEMPERATURE (F)
 YESTERDAY
  MAXIMUM         66    350 PM  92    1897  69     -3       76
  MINIMUM         51    249 AM  19    1899  44      7       50
  AVERAGE         59                        57      2       63

PRECIPITATION (IN)
  YESTERDAY        0.00          1.69 2007   0.08  -0.08     0.00
  MONTH TO DATE    1.66                      2.63  -0.97     1.48
  SINCE SEP 1      1.66                      2.63  -0.97     1.48
  SINCE JAN 1     28.95                     28.91   0.04    35.70

SNOWFALL (IN)
  YESTERDAY        0.0          MM      MM   0.0    0.0      0.0
  MONTH TO DATE    0.0                       0.0    0.0      0.0
  SINCE SEP 1      0.0                       0.0    0.0      0.0
  SINCE JUL 1      0.0                       0.0    0.0      0.0
  SNOW DEPTH       0

DEGREE DAYS
 HEATING
  YESTERDAY        6                         9     -3        2
  MONTH TO DATE  151                       139     12      102
  SINCE SEP 1    151                       138     13      102
  SINCE JUL 1    168                       158     10      122

 COOLING
  YESTERDAY        0                         1     -1        0
  MONTH TO DATE   51                        78    -27      133
  SINCE SEP 1     51                        78    -27      133
  SINCE JAN 1    658                       790   -132      829
..................................................................


WIND (MPH)
  HIGHEST WIND SPEED    17   HIGHEST WIND DIRECTION     E (110)
  HIGHEST GUST SPEED    23   HIGHEST GUST DIRECTION    SE (120)
  AVERAGE WIND SPEED    11.6


SKY COVER
  POSSIBLE SUNSHINE  MM
  AVERAGE SKY COVER 0.6


WEATHER CONDITIONS
 THE FOLLOWING WEATHER WAS RECORDED YESTERDAY.
  NO SIGNIFICANT WEATHER WAS OBSERVED.


RELATIVE HUMIDITY (PERCENT)
 HIGHEST    96           600 AM
 LOWEST     63           300 PM
 AVERAGE    80

..........................................................


THE WATERLOO IA CLIMATE NORMALS FOR TODAY
                         NORMAL    RECORD    YEAR
 MAXIMUM TEMPERATURE (F)   69        91      1897
 MINIMUM TEMPERATURE (F)   44        23      2003


SUNRISE AND SUNSET
OCTOBER  1 2014.......SUNRISE   707 AM CDT   SUNSET   651 PM CDT
OCTOBER  2 2014.......SUNRISE   708 AM CDT   SUNSET   649 PM CDT


-  INDICATES NEGATIVE NUMBERS.
R  INDICATES RECORD WAS SET OR TIED.
MM INDICATES DATA IS MISSING.
T  INDICATES TRACE AMOUNT.




$$
