000
CDUS45 KPUB 260043
CLIALS


CLIMATE REPORT
NATIONAL WEATHER SERVICE PUEBLO
543 PM MST SAT FEB 25 2017


...................................

...THE ALAMOSA CO CLIMATE SUMMARY FOR FEBRUARY 25 2017...
VALID TODAY AS OF 0500 PM LOCAL TIME.

CLIMATE NORMAL PERIOD 1981 TO 2010
CLIMATE RECORD PERIOD 1932 TO 2017


WEATHER ITEM   OBSERVED TIME   RECORD YEAR NORMAL DEPARTURE LAST
                VALUE   (LST)  VALUE       VALUE  FROM      YEAR
                                                  NORMAL
..................................................................
TEMPERATURE (F)
 TODAY
  MAXIMUM         37    251 PM  66    1986  43     -6       49
  MINIMUM          7    648 AM -23    1960  10     -3       10
  AVERAGE         22                        27     -5       30

PRECIPITATION (IN)
  TODAY            0.00          0.26 1949   0.01  -0.01     0.00
  MONTH TO DATE    0.27                      0.23   0.04     0.40
  SINCE DEC 1      2.71                      0.84   1.87     1.23
  SINCE JAN 1      1.63                      0.49   1.14     0.98

SNOWFALL (IN)
  TODAY            0.0           3.1  1977   0.1   -0.1      0.0
  MONTH TO DATE    2.1                       3.4   -1.3      4.1
  SINCE DEC 1     34.2                      11.9   22.3     14.5
  SINCE JUL 1     35.2                      17.7   17.5     18.8
  SNOW DEPTH       0

DEGREE DAYS
 HEATING
  TODAY           43                        38      5       35
  MONTH TO DATE  881                      1069   -188      940
  SINCE DEC 1   3818                      4041   -223     3876
  SINCE JUL 1   5682                      6216   -534     5654

 COOLING
  TODAY            0                         0      0        0
  MONTH TO DATE    0                         0      0        0
  SINCE DEC 1      0                         0      0        0
  SINCE JAN 1      0                         0      0        0
..................................................................


WIND (MPH)
  HIGHEST WIND SPEED    26   HIGHEST WIND DIRECTION    SW (230)
  HIGHEST GUST SPEED    36   HIGHEST GUST DIRECTION    SW (230)
  AVERAGE WIND SPEED     6.2


SKY COVER
  POSSIBLE SUNSHINE  MM
  AVERAGE SKY COVER 0.0


WEATHER CONDITIONS
 THE FOLLOWING WEATHER WAS RECORDED TODAY.
  NO SIGNIFICANT WEATHER WAS OBSERVED.


RELATIVE HUMIDITY (PERCENT)
 HIGHEST    92           100 AM
 LOWEST     27           300 PM
 AVERAGE    60

..........................................................


THE ALAMOSA CO CLIMATE NORMALS FOR TOMORROW
                         NORMAL    RECORD    YEAR
 MAXIMUM TEMPERATURE (F)   44        65      1986
 MINIMUM TEMPERATURE (F)   11       -16      1977


SUNRISE AND SUNSET
FEBRUARY 25 2017......SUNRISE   640 AM MST   SUNSET   554 PM MST
FEBRUARY 26 2017......SUNRISE   638 AM MST   SUNSET   555 PM MST


-  INDICATES NEGATIVE NUMBERS.
R  INDICATES RECORD WAS SET OR TIED.
MM INDICATES DATA IS MISSING.
T  INDICATES TRACE AMOUNT.




$$
