000
CDUS45 KPUB 290021
CLIALS


CLIMATE REPORT
NATIONAL WEATHER SERVICE PUEBLO
521 PM MST FRI NOV 28 2014


...................................

...THE ALAMOSA CO CLIMATE SUMMARY FOR NOVEMBER 28 2014...
VALID TODAY AS OF 0500 PM LOCAL TIME.

CLIMATE NORMAL PERIOD 1981 TO 2010
CLIMATE RECORD PERIOD 1932 TO 2014


WEATHER ITEM   OBSERVED TIME   RECORD YEAR NORMAL DEPARTURE LAST
                VALUE   (LST)  VALUE       VALUE  FROM      YEAR
                                                  NORMAL
..................................................................
TEMPERATURE (F)
 TODAY
  MAXIMUM         60    319 PM  65    1949  40     20       13
  MINIMUM          5    659 AM -23    1976   6     -1      -12
  AVERAGE         33                        23     10        1

PRECIPITATION (IN)
  TODAY            0.00          0.40 1997   0.01  -0.01     0.00
  MONTH TO DATE    0.34                      0.40  -0.06     1.63
  SINCE SEP 1      1.45                      1.99  -0.54     5.14
  SINCE JAN 1      5.33                      6.94  -1.61    10.01

SNOWFALL (IN)
  TODAY            0.0           4.5  1997   0.1   -0.1      0.0
  MONTH TO DATE    1.6                       3.4   -1.8     18.1
  SINCE SEP 1      1.6                       5.5   -3.9     21.6
  SINCE JUL 1      1.6                       5.5   -3.9     21.6
  SNOW DEPTH       0

DEGREE DAYS
 HEATING
  TODAY           32                        42    -10       64
  MONTH TO DATE  934                       980    -46      976
  SINCE SEP 1   1669                      1961   -292     1900
  SINCE JUL 1   1790                      2090   -300     1975

 COOLING
  TODAY            0                         0      0        0
  MONTH TO DATE    0                         0      0        0
  SINCE SEP 1      0                         0      0       14
  SINCE JAN 1     60                        51      9      113
..................................................................


WIND (MPH)
  HIGHEST WIND SPEED    16   HIGHEST WIND DIRECTION    SW (220)
  HIGHEST GUST SPEED    18   HIGHEST GUST DIRECTION    SW (220)
  AVERAGE WIND SPEED     2.5


SKY COVER
  POSSIBLE SUNSHINE  MM
  AVERAGE SKY COVER 0.0


WEATHER CONDITIONS
 THE FOLLOWING WEATHER WAS RECORDED TODAY.
  NO SIGNIFICANT WEATHER WAS OBSERVED.


RELATIVE HUMIDITY (PERCENT)
 HIGHEST    88           500 AM
 LOWEST     13           400 PM
 AVERAGE    51

..........................................................


THE ALAMOSA CO CLIMATE NORMALS FOR TOMORROW
                         NORMAL    RECORD    YEAR
 MAXIMUM TEMPERATURE (F)   40        62      1942
 MINIMUM TEMPERATURE (F)    6       -27      1952


SUNRISE AND SUNSET
NOVEMBER 28 2014......SUNRISE   656 AM MST   SUNSET   446 PM MST
NOVEMBER 29 2014......SUNRISE   657 AM MST   SUNSET   446 PM MST


-  INDICATES NEGATIVE NUMBERS.
R  INDICATES RECORD WAS SET OR TIED.
MM INDICATES DATA IS MISSING.
T  INDICATES TRACE AMOUNT.




$$
