000
CDUS45 KPUB 311135
CLIALS


CLIMATE REPORT
NATIONAL WEATHER SERVICE PUEBLO
435 AM MST SAT JAN 31 2015


...................................

...THE ALAMOSA CO CLIMATE SUMMARY FOR JANUARY 30 2015...

CLIMATE NORMAL PERIOD 1981 TO 2010
CLIMATE RECORD PERIOD 1932 TO 2015


WEATHER ITEM   OBSERVED TIME   RECORD YEAR NORMAL DEPARTURE LAST
                VALUE   (LST)  VALUE       VALUE  FROM      YEAR
                                                  NORMAL
..................................................................
TEMPERATURE (F)
 YESTERDAY
  MAXIMUM         34   1204 AM  59    1986  36     -2       42
  MINIMUM         27    633 AM -32    1979   0     27        7
  AVERAGE         31                        18     13       25

PRECIPITATION (IN)
  YESTERDAY        0.19          0.24 2002   0.01   0.18     0.00
  MONTH TO DATE    0.29                      0.25   0.04      T
  SINCE DEC 1      0.50                      0.60  -0.10     0.17
  SINCE JAN 1      0.29                      0.25   0.04      T

SNOWFALL (IN)
  YESTERDAY        2.0           3.5  1941   0.2    1.8      0.0
  MONTH TO DATE    3.0                       3.9   -0.9       T
  SINCE DEC 1      5.3                       8.4   -3.1      4.0
  SINCE JUL 1      6.9                      14.2   -7.3     25.6
  SNOW DEPTH       1

DEGREE DAYS
 HEATING
  YESTERDAY       34                        47    -13       40
  MONTH TO DATE 1274                      1459   -185     1626
  SINCE DEC 1   2583                      2921   -338     3409
  SINCE JUL 1   4426                      5096   -670     5509

 COOLING
  YESTERDAY        0                         0      0        0
  MONTH TO DATE    0                         0      0        0
  SINCE DEC 1      0                         0      0        0
  SINCE JAN 1      0                         0      0        0
..................................................................


WIND (MPH)
  HIGHEST WIND SPEED    15   HIGHEST WIND DIRECTION     S (180)
  HIGHEST GUST SPEED    19   HIGHEST GUST DIRECTION     S (170)
  AVERAGE WIND SPEED     3.3


SKY COVER
  POSSIBLE SUNSHINE  MM
  AVERAGE SKY COVER 1.0


WEATHER CONDITIONS
 THE FOLLOWING WEATHER WAS RECORDED YESTERDAY.
  SNOW
  LIGHT SNOW
  FOG


RELATIVE HUMIDITY (PERCENT)
 HIGHEST    92           200 AM
 LOWEST     70          1200 AM
 AVERAGE    81

..........................................................


THE ALAMOSA CO CLIMATE NORMALS FOR TODAY
                         NORMAL    RECORD    YEAR
 MAXIMUM TEMPERATURE (F)   36        57      1971
 MINIMUM TEMPERATURE (F)    0       -39      1979


SUNRISE AND SUNSET
JANUARY 31 2015.......SUNRISE   708 AM MST   SUNSET   526 PM MST
FEBRUARY  1 2015......SUNRISE   707 AM MST   SUNSET   528 PM MST


-  INDICATES NEGATIVE NUMBERS.
R  INDICATES RECORD WAS SET OR TIED.
MM INDICATES DATA IS MISSING.
T  INDICATES TRACE AMOUNT.




$$
