491
CDUS45 KPUB 291056
CLIALS


CLIMATE REPORT
NATIONAL WEATHER SERVICE PUEBLO
454 AM MDT SUN MAY 29 2016


...................................

...THE ALAMOSA CO CLIMATE SUMMARY FOR MAY 28 2016...

CLIMATE NORMAL PERIOD 1981 TO 2010
CLIMATE RECORD PERIOD 1932 TO 2016


WEATHER ITEM   OBSERVED TIME   RECORD YEAR NORMAL DEPARTURE LAST
                VALUE   (LST)  VALUE       VALUE  FROM      YEAR
                                                  NORMAL
..................................................................
TEMPERATURE (F)
 YESTERDAY
  MAXIMUM         66    209 PM  86    2000  73     -7       73
  MINIMUM         31    500 AM  21    2012  36     -5       37
  AVERAGE         49                        55     -6       55

PRECIPITATION (IN)
  YESTERDAY        0.00          0.44 1934   0.02  -0.02      T
  MONTH TO DATE    1.12                      0.53   0.59     1.77
  SINCE MAR 1      3.39                      1.65   1.74     2.60
  SINCE JAN 1      4.37                      2.17   2.20     3.94

SNOWFALL (IN)
  YESTERDAY        0.0           T    1962   0.0    0.0      0.0
  MONTH TO DATE    0.8                       0.9   -0.1       T
  SINCE MAR 1     24.2                       9.5   14.7      0.7
  SINCE JUL 1     43.0                      27.6   15.4     23.8
  SNOW DEPTH       0

DEGREE DAYS
 HEATING
  YESTERDAY       16                        10      6       10
  MONTH TO DATE  414                       397     17      431
  SINCE MAR 1   2016                      2068    -52     1856
  SINCE JUL 1   7782                      8397   -615     7348

 COOLING
  YESTERDAY        0                         0      0        0
  MONTH TO DATE    0                         0      0        0
  SINCE MAR 1      0                         0      0        0
  SINCE JAN 1      0                         0      0        0
..................................................................


WIND (MPH)
  HIGHEST WIND SPEED    31   HIGHEST WIND DIRECTION    NW (310)
  HIGHEST GUST SPEED    40   HIGHEST GUST DIRECTION    NW (310)
  AVERAGE WIND SPEED     5.3


SKY COVER
  POSSIBLE SUNSHINE  MM
  AVERAGE SKY COVER 0.1


WEATHER CONDITIONS
 THE FOLLOWING WEATHER WAS RECORDED YESTERDAY.
  FOG


RELATIVE HUMIDITY (PERCENT)
 HIGHEST   100           100 AM
 LOWEST     28           200 PM
 AVERAGE    64

..........................................................


THE ALAMOSA CO CLIMATE NORMALS FOR TODAY
                         NORMAL    RECORD    YEAR
 MAXIMUM TEMPERATURE (F)   73        89      2000
 MINIMUM TEMPERATURE (F)   37        24      1996


SUNRISE AND SUNSET
MAY 29 2016...........SUNRISE   545 AM MDT   SUNSET   817 PM MDT
MAY 30 2016...........SUNRISE   545 AM MDT   SUNSET   818 PM MDT


-  INDICATES NEGATIVE NUMBERS.
R  INDICATES RECORD WAS SET OR TIED.
MM INDICATES DATA IS MISSING.
T  INDICATES TRACE AMOUNT.




$$
