000
CDUS44 KAMA 171506
CLIAMA


CLIMATE REPORT
NATIONAL WEATHER SERVICE AMARILLO TX
905 AM CST FRI NOV 17 2017


...................................

...THE AMARILLO CLIMATE SUMMARY FOR NOVEMBER 17 2017...
VALID AS OF 0900 AM LOCAL TIME.

CLIMATE NORMAL PERIOD 1981 TO 2010
CLIMATE RECORD PERIOD 1892 TO 2017


WEATHER ITEM   OBSERVED TIME   RECORD YEAR NORMAL DEPARTURE LAST
                VALUE   (LST)  VALUE       VALUE  FROM      YEAR
                                                  NORMAL
..................................................................
TEMPERATURE (F)
 TODAY
  MINIMUM         54    310 AM   9    2014  32     22       45

PRECIPITATION (IN)
  TODAY            0.00          1.11 1971   0.03  -0.03     0.00
  MONTH TO DATE    T                         0.53  -0.53     1.05
  SINCE SEP 1      5.60                      4.11   1.49     2.00
  SINCE JAN 1     26.48                     19.38   7.10    16.88

SNOWFALL (IN)
  TODAY            0.0           7.6  1962   0.0    0.0      0.0
  MONTH TO DATE    T                         1.1   -1.1      0.0
  SINCE SEP 1      T                         1.3   -1.3      0.0
  SINCE JUL 1      T                         1.3   -1.3       T
  SNOW DEPTH       0

..................................................................


WIND (MPH)
  RESULTANT WIND SPEED  15   RESULTANT WIND DIRECTION  SW (240)
  HIGHEST WIND SPEED    22   HIGHEST WIND DIRECTION    SW (230)
  HIGHEST GUST SPEED    29   HIGHEST GUST DIRECTION    SW (240)
  AVERAGE WIND SPEED    15.0


SKY COVER
  AVERAGE SKY COVER 0.0


WEATHER CONDITIONS
 THE FOLLOWING WEATHER WAS RECORDED TODAY.
  NO SIGNIFICANT WEATHER WAS OBSERVED.


RELATIVE HUMIDITY (PERCENT)
 HIGHEST    55           300 AM
 LOWEST     37           800 AM
 AVERAGE    46

..........................................................


THE AMARILLO CLIMATE NORMALS FOR TOMORROW
                         NORMAL    RECORD    YEAR
 MAXIMUM TEMPERATURE (F)   59        81      1942
 MINIMUM TEMPERATURE (F)   31        11      1903


SUNRISE AND SUNSET
NOVEMBER 17 2017......SUNRISE   724 AM CST   SUNSET   539 PM CST
NOVEMBER 18 2017......SUNRISE   725 AM CST   SUNSET   539 PM CST


-  INDICATES NEGATIVE NUMBERS.
R  INDICATES RECORD WAS SET OR TIED.
MM INDICATES DATA IS MISSING.
T  INDICATES TRACE AMOUNT.




$$
