000
CDUS44 KAMA 240742
CLIAMA


CLIMATE REPORT
NATIONAL WEATHER SERVICE AMARILLO TX
141 AM CST TUE JAN 24 2017


...................................

...THE AMARILLO CLIMATE SUMMARY FOR JANUARY 23 2017...

CLIMATE NORMAL PERIOD 1981 TO 2010
CLIMATE RECORD PERIOD 1892 TO 2017


WEATHER ITEM   OBSERVED TIME   RECORD YEAR NORMAL DEPARTURE LAST
                VALUE   (LST)  VALUE       VALUE  FROM      YEAR
                                                  NORMAL
..................................................................
TEMPERATURE (F)
 YESTERDAY
  MAXIMUM         70    409 PM  77    1972  51     19       70
  MINIMUM         32    720 AM  -4    1966  24      8       25
  AVERAGE         51                        37     14       48

PRECIPITATION (IN)
  YESTERDAY        0.00          0.32 1921   0.03  -0.03     0.00
  MONTH TO DATE    3.17                      0.50   2.67     0.19
  SINCE DEC 1      3.44                      1.21   2.23     0.97
  SINCE JAN 1      3.17                      0.50   2.67     0.19

SNOWFALL (IN)
  YESTERDAY        0.0           2.2  1965   0.2   -0.2      0.0
  MONTH TO DATE    6.4                       3.2    3.2      1.4
  SINCE DEC 1      6.9                       6.9    0.0      7.6
  SINCE JUL 1      6.9                       9.6   -2.7      8.9
  SNOW DEPTH       0

DEGREE DAYS
 HEATING
  YESTERDAY       14                        28    -14       17
  MONTH TO DATE  584                       650    -66      658
  SINCE DEC 1   1410                      1523   -113     1393
  SINCE JUL 1   1875                      2367   -492     2052

 COOLING
  YESTERDAY        0                         0      0        0
  MONTH TO DATE    0                         0      0        0
  SINCE DEC 1      0                         0      0        0
  SINCE JAN 1      0                         0      0        0
..................................................................


WIND (MPH)
  RESULTANT WIND SPEED  12   RESULTANT WIND DIRECTION  SW (230)
  HIGHEST WIND SPEED    32   HIGHEST WIND DIRECTION     W (260)
  HIGHEST GUST SPEED    39   HIGHEST GUST DIRECTION     W (260)
  AVERAGE WIND SPEED    15.2


SKY COVER
  AVERAGE SKY COVER 0.0


WEATHER CONDITIONS
 THE FOLLOWING WEATHER WAS RECORDED YESTERDAY.
  NO SIGNIFICANT WEATHER WAS OBSERVED.


RELATIVE HUMIDITY (PERCENT)
 HIGHEST    75           700 AM
 LOWEST     25           300 PM
 AVERAGE    50

..........................................................


THE AMARILLO CLIMATE NORMALS FOR TODAY
                         NORMAL    RECORD    YEAR
 MAXIMUM TEMPERATURE (F)   51        79      1970
 MINIMUM TEMPERATURE (F)   24        -2      1894


SUNRISE AND SUNSET
JANUARY 24 2017.......SUNRISE   751 AM CST   SUNSET   607 PM CST
JANUARY 25 2017.......SUNRISE   750 AM CST   SUNSET   608 PM CST


-  INDICATES NEGATIVE NUMBERS.
R  INDICATES RECORD WAS SET OR TIED.
MM INDICATES DATA IS MISSING.
T  INDICATES TRACE AMOUNT.




$$
