000
CDUS44 KAMA 310634
CLIAMA


CLIMATE REPORT
NATIONAL WEATHER SERVICE AMARILLO TX
134 AM CDT FRI JUL 31 2015


...................................

...THE AMARILLO CLIMATE SUMMARY FOR JULY 30 2015...

CLIMATE NORMAL PERIOD 1981 TO 2010
CLIMATE RECORD PERIOD 1892 TO 2015


WEATHER ITEM   OBSERVED TIME   RECORD YEAR NORMAL DEPARTURE LAST
                VALUE   (LST)  VALUE       VALUE  FROM      YEAR
                                                  NORMAL
..................................................................
TEMPERATURE (F)
 YESTERDAY
  MAXIMUM         84    603 PM 104    1969  91     -7       81
  MINIMUM         68    700 AM  55    1971  65      3       63
  AVERAGE         76                        78     -2       72

PRECIPITATION (IN)
  YESTERDAY        0.00          2.19 1982   0.11  -0.11     0.18
  MONTH TO DATE    5.85                      2.74   3.11     1.82
  SINCE JUN 1      9.74                      5.90   3.84     7.22
  SINCE JAN 1     24.29                     12.26  12.03    11.93

SNOWFALL (IN)
  YESTERDAY        0.0           T    1996   0.0    0.0      0.0
  MONTH TO DATE    0.0                       0.0    0.0      0.0
  SINCE JUN 1      0.0                       0.0    0.0      0.0
  SINCE JUL 1      0.0                       0.0    0.0      0.0
  SNOW DEPTH       0

DEGREE DAYS
 HEATING
  YESTERDAY        0                         0      0        0
  MONTH TO DATE    0                         0      0        0
  SINCE JUN 1      0                         7     -7        4
  SINCE JUL 1      0                         0      0        0

 COOLING
  YESTERDAY       11                        13     -2        7
  MONTH TO DATE  406                       398      8      358
  SINCE JUN 1    715                       686     29      676
  SINCE JAN 1    764                       811    -47      873
..................................................................


WIND (MPH)
  RESULTANT WIND SPEED   5   RESULTANT WIND DIRECTION   N (20)
  HIGHEST WIND SPEED    20   HIGHEST WIND DIRECTION    NE (30)
  HIGHEST GUST SPEED    24   HIGHEST GUST DIRECTION    NW (310)
  AVERAGE WIND SPEED     9.2


SKY COVER
  AVERAGE SKY COVER 0.3


WEATHER CONDITIONS
 THE FOLLOWING WEATHER WAS RECORDED YESTERDAY.
  FOG


RELATIVE HUMIDITY (PERCENT)
 HIGHEST    97           200 AM
 LOWEST     58          1100 AM
 AVERAGE    78

..........................................................


THE AMARILLO CLIMATE NORMALS FOR TODAY
                         NORMAL    RECORD    YEAR
 MAXIMUM TEMPERATURE (F)   91       105      1934
 MINIMUM TEMPERATURE (F)   65        54      1971


SUNRISE AND SUNSET
JULY 31 2015..........SUNRISE   655 AM CDT   SUNSET   851 PM CDT
AUGUST  1 2015........SUNRISE   656 AM CDT   SUNSET   850 PM CDT


-  INDICATES NEGATIVE NUMBERS.
R  INDICATES RECORD WAS SET OR TIED.
MM INDICATES DATA IS MISSING.
T  INDICATES TRACE AMOUNT.




$$
