000
CDUS44 KAMA 202128
CLIAMA


CLIMATE REPORT
NATIONAL WEATHER SERVICE AMARILLO TX
426 PM CDT WED SEP 20 2017


...................................

...THE AMARILLO CLIMATE SUMMARY FOR SEPTEMBER 20 2017...
VALID TODAY AS OF 0400 PM LOCAL TIME.

CLIMATE NORMAL PERIOD 1981 TO 2010
CLIMATE RECORD PERIOD 1892 TO 2017


WEATHER ITEM   OBSERVED TIME   RECORD YEAR NORMAL DEPARTURE LAST
                VALUE   (LST)  VALUE       VALUE  FROM      YEAR
                                                  NORMAL
..................................................................
TEMPERATURE (F)
 TODAY
  MAXIMUM         82    325 PM  97    1977  81      1       92
                                      1956
  MINIMUM         54    656 AM  37    1983  55     -1       62
                                      1918
  AVERAGE         68                        68      0       77

PRECIPITATION (IN)
  TODAY            0.00          1.16 1955   0.06  -0.06     0.00
  MONTH TO DATE    0.14                      1.31  -1.17     0.82
  SINCE SEP 1      0.14                      1.31  -1.17     0.82
  SINCE JAN 1     21.02                     16.58   4.44    15.70

SNOWFALL (IN)
  TODAY            0.0           T    1955   0.0    0.0      0.0
  MONTH TO DATE    0.0                       0.0    0.0      0.0
  SINCE SEP 1      0.0                       0.0    0.0      0.0
  SINCE JUL 1      T                         0.0    0.0       T
  SNOW DEPTH       0

DEGREE DAYS
 HEATING
  TODAY            0                         2     -2        0
  MONTH TO DATE    2                        14    -12        1
  SINCE SEP 1      2                        14    -12        1
  SINCE JUL 1      2                        15    -13        1

 COOLING
  TODAY            3                         5     -2       12
  MONTH TO DATE  145                       144      1      168
  SINCE SEP 1    145                       144      1      168
  SINCE JAN 1   1392                      1336     56     1542
..................................................................


WIND (MPH)
  RESULTANT WIND SPEED   4   RESULTANT WIND DIRECTION  NW (310)
  HIGHEST WIND SPEED    20   HIGHEST WIND DIRECTION     N (340)
  HIGHEST GUST SPEED    23   HIGHEST GUST DIRECTION     N (350)
  AVERAGE WIND SPEED     9.9


SKY COVER
  AVERAGE SKY COVER 0.0


WEATHER CONDITIONS
 THE FOLLOWING WEATHER WAS RECORDED TODAY.
  NO SIGNIFICANT WEATHER WAS OBSERVED.


RELATIVE HUMIDITY (PERCENT)
 HIGHEST    64           400 AM
 LOWEST     26           300 PM
 AVERAGE    45

..........................................................


THE AMARILLO CLIMATE NORMALS FOR TOMORROW
                         NORMAL    RECORD    YEAR
 MAXIMUM TEMPERATURE (F)   81        97      1980
                                             1930
 MINIMUM TEMPERATURE (F)   54        31      1983


SUNRISE AND SUNSET
SEPTEMBER 20 2017.....SUNRISE   733 AM CDT   SUNSET   746 PM CDT
SEPTEMBER 21 2017.....SUNRISE   734 AM CDT   SUNSET   745 PM CDT


-  INDICATES NEGATIVE NUMBERS.
R  INDICATES RECORD WAS SET OR TIED.
MM INDICATES DATA IS MISSING.
T  INDICATES TRACE AMOUNT.




$$
