000
CDUS44 KAMA 270633
CLIAMA


CLIMATE REPORT
NATIONAL WEATHER SERVICE AMARILLO TX
132 AM CDT THU APR 27 2017


...................................

...THE AMARILLO CLIMATE SUMMARY FOR APRIL 26 2017...

CLIMATE NORMAL PERIOD 1981 TO 2010
CLIMATE RECORD PERIOD 1892 TO 2017


WEATHER ITEM   OBSERVED TIME   RECORD YEAR NORMAL DEPARTURE LAST
                VALUE   (LST)  VALUE       VALUE  FROM      YEAR
                                                  NORMAL
..................................................................
TEMPERATURE (F)
 YESTERDAY
  MAXIMUM         64    426 PM  92    1927  74    -10       80
  MINIMUM         38    730 AM  29    1924  45     -7       49
  AVERAGE         51                        60     -9       65

PRECIPITATION (IN)
  YESTERDAY        0.09          1.06 1923   0.06   0.03      T
  MONTH TO DATE    0.45                      1.20  -0.75     2.16
  SINCE MAR 1      2.43                      2.59  -0.16     2.43
  SINCE JAN 1      6.11                      3.87   2.24     3.12

SNOWFALL (IN)
  YESTERDAY       MM             T    1997   0.1   MM        0.0
  MONTH TO DATE    0.0                       0.7   -0.7      0.0
  SINCE MAR 1      0.0                       3.6   -3.6      1.3
  SINCE JUL 1      8.0                      17.6   -9.6     13.4
  SNOW DEPTH       0

DEGREE DAYS
 HEATING
  YESTERDAY       14                         7      7        0
  MONTH TO DATE  181                       257    -76      177
  SINCE MAR 1    528                       789   -261      547
  SINCE JUL 1   3086                      4066   -980     3288

 COOLING
  YESTERDAY        0                         1     -1        0
  MONTH TO DATE   37                        12     25        8
  SINCE MAR 1     49                        14     35       10
  SINCE JAN 1     54                        14     40       11
..................................................................


WIND (MPH)
  RESULTANT WIND SPEED  13   RESULTANT WIND DIRECTION   N (350)
  HIGHEST WIND SPEED    33   HIGHEST WIND DIRECTION     N (360)
  HIGHEST GUST SPEED    42   HIGHEST GUST DIRECTION     N (10)
  AVERAGE WIND SPEED    17.1


SKY COVER
  AVERAGE SKY COVER 0.4


WEATHER CONDITIONS
 THE FOLLOWING WEATHER WAS RECORDED YESTERDAY.
  LIGHT RAIN
  FOG


RELATIVE HUMIDITY (PERCENT)
 HIGHEST   100          1200 AM
 LOWEST     31           400 PM
 AVERAGE    66

..........................................................


THE AMARILLO CLIMATE NORMALS FOR TODAY
                         NORMAL    RECORD    YEAR
 MAXIMUM TEMPERATURE (F)   74        92      1927
 MINIMUM TEMPERATURE (F)   45        30      1995
                                             1994


SUNRISE AND SUNSET
APRIL 27 2017.........SUNRISE   700 AM CDT   SUNSET   830 PM CDT
APRIL 28 2017.........SUNRISE   659 AM CDT   SUNSET   830 PM CDT


-  INDICATES NEGATIVE NUMBERS.
R  INDICATES RECORD WAS SET OR TIED.
MM INDICATES DATA IS MISSING.
T  INDICATES TRACE AMOUNT.




$$
