361
CDUS42 KJAX 082231
CLIAMG


CLIMATE REPORT
NATIONAL WEATHER SERVICE JACKSONVILLE FL
530 PM EST MON FEB 8 2016


...................................

...THE ALMA CLIMATE SUMMARY FOR FEBRUARY 8 2016...
VALID TODAY AS OF 0500 PM LOCAL TIME.

CLIMATE NORMAL PERIOD 1981 TO 2010
CLIMATE RECORD PERIOD 1948 TO 2016


WEATHER ITEM   OBSERVED TIME   RECORD YEAR NORMAL DEPARTURE LAST
                VALUE   (LST)  VALUE       VALUE  FROM      YEAR
                                                  NORMAL
..................................................................
TEMPERATURE (F)
 TODAY
  MAXIMUM         63    242 PM  84    1957  64     -1       71
  MINIMUM         33    622 AM  24    1984  42     -9       37
  AVERAGE         48                        53     -5       54

PRECIPITATION (IN)
  TODAY            T             1.99 1959   0.14  -0.14     0.00
  MONTH TO DATE    3.32                      1.09   2.23     0.66
  SINCE DEC 1      9.88                      8.64   1.24     7.29
  SINCE JAN 1      7.91                      5.35   2.56     2.87

SNOWFALL (IN)
  TODAY            0.0           0.5  1968   0.0    0.0      0.0
  MONTH TO DATE    0.0                       0.0    0.0      0.0
  SINCE DEC 1      0.0                       0.1   -0.1      0.0
  SINCE JUL 1      0.0                       0.1   -0.1      0.0
  SNOW DEPTH       0

DEGREE DAYS
 HEATING
  TODAY           17                        12      5       11
  MONTH TO DATE   89                       102    -13      130
  SINCE DEC 1    730                       947   -217      930
  SINCE JUL 1    848                      1191   -343     1328

 COOLING
  TODAY            0                         0      0        0
  MONTH TO DATE    9                         0      9        0
  SINCE DEC 1    106                        16     90        4
  SINCE JAN 1      9                         5      4        3
..................................................................


WIND (MPH)
  HIGHEST WIND SPEED    23   HIGHEST WIND DIRECTION    SW (210)
  HIGHEST GUST SPEED    32   HIGHEST GUST DIRECTION     W (260)
  AVERAGE WIND SPEED     7.6


SKY COVER
  POSSIBLE SUNSHINE  MM
  AVERAGE SKY COVER 0.1


WEATHER CONDITIONS
 THE FOLLOWING WEATHER WAS RECORDED TODAY.
  LIGHT RAIN


RELATIVE HUMIDITY (PERCENT)
 HIGHEST    89           600 AM
 LOWEST     30           300 PM
 AVERAGE    60

..........................................................


THE ALMA CLIMATE NORMALS FOR TOMORROW
                         NORMAL    RECORD    YEAR
 MAXIMUM TEMPERATURE (F)   64        83      1957
 MINIMUM TEMPERATURE (F)   42        21      1995


SUNRISE AND SUNSET
FEBRUARY  8 2016......SUNRISE   718 AM EST   SUNSET   611 PM EST
FEBRUARY  9 2016......SUNRISE   717 AM EST   SUNSET   611 PM EST


-  INDICATES NEGATIVE NUMBERS.
R  INDICATES RECORD WAS SET OR TIED.
MM INDICATES DATA IS MISSING.
T  INDICATES TRACE AMOUNT.




$$
