000
CDUS42 KJAX 090534
CLIAMG


CLIMATE REPORT
NATIONAL WEATHER SERVICE JACKSONVILLE FL
1232 AM EST FRI DEC 9 2016


...................................

...THE ALMA CLIMATE SUMMARY FOR DECEMBER 8 2016...

CLIMATE NORMAL PERIOD 1981 TO 2010
CLIMATE RECORD PERIOD 1948 TO 2016


WEATHER ITEM   OBSERVED TIME   RECORD YEAR NORMAL DEPARTURE LAST
                VALUE   (LST)  VALUE       VALUE  FROM      YEAR
                                                  NORMAL
..................................................................
TEMPERATURE (F)
 YESTERDAY
  MAXIMUM         65    301 PM  81    1998  65      0       70
  MINIMUM         46   1159 PM  21    1965  43      3       40
  AVERAGE         56                        54      2       55

PRECIPITATION (IN)
  YESTERDAY        0.00          2.30 1989   0.10  -0.10     0.00
  MONTH TO DATE    3.77                      0.77   3.00     0.37
  SINCE DEC 1      3.77                      0.77   3.00     0.37
  SINCE JAN 1     43.54                     44.13  -0.59    40.01

SNOWFALL (IN)
  YESTERDAY        0.0           0.0    MM   0.0    0.0      0.0
  MONTH TO DATE    0.0                       0.0    0.0      0.0
  SINCE DEC 1      0.0                       0.0    0.0      0.0
  SINCE JUL 1      0.0                       0.0    0.0      0.0
  SNOW DEPTH       0

DEGREE DAYS
 HEATING
  YESTERDAY        9                        11     -2       10
  MONTH TO DATE   60                        85    -25       55
  SINCE DEC 1     60                        85    -25       55
  SINCE JUL 1    248                       329    -81      173

 COOLING
  YESTERDAY        0                         0      0        0
  MONTH TO DATE    4                         7     -3        0
  SINCE DEC 1      4                         7     -3        0
  SINCE JAN 1   2704                      2472    232     2705
..................................................................


WIND (MPH)
  HIGHEST WIND SPEED    17   HIGHEST WIND DIRECTION    NW (330)
  HIGHEST GUST SPEED    22   HIGHEST GUST DIRECTION     N (350)
  AVERAGE WIND SPEED     8.8


SKY COVER
  POSSIBLE SUNSHINE  MM
  AVERAGE SKY COVER 0.6


WEATHER CONDITIONS
 THE FOLLOWING WEATHER WAS RECORDED YESTERDAY.
  FOG


RELATIVE HUMIDITY (PERCENT)
 HIGHEST   100           100 AM
 LOWEST     38           900 PM
 AVERAGE    69

..........................................................


THE ALMA CLIMATE NORMALS FOR TODAY
                         NORMAL    RECORD    YEAR
 MAXIMUM TEMPERATURE (F)   65        81      1978
 MINIMUM TEMPERATURE (F)   43        23      2006


SUNRISE AND SUNSET
DECEMBER  9 2016......SUNRISE   718 AM EST   SUNSET   527 PM EST
DECEMBER 10 2016......SUNRISE   719 AM EST   SUNSET   527 PM EST


-  INDICATES NEGATIVE NUMBERS.
R  INDICATES RECORD WAS SET OR TIED.
MM INDICATES DATA IS MISSING.
T  INDICATES TRACE AMOUNT.




$$
