000
CDUS42 KJAX 310531
CLIAMG


CLIMATE REPORT
NATIONAL WEATHER SERVICE JACKSONVILLE FL
1231 AM EST SAT JAN 31 2015


...................................

...THE ALMA CLIMATE SUMMARY FOR JANUARY 30 2015...

CLIMATE NORMAL PERIOD 1981 TO 2010
CLIMATE RECORD PERIOD 1948 TO 2015


WEATHER ITEM   OBSERVED TIME   RECORD YEAR NORMAL DEPARTURE LAST
                VALUE   (LST)  VALUE       VALUE  FROM      YEAR
                                                  NORMAL
..................................................................
TEMPERATURE (F)
 YESTERDAY
  MAXIMUM         60    428 PM  83    1975  63     -3       41
  MINIMUM         40    941 PM  10    1966  41     -1       28
  AVERAGE         50                        52     -2       35

PRECIPITATION (IN)
  YESTERDAY        0.00          1.30 1991   0.15  -0.15     0.00
  MONTH TO DATE    2.21                      4.11  -1.90     1.61
  SINCE DEC 1      6.63                      7.40  -0.77     4.44
  SINCE JAN 1      2.21                      4.11  -1.90     1.61

SNOWFALL (IN)
  YESTERDAY        0.0           0.0    MM   0.0    0.0      0.0
  MONTH TO DATE    0.0                       0.0    0.0       T
  SINCE DEC 1      0.0                       0.1   -0.1       T
  SINCE JUL 1      0.0                       0.1   -0.1       T
  SNOW DEPTH       0

DEGREE DAYS
 HEATING
  YESTERDAY       15                        13      2       30
  MONTH TO DATE  462                       437     25      586
  SINCE DEC 1    782                       833    -51      871
  SINCE JUL 1   1180                      1077    103     1146

 COOLING
  YESTERDAY        0                         0      0        0
  MONTH TO DATE    3                         0      3        1
  SINCE DEC 1      4                        11     -7       31
  SINCE JAN 1      3                         0      3        1
..................................................................


WIND (MPH)
  HIGHEST WIND SPEED    22   HIGHEST WIND DIRECTION    NW (320)
  HIGHEST GUST SPEED    28   HIGHEST GUST DIRECTION    NW (320)
  AVERAGE WIND SPEED     8.7


SKY COVER
  POSSIBLE SUNSHINE  MM
  AVERAGE SKY COVER 0.2


WEATHER CONDITIONS
 THE FOLLOWING WEATHER WAS RECORDED YESTERDAY.
  NO SIGNIFICANT WEATHER WAS OBSERVED.


RELATIVE HUMIDITY (PERCENT)
 HIGHEST    89           700 AM
 LOWEST     27           400 PM
 AVERAGE    58

..........................................................


THE ALMA CLIMATE NORMALS FOR TODAY
                         NORMAL    RECORD    YEAR
 MAXIMUM TEMPERATURE (F)   63        82      2002
 MINIMUM TEMPERATURE (F)   41        17      1966


SUNRISE AND SUNSET
JANUARY 31 2015.......SUNRISE   724 AM EST   SUNSET   604 PM EST
FEBRUARY  1 2015......SUNRISE   723 AM EST   SUNSET   605 PM EST


-  INDICATES NEGATIVE NUMBERS.
R  INDICATES RECORD WAS SET OR TIED.
MM INDICATES DATA IS MISSING.
T  INDICATES TRACE AMOUNT.




$$
