475
CDUS42 KJAX 292127
CLIAMG


CLIMATE REPORT
NATIONAL WEATHER SERVICE JACKSONVILLE FL
526 PM EDT FRI APR 29 2016


...................................

...THE ALMA CLIMATE SUMMARY FOR APRIL 29 2016...
VALID TODAY AS OF 0500 PM LOCAL TIME.

CLIMATE NORMAL PERIOD 1981 TO 2010
CLIMATE RECORD PERIOD 1948 TO 2016


WEATHER ITEM   OBSERVED TIME   RECORD YEAR NORMAL DEPARTURE LAST
                VALUE   (LST)  VALUE       VALUE  FROM      YEAR
                                                  NORMAL
..................................................................
TEMPERATURE (F)
 TODAY
  MAXIMUM         91    352 PM  93    2012  82      9       64
  MINIMUM         67    327 AM  38    1967  57     10       59
  AVERAGE         79                        69     10       62

PRECIPITATION (IN)
  TODAY            0.00          1.82 1949   0.08  -0.08     1.11
  MONTH TO DATE    3.31                      2.74   0.57     3.65
  SINCE MAR 1      6.18                      7.49  -1.31     6.16
  SINCE JAN 1     15.43                     15.55  -0.12    11.99

SNOWFALL (IN)
  TODAY            0.0           0.0    MM   0.0    0.0      0.0
  MONTH TO DATE    0.0                       0.0    0.0      0.0
  SINCE MAR 1      0.0                       0.0    0.0      0.0
  SINCE JUL 1      0.0                       0.1   -0.1      0.0
  SNOW DEPTH       0

DEGREE DAYS
 HEATING
  TODAY            0                         1     -1        3
  MONTH TO DATE   56                        62     -6        7
  SINCE MAR 1    169                       250    -81      141
  SINCE JUL 1   1267                      1651   -384     1816

 COOLING
  TODAY           14                         5      9        0
  MONTH TO DATE   80                        95    -15      171
  SINCE MAR 1    160                       133     27      223
  SINCE JAN 1    173                       149     24      226
..................................................................


WIND (MPH)
  HIGHEST WIND SPEED     8   HIGHEST WIND DIRECTION     N (340)
  HIGHEST GUST SPEED    11   HIGHEST GUST DIRECTION     N (350)
  AVERAGE WIND SPEED     3.4


SKY COVER
  POSSIBLE SUNSHINE  MM
  AVERAGE SKY COVER 0.3


WEATHER CONDITIONS
 THE FOLLOWING WEATHER WAS RECORDED TODAY.
  FOG
  FOG W/VISIBILITY <= 1/4 MILE
  HAZE


RELATIVE HUMIDITY (PERCENT)
 HIGHEST   100          1200 AM
 LOWEST     34           300 PM
 AVERAGE    67

..........................................................


THE ALMA CLIMATE NORMALS FOR TOMORROW
                         NORMAL    RECORD    YEAR
 MAXIMUM TEMPERATURE (F)   82        94      1990
 MINIMUM TEMPERATURE (F)   57        43      2008


SUNRISE AND SUNSET
APRIL 29 2016.........SUNRISE   646 AM EDT   SUNSET   809 PM EDT
APRIL 30 2016.........SUNRISE   645 AM EDT   SUNSET   809 PM EDT


-  INDICATES NEGATIVE NUMBERS.
R  INDICATES RECORD WAS SET OR TIED.
MM INDICATES DATA IS MISSING.
T  INDICATES TRACE AMOUNT.




$$
