000
CDUS42 KJAX 280534
CLIAMG


CLIMATE REPORT
NATIONAL WEATHER SERVICE JACKSONVILLE FL
133 AM EDT FRI AUG 28 2015


...................................

...THE ALMA CLIMATE SUMMARY FOR AUGUST 27 2015...

CLIMATE NORMAL PERIOD 1981 TO 2010
CLIMATE RECORD PERIOD 1948 TO 2015


WEATHER ITEM   OBSERVED TIME   RECORD YEAR NORMAL DEPARTURE LAST
                VALUE   (LST)  VALUE       VALUE  FROM      YEAR
                                                  NORMAL
..................................................................
TEMPERATURE (F)
 YESTERDAY
  MAXIMUM         94    354 PM 103    1995  90      4       92
  MINIMUM         65    612 AM  57    1951  71     -6       64
  AVERAGE         80                        80      0       78

PRECIPITATION (IN)
  YESTERDAY        0.00          4.62 1949   0.16  -0.16     0.00
  MONTH TO DATE    2.40                      4.82  -2.42     4.93
  SINCE JUN 1     13.29                     15.53  -2.24     8.50
  SINCE JAN 1     26.56                     33.62  -7.06    26.16

SNOWFALL (IN)
  YESTERDAY        0.0           0.0    MM   0.0    0.0      0.0
  MONTH TO DATE    0.0                       0.0    0.0      0.0
  SINCE JUN 1      0.0                       0.0    0.0      0.0
  SINCE JUL 1      0.0                       0.0    0.0      0.0
  SNOW DEPTH       0

DEGREE DAYS
 HEATING
  YESTERDAY        0                         0      0        0
  MONTH TO DATE    0                         0      0        0
  SINCE JUN 1      0                         0      0        0
  SINCE JUL 1      0                         0      0        0

 COOLING
  YESTERDAY       15                        15      0       13
  MONTH TO DATE  476                       445     31      470
  SINCE JUN 1   1522                      1417    105     1459
  SINCE JAN 1   2047                      1847    200     1843
..................................................................


WIND (MPH)
  HIGHEST WIND SPEED    16   HIGHEST WIND DIRECTION    NE (60)
  HIGHEST GUST SPEED    26   HIGHEST GUST DIRECTION    NE (60)
  AVERAGE WIND SPEED     3.5


SKY COVER
  POSSIBLE SUNSHINE  MM
  AVERAGE SKY COVER 0.2


WEATHER CONDITIONS
 THE FOLLOWING WEATHER WAS RECORDED YESTERDAY.
  NO SIGNIFICANT WEATHER WAS OBSERVED.


RELATIVE HUMIDITY (PERCENT)
 HIGHEST    93           200 AM
 LOWEST     38          1200 PM
 AVERAGE    66

..........................................................


THE ALMA CLIMATE NORMALS FOR TODAY
                         NORMAL    RECORD    YEAR
 MAXIMUM TEMPERATURE (F)   90       101      1995
 MINIMUM TEMPERATURE (F)   71        57      1952


SUNRISE AND SUNSET
AUGUST 28 2015........SUNRISE   703 AM EDT   SUNSET   759 PM EDT
AUGUST 29 2015........SUNRISE   704 AM EDT   SUNSET   758 PM EDT


-  INDICATES NEGATIVE NUMBERS.
R  INDICATES RECORD WAS SET OR TIED.
MM INDICATES DATA IS MISSING.
T  INDICATES TRACE AMOUNT.




$$
