000
CDUS42 KJAX 240531
CLIAMG


CLIMATE REPORT
NATIONAL WEATHER SERVICE JACKSONVILLE FL
131 AM EDT FRI MAR 24 2017


...................................

...THE ALMA CLIMATE SUMMARY FOR MARCH 23 2017...

CLIMATE NORMAL PERIOD 1981 TO 2010
CLIMATE RECORD PERIOD 1948 TO 2017


WEATHER ITEM   OBSERVED TIME   RECORD YEAR NORMAL DEPARTURE LAST
                VALUE   (LST)  VALUE       VALUE  FROM      YEAR
                                                  NORMAL
..................................................................
TEMPERATURE (F)
 YESTERDAY
  MAXIMUM         69    134 PM  86    2012  74     -5       78
  MINIMUM         53   1159 PM  27    1955  49      4       39
  AVERAGE         61                        62     -1       59

PRECIPITATION (IN)
  YESTERDAY        0.00          1.70 1993   0.13  -0.13     0.00
  MONTH TO DATE    0.54                      3.61  -3.07     0.83
  SINCE MAR 1      0.54                      3.61  -3.07     0.83
  SINCE JAN 1      8.67                     11.67  -3.00    10.08

SNOWFALL (IN)
  YESTERDAY        0.0           0.0    MM   0.0    0.0      0.0
  MONTH TO DATE    0.0                       0.0    0.0      0.0
  SINCE MAR 1      0.0                       0.0    0.0      0.0
  SINCE JUL 1      0.0                       0.1   -0.1      0.0
  SNOW DEPTH       0

DEGREE DAYS
 HEATING
  YESTERDAY        4                         5     -1        6
  MONTH TO DATE  196                       155     41      107
  SINCE MAR 1    196                       155     41      107
  SINCE JUL 1   1052                      1556   -504     1205

 COOLING
  YESTERDAY        0                         1     -1        0
  MONTH TO DATE   19                        23     -4       57
  SINCE MAR 1     19                        23     -4       57
  SINCE JAN 1     74                        39     35       70
..................................................................


WIND (MPH)
  HIGHEST WIND SPEED    16   HIGHEST WIND DIRECTION     E (110)
  HIGHEST GUST SPEED    25   HIGHEST GUST DIRECTION    SE (120)
  AVERAGE WIND SPEED     8.1


SKY COVER
  POSSIBLE SUNSHINE  MM
  AVERAGE SKY COVER 0.7


WEATHER CONDITIONS
 THE FOLLOWING WEATHER WAS RECORDED YESTERDAY.
  NO SIGNIFICANT WEATHER WAS OBSERVED.


RELATIVE HUMIDITY (PERCENT)
 HIGHEST    93          1100 PM
 LOWEST     55           200 PM
 AVERAGE    74

..........................................................


THE ALMA CLIMATE NORMALS FOR TODAY
                         NORMAL    RECORD    YEAR
 MAXIMUM TEMPERATURE (F)   74        87      1949
 MINIMUM TEMPERATURE (F)   50        30      1968


SUNRISE AND SUNSET
MARCH 24 2017.........SUNRISE   728 AM EDT   SUNSET   744 PM EDT
MARCH 25 2017.........SUNRISE   727 AM EDT   SUNSET   745 PM EDT


-  INDICATES NEGATIVE NUMBERS.
R  INDICATES RECORD WAS SET OR TIED.
MM INDICATES DATA IS MISSING.
T  INDICATES TRACE AMOUNT.




$$
