000
CDUS42 KJAX 270535
CLIAMG


CLIMATE REPORT
NATIONAL WEATHER SERVICE JACKSONVILLE FL
133 AM EDT WED JUL 27 2016


...................................

...THE ALMA CLIMATE SUMMARY FOR JULY 26 2016...

CLIMATE NORMAL PERIOD 1981 TO 2010
CLIMATE RECORD PERIOD 1948 TO 2016


WEATHER ITEM   OBSERVED TIME   RECORD YEAR NORMAL DEPARTURE LAST
                VALUE   (LST)  VALUE       VALUE  FROM      YEAR
                                                  NORMAL
..................................................................
TEMPERATURE (F)
 YESTERDAY
  MAXIMUM         96    334 PM 101    2012  93      3       92
  MINIMUM         73    608 AM  66    1965  72      1       67
  AVERAGE         85                        82      3       80

PRECIPITATION (IN)
  YESTERDAY        0.00          2.33 2012   0.19  -0.19     0.00
  MONTH TO DATE    1.06                      4.40  -3.34     3.80
  SINCE JUN 1      6.26                      9.78  -3.52     9.21
  SINCE JAN 1     25.04                     27.87  -2.83    22.48

SNOWFALL (IN)
  YESTERDAY        0.0           0.0    MM   0.0    0.0      0.0
  MONTH TO DATE    0.0                       0.0    0.0      0.0
  SINCE JUN 1      0.0                       0.0    0.0      0.0
  SINCE JUL 1      0.0                       0.0    0.0      0.0
  SNOW DEPTH       0

DEGREE DAYS
 HEATING
  YESTERDAY        0                         0      0        0
  MONTH TO DATE    0                         0      0        0
  SINCE JUN 1      0                         0      0        0
  SINCE JUL 1      0                         0      0        0

 COOLING
  YESTERDAY       20                        17      3       15
  MONTH TO DATE  503                       441     62      471
  SINCE JUN 1    978                       884     94      951
  SINCE JAN 1   1429                      1314    115     1476
..................................................................


WIND (MPH)
  HIGHEST WIND SPEED    15   HIGHEST WIND DIRECTION    SW (210)
  HIGHEST GUST SPEED    22   HIGHEST GUST DIRECTION    SW (210)
  AVERAGE WIND SPEED     4.3


SKY COVER
  POSSIBLE SUNSHINE  MM
  AVERAGE SKY COVER 0.3


WEATHER CONDITIONS
 THE FOLLOWING WEATHER WAS RECORDED YESTERDAY.
  NO SIGNIFICANT WEATHER WAS OBSERVED.


RELATIVE HUMIDITY (PERCENT)
 HIGHEST    93           400 AM
 LOWEST     43           300 PM
 AVERAGE    68

..........................................................


THE ALMA CLIMATE NORMALS FOR TODAY
                         NORMAL    RECORD    YEAR
 MAXIMUM TEMPERATURE (F)   93        99      2014
                                             2006
                                             1968
 MINIMUM TEMPERATURE (F)   72        67      1985


SUNRISE AND SUNSET
JULY 27 2016..........SUNRISE   643 AM EDT   SUNSET   829 PM EDT
JULY 28 2016..........SUNRISE   644 AM EDT   SUNSET   829 PM EDT


-  INDICATES NEGATIVE NUMBERS.
R  INDICATES RECORD WAS SET OR TIED.
MM INDICATES DATA IS MISSING.
T  INDICATES TRACE AMOUNT.




$$
