000
CDUS44 KBMX 030748
CLIANB


CLIMATE REPORT
NATIONAL WEATHER SERVICE BIRMINGHAM, AL
246 AM CDT FRI JUL 3 2015


...................................

...THE ANNISTON CLIMATE SUMMARY FOR JULY 2 2015...

CLIMATE NORMAL PERIOD 1981 TO 2010
CLIMATE RECORD PERIOD 1903 TO 2015


WEATHER ITEM   OBSERVED TIME   RECORD YEAR NORMAL DEPARTURE LAST
                VALUE   (LST)  VALUE       VALUE  FROM      YEAR
                                                  NORMAL
..................................................................
TEMPERATURE (F)
 YESTERDAY
  MAXIMUM         87    309 PM 102    1954  89     -2       94
  MINIMUM         67    438 AM  56    1950  69     -2       71
  AVERAGE         77                        79     -2       83

PRECIPITATION (IN)
  YESTERDAY        T             1.48 1981   0.15  -0.15      T
  MONTH TO DATE    0.39                      0.30   0.09      T
  SINCE JUN 1      3.02                      4.38  -1.36     5.11
  SINCE JAN 1     27.54                     27.31   0.23    28.63

..................................................................


WIND (MPH)
  HIGHEST WIND SPEED    20   HIGHEST WIND DIRECTION    SW (230)
  HIGHEST GUST SPEED    25   HIGHEST GUST DIRECTION    SW (230)
  AVERAGE WIND SPEED     7.0


SKY COVER
  AVERAGE SKY COVER 0.3


WEATHER CONDITIONS
 THE FOLLOWING WEATHER WAS RECORDED YESTERDAY.
  FOG


RELATIVE HUMIDITY (PERCENT)
 HIGHEST    97
 LOWEST     55
 AVERAGE    76

..........................................................


THE ANNISTON CLIMATE NORMALS FOR TODAY
                         NORMAL    RECORD    YEAR
 MAXIMUM TEMPERATURE (F)   90       100      1970
 MINIMUM TEMPERATURE (F)   69        59      1947


SUNRISE AND SUNSET
JULY  3 2015..........SUNRISE   538 AM CDT   SUNSET   757 PM CDT
JULY  4 2015..........SUNRISE   538 AM CDT   SUNSET   757 PM CDT


-  INDICATES NEGATIVE NUMBERS.
R  INDICATES RECORD WAS SET OR TIED.
MM INDICATES DATA IS MISSING.
T  INDICATES TRACE AMOUNT.




$$
