000
CDUS44 KBMX 250744
CLIANB


CLIMATE REPORT
NATIONAL WEATHER SERVICE BIRMINGHAM, AL
238 AM CDT MON MAY 25 2015


...................................

...THE ANNISTON CLIMATE SUMMARY FOR MAY 24 2015...

CLIMATE NORMAL PERIOD 1981 TO 2010
CLIMATE RECORD PERIOD 1903 TO 2015


WEATHER ITEM   OBSERVED TIME   RECORD YEAR NORMAL DEPARTURE LAST
                VALUE   (LST)  VALUE       VALUE  FROM      YEAR
                                                  NORMAL
..................................................................
TEMPERATURE (F)
 YESTERDAY
  MAXIMUM         84    344 PM  96    1996  83      1       87
  MINIMUM         61   1219 AM  40    1931  61      0       63
  AVERAGE         73                        72      1       75

PRECIPITATION (IN)
  YESTERDAY        0.00          1.23 1988   0.13  -0.13     0.00
  MONTH TO DATE    0.89                      3.36  -2.47     2.41
  SINCE MAR 1     14.72                     12.43   2.29    15.67
  SINCE JAN 1     22.88                     22.03   0.85    22.83

..................................................................


WIND (MPH)
  HIGHEST WIND SPEED    16   HIGHEST WIND DIRECTION    SE (140)
  HIGHEST GUST SPEED    22   HIGHEST GUST DIRECTION    SE (120)
  AVERAGE WIND SPEED     6.9


SKY COVER
  AVERAGE SKY COVER 0.5


WEATHER CONDITIONS
 THE FOLLOWING WEATHER WAS RECORDED YESTERDAY.
  NO SIGNIFICANT WEATHER WAS OBSERVED.


RELATIVE HUMIDITY (PERCENT)
 HIGHEST    78
 LOWEST     55
 AVERAGE    67

..........................................................


THE ANNISTON CLIMATE NORMALS FOR TODAY
                         NORMAL    RECORD    YEAR
 MAXIMUM TEMPERATURE (F)   83        96      1904
 MINIMUM TEMPERATURE (F)   62        47      1979


SUNRISE AND SUNSET
MAY 25 2015...........SUNRISE   537 AM CDT   SUNSET   744 PM CDT
MAY 26 2015...........SUNRISE   537 AM CDT   SUNSET   745 PM CDT


-  INDICATES NEGATIVE NUMBERS.
R  INDICATES RECORD WAS SET OR TIED.
MM INDICATES DATA IS MISSING.
T  INDICATES TRACE AMOUNT.




$$
