000
CDUS44 KBMX 040837
CLIANB


CLIMATE REPORT
NATIONAL WEATHER SERVICE BIRMINGHAM, AL
236 AM CST SUN DEC 4 2016


...................................

...THE ANNISTON CLIMATE SUMMARY FOR DECEMBER 3 2016...

CLIMATE NORMAL PERIOD 1981 TO 2010
CLIMATE RECORD PERIOD 1903 TO 2016


WEATHER ITEM   OBSERVED TIME   RECORD YEAR NORMAL DEPARTURE LAST
                VALUE   (LST)  VALUE       VALUE  FROM      YEAR
                                                  NORMAL
..................................................................
TEMPERATURE (F)
 YESTERDAY
  MAXIMUM         55    111 PM  77    1961  59     -4       52
  MINIMUM         38    231 AM  19    1960  37      1       33
  AVERAGE         47                        48     -1       43

PRECIPITATION (IN)
  YESTERDAY        0.12          2.35 1983   0.15  -0.03     0.00
  MONTH TO DATE    0.12                      0.46  -0.34     1.79
  SINCE DEC 1      0.12                      0.46  -0.34     1.79
  SINCE JAN 1     29.61                     46.01 -16.40    52.09

SNOWFALL (IN)
  YESTERDAY        0.0                       0.0             0.0
  MONTH TO DATE    0.0                       0.0             0.0
  SINCE DEC 1      0.0                       0.0             0.0
  SINCE JUL 1      0.0                       0.0             0.0

DEGREE DAYS
 HEATING
  YESTERDAY       18
  MONTH TO DATE   57
  SINCE DEC 1     57
  SINCE JUL 1    330
..................................................................


WIND (MPH)
  HIGHEST WIND SPEED    13   HIGHEST WIND DIRECTION    NE (60)
  HIGHEST GUST SPEED    16   HIGHEST GUST DIRECTION    NE (60)
  AVERAGE WIND SPEED     4.2


SKY COVER
  AVERAGE SKY COVER 0.6


WEATHER CONDITIONS
 THE FOLLOWING WEATHER WAS RECORDED YESTERDAY.
  LIGHT RAIN


RELATIVE HUMIDITY (PERCENT)
 HIGHEST    92
 LOWEST     38
 AVERAGE    65

..........................................................


THE ANNISTON CLIMATE NORMALS FOR TODAY
                         NORMAL    RECORD    YEAR
 MAXIMUM TEMPERATURE (F)   59        78      1998
 MINIMUM TEMPERATURE (F)   37        20      1989


SUNRISE AND SUNSET
DECEMBER  4 2016......SUNRISE   633 AM CST   SUNSET   435 PM CST
DECEMBER  5 2016......SUNRISE   633 AM CST   SUNSET   435 PM CST


-  INDICATES NEGATIVE NUMBERS.
R  INDICATES RECORD WAS SET OR TIED.
MM INDICATES DATA IS MISSING.
T  INDICATES TRACE AMOUNT.




$$
