000
CDUS44 KBMX 050734
CLIANB


CLIMATE REPORT
NATIONAL WEATHER SERVICE BIRMINGHAM, AL
234 AM CDT WED AUG 5 2015


...................................

...THE ANNISTON CLIMATE SUMMARY FOR AUGUST 4 2015...

CLIMATE NORMAL PERIOD 1981 TO 2010
CLIMATE RECORD PERIOD 1903 TO 2015


WEATHER ITEM   OBSERVED TIME   RECORD YEAR NORMAL DEPARTURE LAST
                VALUE   (LST)  VALUE       VALUE  FROM      YEAR
                                                  NORMAL
..................................................................
TEMPERATURE (F)
 YESTERDAY
  MAXIMUM         98    428 PM 103    1947  90      8       93
  MINIMUM         66    430 AM  54    1950  70     -4       67
  AVERAGE         82                        80      2       80

PRECIPITATION (IN)
  YESTERDAY        0.00          1.84 1978   0.11  -0.11     0.00
  MONTH TO DATE    0.00                      0.48  -0.48     0.00
  SINCE JUN 1      7.48                      9.18  -1.70     5.68
  SINCE JAN 1     32.00                     32.11  -0.11    29.20

..................................................................


WIND (MPH)
  HIGHEST WIND SPEED     8   HIGHEST WIND DIRECTION     E (70)
  HIGHEST GUST SPEED    11   HIGHEST GUST DIRECTION     E (110)
  AVERAGE WIND SPEED     3.0


SKY COVER
  AVERAGE SKY COVER 0.0


WEATHER CONDITIONS
 THE FOLLOWING WEATHER WAS RECORDED YESTERDAY.
  NO SIGNIFICANT WEATHER WAS OBSERVED.


RELATIVE HUMIDITY (PERCENT)
 HIGHEST    87
 LOWEST     24
 AVERAGE    56

..........................................................


THE ANNISTON CLIMATE NORMALS FOR TODAY
                         NORMAL    RECORD    YEAR
 MAXIMUM TEMPERATURE (F)   90       101      1947
 MINIMUM TEMPERATURE (F)   70        56      1950


SUNRISE AND SUNSET
AUGUST  5 2015........SUNRISE   558 AM CDT   SUNSET   740 PM CDT
AUGUST  6 2015........SUNRISE   559 AM CDT   SUNSET   739 PM CDT


-  INDICATES NEGATIVE NUMBERS.
R  INDICATES RECORD WAS SET OR TIED.
MM INDICATES DATA IS MISSING.
T  INDICATES TRACE AMOUNT.




$$
