000
CDUS44 KBMX 262136
CLIANB


CLIMATE REPORT
NATIONAL WEATHER SERVICE BIRMINGHAM, AL
435 PM CDT FRI MAY 26 2017


...................................

...THE ANNISTON CLIMATE SUMMARY FOR MAY 26 2017...
VALID TODAY AS OF 0400 PM LOCAL TIME.

CLIMATE NORMAL PERIOD 1981 TO 2010
CLIMATE RECORD PERIOD 1903 TO 2017


WEATHER ITEM   OBSERVED RECORD YEAR NORMAL DEPARTURE LAST
                VALUE   VALUE       VALUE  FROM      YEAR
                                           NORMAL
...........................................................
TEMPERATURE (F)
 TODAY
  MAXIMUM         84     95    2012  83      1       89
  MINIMUM         52     44    1979  62    -10       62
  AVERAGE         68

PRECIPITATION (IN)
  TODAY            0.00   1.74 1974   0.13  -0.13     0.00
  MONTH TO DATE    4.88               3.62   1.26     4.49
  SINCE MAR 1     15.12              12.69   2.43    10.88
  SINCE JAN 1     25.64              22.29   3.35    19.72

DEGREE DAYS
 COOLING
  TODAY            3                  8     -5       11
  MONTH TO DATE  120                135    -15      126
  SINCE MAR 1    278                196     82      215
  SINCE JAN 1    280                197     83      215
...........................................................


WIND (MPH)
  HIGHEST WIND SPEED    15   HIGHEST WIND DIRECTION    SW (240)
  HIGHEST GUST SPEED    18   HIGHEST GUST DIRECTION     W (250)
  AVERAGE WIND SPEED     5.3


SKY COVER
  AVERAGE SKY COVER 0.0


WEATHER CONDITIONS
 THE FOLLOWING WEATHER WAS RECORDED TODAY.
  NO SIGNIFICANT WEATHER WAS OBSERVED.


RELATIVE HUMIDITY (PERCENT)
 HIGHEST    96
 LOWEST     47
 AVERAGE    72

..........................................................


THE ANNISTON CLIMATE NORMALS FOR TOMORROW
                         NORMAL    RECORD    YEAR
 MAXIMUM TEMPERATURE (F)   84        93      1996
                                             1953
 MINIMUM TEMPERATURE (F)   62        41      1961


SUNRISE AND SUNSET
MAY 26 2017...........SUNRISE   536 AM CDT   SUNSET   745 PM CDT
MAY 27 2017...........SUNRISE   536 AM CDT   SUNSET   746 PM CDT


-  INDICATES NEGATIVE NUMBERS.
R  INDICATES RECORD WAS SET OR TIED.
MM INDICATES DATA IS MISSING.
T  INDICATES TRACE AMOUNT.




$$
