000
CDUS44 KBMX 250735
CLIANB


CLIMATE REPORT
NATIONAL WEATHER SERVICE BIRMINGHAM, AL
235 AM CDT TUE JUL 25 2017


...................................

...THE ANNISTON CLIMATE SUMMARY FOR JULY 24 2017...

CLIMATE NORMAL PERIOD 1981 TO 2010
CLIMATE RECORD PERIOD 1903 TO 2017


WEATHER ITEM   OBSERVED TIME   RECORD YEAR NORMAL DEPARTURE LAST
                VALUE   (LST)  VALUE       VALUE  FROM      YEAR
                                                  NORMAL
..................................................................
TEMPERATURE (F)
 YESTERDAY
  MAXIMUM         90   1202 PM 104    1952  90      0       95
  MINIMUM         73   1159 PM  58    1904  70      3       74
  AVERAGE         82                        80      2       85

PRECIPITATION (IN)
  YESTERDAY        0.00          4.83 1950   0.15  -0.15     0.00
  MONTH TO DATE    3.11                      3.61  -0.50     2.12
  SINCE JUN 1     10.84                      7.69   3.15     3.68
  SINCE JAN 1     36.76                     30.62   6.14    23.40

..................................................................


WIND (MPH)
  HIGHEST WIND SPEED    15   HIGHEST WIND DIRECTION    NW (300)
  HIGHEST GUST SPEED    20   HIGHEST GUST DIRECTION    SW (230)
  AVERAGE WIND SPEED     4.4


SKY COVER
  AVERAGE SKY COVER 0.1


WEATHER CONDITIONS
 THE FOLLOWING WEATHER WAS RECORDED YESTERDAY.
  THUNDERSTORM
  HAZE


RELATIVE HUMIDITY (PERCENT)
 HIGHEST    94
 LOWEST     59
 AVERAGE    77

..........................................................


THE ANNISTON CLIMATE NORMALS FOR TODAY
                         NORMAL    RECORD    YEAR
 MAXIMUM TEMPERATURE (F)   90       104      1952
 MINIMUM TEMPERATURE (F)   70        58      1904


SUNRISE AND SUNSET
JULY 25 2017..........SUNRISE   551 AM CDT   SUNSET   748 PM CDT
JULY 26 2017..........SUNRISE   552 AM CDT   SUNSET   748 PM CDT


-  INDICATES NEGATIVE NUMBERS.
R  INDICATES RECORD WAS SET OR TIED.
MM INDICATES DATA IS MISSING.
T  INDICATES TRACE AMOUNT.




$$
