000
CDUS44 KBMX 042238
CLIANB


CLIMATE REPORT
NATIONAL WEATHER SERVICE BIRMINGHAM, AL
438 PM CST WED MAR 4 2015


...................................

...THE ANNISTON CLIMATE SUMMARY FOR MARCH 4 2015...
VALID AS OF 0400 PM LOCAL TIME.

CLIMATE NORMAL PERIOD 1981 TO 2010
CLIMATE RECORD PERIOD 1903 TO 2015


WEATHER ITEM   OBSERVED TIME   RECORD YEAR NORMAL DEPARTURE LAST
                VALUE   (LST)  VALUE       VALUE  FROM      YEAR
                                                  NORMAL
..................................................................
TEMPERATURE (F)
 TODAY
  MAXIMUM         79    255 PM  85    1976  63     16       47
  MINIMUM         59    334 AM  19    2002  40     19       31
  AVERAGE         69

PRECIPITATION (IN)
  TODAY            0.00          1.80 1989   0.17  -0.17     0.00
  MONTH TO DATE    0.37                      0.70  -0.33     0.33
  SINCE MAR 1      0.37                      0.70  -0.33     0.33
  SINCE JAN 1      8.53                     10.30  -1.77     7.49

DEGREE DAYS
 HEATING
  TODAY            0
  MONTH TO DATE   33
  SINCE MAR 1     33
  SINCE JUL 1   2554
..................................................................


WIND (MPH)
  HIGHEST WIND SPEED    22   HIGHEST WIND DIRECTION    SW (230)
  HIGHEST GUST SPEED    31   HIGHEST GUST DIRECTION    SW (230)
  AVERAGE WIND SPEED     7.8


SKY COVER
  AVERAGE SKY COVER 0.8


WEATHER CONDITIONS
 THE FOLLOWING WEATHER WAS RECORDED TODAY.
  FOG


RELATIVE HUMIDITY (PERCENT)
 HIGHEST    93
 LOWEST     54
 AVERAGE    74

..........................................................


THE ANNISTON CLIMATE NORMALS FOR TOMORROW
                         NORMAL    RECORD    YEAR
 MAXIMUM TEMPERATURE (F)   63        84      1974
 MINIMUM TEMPERATURE (F)   41        14      1960


SUNRISE AND SUNSET
MARCH  4 2015.........SUNRISE   608 AM CST   SUNSET   542 PM CST
MARCH  5 2015.........SUNRISE   607 AM CST   SUNSET   543 PM CST


-  INDICATES NEGATIVE NUMBERS.
R  INDICATES RECORD WAS SET OR TIED.
MM INDICATES DATA IS MISSING.
T  INDICATES TRACE AMOUNT.




$$
