000
CDUS44 KBMX 160835
CLIANB


CLIMATE REPORT
NATIONAL WEATHER SERVICE BIRMINGHAM, AL
235 AM CST MON JAN 16 2017


...................................

...THE ANNISTON CLIMATE SUMMARY FOR JANUARY 15 2017...

CLIMATE NORMAL PERIOD 1981 TO 2010
CLIMATE RECORD PERIOD 1903 TO 2017


WEATHER ITEM   OBSERVED TIME   RECORD YEAR NORMAL DEPARTURE LAST
                VALUE   (LST)  VALUE       VALUE  FROM      YEAR
                                                  NORMAL
..................................................................
TEMPERATURE (F)
 YESTERDAY
  MAXIMUM         74R   128 PM  73    1950  53     21       52
  MINIMUM         45    721 AM  11    1948  33     12       41
  AVERAGE         60                        43     17       47

PRECIPITATION (IN)
  YESTERDAY        0.00          2.59 1954   0.14  -0.14     0.91
  MONTH TO DATE    3.81                      1.99   1.82     0.96
  SINCE DEC 1      6.45                      6.11   0.34    10.25
  SINCE JAN 1      3.81                      1.99   1.82     0.96

SNOWFALL (IN)
  YESTERDAY        0.0                       0.0            MM
  MONTH TO DATE    0.0                       0.2             0.0
  SINCE DEC 1      0.0                       0.2             0.0
  SINCE JUL 1      0.0                       0.2             0.0

DEGREE DAYS
 HEATING
  YESTERDAY        5
  MONTH TO DATE  229
  SINCE DEC 1    723
  SINCE JUL 1    996
..................................................................


WIND (MPH)
  HIGHEST WIND SPEED    10   HIGHEST WIND DIRECTION     W (270)
  HIGHEST GUST SPEED    15   HIGHEST GUST DIRECTION     W (260)
  AVERAGE WIND SPEED     1.6


SKY COVER
  AVERAGE SKY COVER 0.0


WEATHER CONDITIONS
 THE FOLLOWING WEATHER WAS RECORDED YESTERDAY.
  FOG


RELATIVE HUMIDITY (PERCENT)
 HIGHEST   100
 LOWEST     41
 AVERAGE    71

..........................................................


THE ANNISTON CLIMATE NORMALS FOR TODAY
                         NORMAL    RECORD    YEAR
 MAXIMUM TEMPERATURE (F)   53        75      1949
                                             2004
 MINIMUM TEMPERATURE (F)   33         8      1972


SUNRISE AND SUNSET
JANUARY 16 2017.......SUNRISE   647 AM CST   SUNSET   459 PM CST
JANUARY 17 2017.......SUNRISE   647 AM CST   SUNSET   500 PM CST


-  INDICATES NEGATIVE NUMBERS.
R  INDICATES RECORD WAS SET OR TIED.
MM INDICATES DATA IS MISSING.
T  INDICATES TRACE AMOUNT.




$$
