000
CDUS44 KBMX 152230
CLIANB


CLIMATE REPORT
NATIONAL WEATHER SERVICE BIRMINGHAM, AL
429 PM CST MON JAN 15 2018


...................................

...THE ANNISTON CLIMATE SUMMARY FOR JANUARY 15 2018...
VALID TODAY AS OF 0400 PM LOCAL TIME.

CLIMATE NORMAL PERIOD 1981 TO 2010
CLIMATE RECORD PERIOD 1903 TO 2018


WEATHER ITEM   OBSERVED RECORD YEAR NORMAL DEPARTURE LAST
                VALUE   VALUE       VALUE  FROM      YEAR
                                           NORMAL
...........................................................
TEMPERATURE (F)
 TODAY
  MAXIMUM         52     74    2017  53     -1       74
  MINIMUM         25     11    1948  33     -8       45
  AVERAGE         39

PRECIPITATION (IN)
  TODAY            0.00   2.59 1954   0.14  -0.14     0.00
  MONTH TO DATE    0.79               1.99  -1.20     3.81
  SINCE DEC 1      4.24               6.11  -1.87     6.45
  SINCE JAN 1      0.79               1.99  -1.20     3.81

SNOWFALL (IN)
  TODAY            0.0                0.0             0.0
  MONTH TO DATE    0.0                0.2             0.0
  SINCE DEC 1      0.0                0.2             0.0
  SINCE JUL 1      0.0                0.2             0.0

...........................................................


WIND (MPH)
  HIGHEST WIND SPEED    14   HIGHEST WIND DIRECTION    SW (240)
  HIGHEST GUST SPEED    21   HIGHEST GUST DIRECTION    SW (230)
  AVERAGE WIND SPEED     4.6


SKY COVER
  AVERAGE SKY COVER 0.3


WEATHER CONDITIONS
 THE FOLLOWING WEATHER WAS RECORDED TODAY.
  NO SIGNIFICANT WEATHER WAS OBSERVED.


RELATIVE HUMIDITY (PERCENT)
 HIGHEST    75
 LOWEST     34
 AVERAGE    55

..........................................................


THE ANNISTON CLIMATE NORMALS FOR TOMORROW
                         NORMAL    RECORD    YEAR
 MAXIMUM TEMPERATURE (F)   53        75      2017
                                             1949
                                             2004
 MINIMUM TEMPERATURE (F)   33         8      1972


SUNRISE AND SUNSET
JANUARY 15 2018.......SUNRISE   648 AM CST   SUNSET   458 PM CST
JANUARY 16 2018.......SUNRISE   647 AM CST   SUNSET   459 PM CST


-  INDICATES NEGATIVE NUMBERS.
R  INDICATES RECORD WAS SET OR TIED.
MM INDICATES DATA IS MISSING.
T  INDICATES TRACE AMOUNT.




$$
