000
CDUS44 KBMX 250818
CLIANB


CLIMATE REPORT
NATIONAL WEATHER SERVICE BIRMINGHAM, AL
217 AM CST SUN JAN 25 2015


...................................

...THE ANNISTON CLIMATE SUMMARY FOR JANUARY 24 2015...

CLIMATE NORMAL PERIOD 1981 TO 2010
CLIMATE RECORD PERIOD 1903 TO 2015


WEATHER ITEM   OBSERVED TIME   RECORD YEAR NORMAL DEPARTURE LAST
                VALUE   (LST)  VALUE       VALUE  FROM      YEAR
                                                  NORMAL
..................................................................
TEMPERATURE (F)
 YESTERDAY
  MAXIMUM         49    338 PM  76    1972  54     -5       34
                                      1950
  MINIMUM         30   1159 PM  -1    1963  33     -3       13
  AVERAGE         40                        44     -4       24

PRECIPITATION (IN)
  YESTERDAY        0.01          3.31 1964   0.16  -0.15     0.00
  MONTH TO DATE    5.38                      3.38   2.00     3.08
  SINCE DEC 1     11.60                      7.50   4.10    12.30
  SINCE JAN 1      5.38                      3.38   2.00     3.08

SNOWFALL (IN)
  YESTERDAY        0.0                       0.1             0.0
  MONTH TO DATE    0.0                       0.5             0.0
  SINCE DEC 1      0.0                       0.5             0.0
  SINCE JUL 1      0.0                       0.5             0.0

DEGREE DAYS
 HEATING
  YESTERDAY       25
  MONTH TO DATE  542
  SINCE DEC 1   1052
  SINCE JUL 1   1680
..................................................................


WIND (MPH)
  HIGHEST WIND SPEED    18   HIGHEST WIND DIRECTION     W (250)
  HIGHEST GUST SPEED    24   HIGHEST GUST DIRECTION     W (250)
  AVERAGE WIND SPEED     8.1


SKY COVER
  AVERAGE SKY COVER 0.4


WEATHER CONDITIONS
 THE FOLLOWING WEATHER WAS RECORDED YESTERDAY.
  FOG


RELATIVE HUMIDITY (PERCENT)
 HIGHEST    96
 LOWEST     42
 AVERAGE    69

..........................................................


THE ANNISTON CLIMATE NORMALS FOR TODAY
                         NORMAL    RECORD    YEAR
 MAXIMUM TEMPERATURE (F)   54        80      1950
 MINIMUM TEMPERATURE (F)   33         5      1905


SUNRISE AND SUNSET
JANUARY 25 2015.......SUNRISE   644 AM CST   SUNSET   508 PM CST
JANUARY 26 2015.......SUNRISE   644 AM CST   SUNSET   509 PM CST


-  INDICATES NEGATIVE NUMBERS.
R  INDICATES RECORD WAS SET OR TIED.
MM INDICATES DATA IS MISSING.
T  INDICATES TRACE AMOUNT.




$$
