000
CDUS44 KBMX 230936
CLIANB


CLIMATE REPORT
NATIONAL WEATHER SERVICE BIRMINGHAM, AL
435 AM CDT SAT AUG 23 2014


...................................

...THE ANNISTON CLIMATE SUMMARY FOR AUGUST 22 2014...

CLIMATE NORMAL PERIOD 1981 TO 2010
CLIMATE RECORD PERIOD 1903 TO 2014


WEATHER ITEM   OBSERVED TIME   RECORD YEAR NORMAL DEPARTURE LAST
                VALUE   (LST)  VALUE       VALUE  FROM      YEAR
                                                  NORMAL
..................................................................
TEMPERATURE (F)
 YESTERDAY
  MAXIMUM         94    111 PM 104    2007  89      5       90
  MINIMUM         71    504 AM  55    1997  69      2       69
  AVERAGE         83                        79      4       80

PRECIPITATION (IN)
  YESTERDAY        0.11          1.03 1945   0.10   0.01     0.00
  MONTH TO DATE    3.26                      2.39   0.87     4.74
  SINCE JUN 1      8.94                     11.09  -2.15    24.13
  SINCE JAN 1     32.46                     34.02  -1.56    57.06

..................................................................


WIND (MPH)
  HIGHEST WIND SPEED    12   HIGHEST WIND DIRECTION    SE (140)
  HIGHEST GUST SPEED    19   HIGHEST GUST DIRECTION    NE (60)
  AVERAGE WIND SPEED     2.1


SKY COVER
  AVERAGE SKY COVER 0.2


WEATHER CONDITIONS
 THE FOLLOWING WEATHER WAS RECORDED YESTERDAY.
  THUNDERSTORM
  HEAVY RAIN
  LIGHT RAIN
  FOG


RELATIVE HUMIDITY (PERCENT)
 HIGHEST    94
 LOWEST     46
 AVERAGE    70

..........................................................


THE ANNISTON CLIMATE NORMALS FOR TODAY
                         NORMAL    RECORD    YEAR
 MAXIMUM TEMPERATURE (F)   89       103      2007
 MINIMUM TEMPERATURE (F)   69        53      1931


SUNRISE AND SUNSET
AUGUST 23 2014........SUNRISE   611 AM CDT   SUNSET   720 PM CDT
AUGUST 24 2014........SUNRISE   612 AM CDT   SUNSET   719 PM CDT


-  INDICATES NEGATIVE NUMBERS.
R  INDICATES RECORD WAS SET OR TIED.
MM INDICATES DATA IS MISSING.
T  INDICATES TRACE AMOUNT.




$$
