000
CDAK48 PAFC 011245
CLIANC

CLIMATE REPORT
NATIONAL WEATHER SERVICE ANCHORAGE, AK
444 AM AKDT TUE SEP 1 2015


...................................

...THE ANCHORAGE AK CLIMATE SUMMARY FOR AUGUST 31 2015...

CLIMATE NORMAL PERIOD 1981 TO 2010
CLIMATE RECORD PERIOD 1952 TO 2015


WEATHER ITEM   OBSERVED RECORD YEAR NORMAL DEPARTURE LAST
                VALUE   VALUE       VALUE  FROM      YEAR
                                           NORMAL
...........................................................
TEMPERATURE (F)
 YESTERDAY
  MAXIMUM         59     71    1963  61     -2       61
  MINIMUM         41     31    1984  47     -6       42
  AVERAGE         50                 54     -4       52

PRECIPITATION (IN)
  YESTERDAY        0.00   2.51 1997   0.11  -0.11
  MONTH TO DATE    0.97               3.25  -2.28
  SINCE JUN 1      4.24               6.05  -1.81
  SINCE JAN 1      7.30               9.29  -1.99

SNOWFALL (IN)
  YESTERDAY        0.0    T    1997   0.0    0.0
  MONTH TO DATE    0.0                0.0    0.0
  SINCE JUN 1      0.0                0.0    0.0
  SINCE JUL 1      0.0                0.0    0.0
  SNOW DEPTH       0

DEGREE DAYS
 HEATING
  YESTERDAY       15                         4
  MONTH TO DATE  189                       -66
  SINCE JUN 1    455                      -288
  SINCE JUL 1    282                      -168

 COOLING
  YESTERDAY        0                         0
  MONTH TO DATE    8                         8
  SINCE JUN 1     34                        32
  SINCE JAN 1     34                        32
...........................................................


WIND (MPH)
  HIGHEST WIND SPEED    21   HIGHEST WIND DIRECTION     N (350)
  HIGHEST GUST SPEED    35   HIGHEST GUST DIRECTION     N (350)
  AVERAGE WIND SPEED    13.4




RELATIVE HUMIDITY (PERCENT)
 HIGHEST    60
 LOWEST     28
 AVERAGE    44

..........................................................


THE ANCHORAGE AK CLIMATE NORMALS FOR TODAY
                         NORMAL    RECORD    YEAR
 MAXIMUM TEMPERATURE (F)   60        71      1978
 MINIMUM TEMPERATURE (F)   46        36      1962


SUNRISE AND SUNSET
SEPTEMBER  1 2015.....SUNRISE   652 AM AKDT  SUNSET   907 PM AKDT
SEPTEMBER  2 2015.....SUNRISE   654 AM AKDT  SUNSET   903 PM AKDT

CIVIL TWILIGHT
SEPTEMBER 1 2015        START   605 AM AKDT     END   954 PM AKDT
SEPTEMBER 2 2015        START   608 AM AKDT     END   950 PM AKDT



-  INDICATES NEGATIVE NUMBERS.
R  INDICATES RECORD WAS SET OR TIED.
MM INDICATES DATA IS MISSING.
T  INDICATES TRACE AMOUNT.




$$
&&
------------------------------------------------------
AMOUNT OF DAYLIGHT TODAY  (HOUR:MIN)........14:15
GAIN/LOSS SINCE YESTERDAY (HOUR:MIN:SEC)....-0:05:38
