000
CDAK48 PAFC 011244
CLIANC


CLIMATE REPORT
NATIONAL WEATHER SERVICE ANCHORAGE, AK
434 AM AKDT WED JUL 1 2015


...................................

...THE ANCHORAGE AK CLIMATE SUMMARY FOR JUNE 30 2015...

CLIMATE NORMAL PERIOD 1981 TO 2010
CLIMATE RECORD PERIOD 1952 TO 2015


WEATHER ITEM   OBSERVED RECORD YEAR NORMAL DEPARTURE LAST
                VALUE   VALUE       VALUE  FROM      YEAR
                                           NORMAL
...........................................................
TEMPERATURE (F)
 YESTERDAY
  MAXIMUM         68     77    1974  65      3       68
  MINIMUM         52     41    1987  51      1       53
  AVERAGE         60                 58      2       61

PRECIPITATION (IN)
  YESTERDAY        0.00   0.35 1995   0.04  -0.04
  MONTH TO DATE    0.93               0.97  -0.04
  SINCE JUN 1      0.93               0.97  -0.04
  SINCE JAN 1      3.99               4.21  -0.22

SNOWFALL (IN)
  YESTERDAY        0.0    0.0    MM   0.0    0.0
  MONTH TO DATE    0.0                0.0    0.0
  SINCE JUN 1      0.0                0.0    0.0
  SINCE JUL 1     25.1               74.5  -49.4
  SNOW DEPTH       0

DEGREE DAYS
 HEATING
  YESTERDAY        5                        -2
  MONTH TO DATE  173                      -121
  SINCE JUN 1    173                      -120
  SINCE JUL 1   8787                     -1406

 COOLING
  YESTERDAY        0                         0
  MONTH TO DATE   16                        16
  SINCE JUN 1     16                        16
  SINCE JAN 1     16                        16
...........................................................


WIND (MPH)
  HIGHEST WIND SPEED    25   HIGHEST WIND DIRECTION    SE (150)
  HIGHEST GUST SPEED    38   HIGHEST GUST DIRECTION    SE (150)
  AVERAGE WIND SPEED    12.1




RELATIVE HUMIDITY (PERCENT)
 HIGHEST    77
 LOWEST     42
 AVERAGE    60

..........................................................


THE ANCHORAGE AK CLIMATE NORMALS FOR TODAY
                         NORMAL    RECORD    YEAR
 MAXIMUM TEMPERATURE (F)   65        78      1974
 MINIMUM TEMPERATURE (F)   51        36      1964


SUNRISE AND SUNSET
JULY  1 2015..........SUNRISE   428 AM AKDT  SUNSET  1139 PM AKDT
JULY  2 2015..........SUNRISE   430 AM AKDT  SUNSET  1138 PM AKDT


-  INDICATES NEGATIVE NUMBERS.
R  INDICATES RECORD WAS SET OR TIED.
MM INDICATES DATA IS MISSING.
T  INDICATES TRACE AMOUNT.




$$
