000
CDAK48 PAFC 271311
CLIANC

CLIMATE REPORT
NATIONAL WEATHER SERVICE ANCHORAGE, AK
409 AM AKST MON FEB 27 2017


...................................

...THE ANCHORAGE AK CLIMATE SUMMARY FOR FEBRUARY 26 2017...

CLIMATE NORMAL PERIOD 1981 TO 2010
CLIMATE RECORD PERIOD 1952 TO 2017


WEATHER ITEM   OBSERVED TIME   RECORD YEAR NORMAL DEPARTURE LAST
                VALUE   (LST)  VALUE       VALUE  FROM      YEAR
                                                  NORMAL
..................................................................
TEMPERATURE (F)
 YESTERDAY
  MAXIMUM         28    145 PM  43    1990  29     -1       42
  MINIMUM         22    113 AM -22    1954  16      6       32
  AVERAGE         25                        22      3       37

PRECIPITATION (IN)
  YESTERDAY        T             0.25 1993   0.02  -0.02
  MONTH TO DATE    0.97                      0.68   0.29
  SINCE DEC 1      4.15                      2.52   1.63
  SINCE JAN 1      2.68                      1.41   1.27

SNOWFALL (IN)
  YESTERDAY        T             6.2  1993   0.3   -0.3      0.0
  MONTH TO DATE   19.2                      10.3    8.9      1.8
  SINCE DEC 1     67.8                      38.3   29.5      7.9
  SINCE JUL 1     71.7                      59.7   12.0     27.6
  SNOW DEPTH      24

DEGREE DAYS
 HEATING
  YESTERDAY       40                               -3
  MONTH TO DATE 1198                               27
  SINCE DEC 1   4294                              212
  SINCE JUL 1   6947                             -299

 COOLING
  YESTERDAY        0                                0
  MONTH TO DATE    0                                0
  SINCE DEC 1      0                                0
  SINCE JAN 1      0                                0
..................................................................


WIND (MPH)
  HIGHEST WIND SPEED     8   HIGHEST WIND DIRECTION    NW (300)
  HIGHEST GUST SPEED    21   HIGHEST GUST DIRECTION     N (350)
  AVERAGE WIND SPEED     3.2




RELATIVE HUMIDITY (PERCENT)
 HIGHEST   100
 LOWEST     84
 AVERAGE    92

..........................................................


THE ANCHORAGE AK CLIMATE NORMALS FOR TODAY
                         NORMAL    RECORD    YEAR
 MAXIMUM TEMPERATURE (F)   30        49      2014
 MINIMUM TEMPERATURE (F)   16       -25      1954


SUNRISE AND SUNSET
FEBRUARY 27 2017......SUNRISE   805 AM AKST  SUNSET   621 PM AKST
FEBRUARY 28 2017......SUNRISE   802 AM AKST  SUNSET   624 PM AKST

CIVIL TWILIGHT
FEBRUARY 27 2017        START    722 AM GMT     END    705 PM GMT
FEBRUARY 28 2017        START    719 AM GMT     END    708 PM GMT



-  INDICATES NEGATIVE NUMBERS.
R  INDICATES RECORD WAS SET OR TIED.
MM INDICATES DATA IS MISSING.
T  INDICATES TRACE AMOUNT.




$$
&&
------------------------------------------------------
AMOUNT OF DAYLIGHT TODAY  (HOUR:MIN)........10:16
GAIN/LOSS SINCE YESTERDAY (HOUR:MIN:SEC)....+0:05:43

$$
