000
CDAK48 PAFC 280056
CLIANC

CLIMATE REPORT
NATIONAL WEATHER SERVICE ANCHORAGE, AK
455 PM AKDT WED AUG 27 2014


...................................

...THE ANCHORAGE AK CLIMATE SUMMARY FOR AUGUST 27 2014...
VALID TODAY AS OF 0400 PM LOCAL TIME.

CLIMATE NORMAL PERIOD 1981 TO 2010
CLIMATE RECORD PERIOD 1915 TO 2014


WEATHER ITEM   OBSERVED RECORD YEAR NORMAL DEPARTURE LAST
                VALUE   VALUE       VALUE  FROM      YEAR
                                           NORMAL
...........................................................
TEMPERATURE (F)
 TODAY
  MAXIMUM         MM     73    1929  62     MM       62
  MINIMUM         MM     33    1952  48     MM       49
  AVERAGE         MM                 55              56

PRECIPITATION (IN)
  TODAY            0.16   1.11 1960   0.11   0.05     0.03
  MONTH TO DATE    1.97               2.80  -0.83     4.63
  SINCE JUN 1      8.53               5.60   2.93     6.19
  SINCE JAN 1     11.76               8.84   2.92    12.57

SNOWFALL (IN)
  TODAY           MM      0.0    MM   0.0   MM        0.0
  MONTH TO DATE    0.0                0.0    0.0      0.0
  SINCE JUN 1      0.0                0.0    0.0      0.0
  SINCE JUL 1      0.0                0.0    0.0      0.0
  SNOW DEPTH       0

DEGREE DAYS
 HEATING
  TODAY           MM                 10     MM        9
  MONTH TO DATE  143                211    -68      190
  SINCE JUN 1    625                698    -73      485
  SINCE JUL 1    297                405   -108      301

 COOLING
  TODAY           MM                  0     MM        0
  MONTH TO DATE    0                  0      0        0
  SINCE JUN 1      3                  2      1       21
  SINCE JAN 1      3                  2      1       21
...........................................................


WIND (MPH)
  RESULTANT WIND SPEED   8   RESULTANT WIND DIRECTION  SE (130)
  HIGHEST WIND SPEED    16   HIGHEST WIND DIRECTION    SE (140)
  HIGHEST GUST SPEED    23   HIGHEST GUST DIRECTION    SE (150)
  AVERAGE WIND SPEED    10.4


SKY COVER
  POSSIBLE SUNSHINE  MM
  AVERAGE SKY COVER 0.8


WEATHER CONDITIONS
 THE FOLLOWING WEATHER WAS RECORDED TODAY.
  LIGHT RAIN
  FOG


RELATIVE HUMIDITY (PERCENT)
 HIGHEST    89           800 AM
 LOWEST     67           100 PM
 AVERAGE    78

..........................................................


THE ANCHORAGE AK CLIMATE NORMALS FOR TOMORROW
                         NORMAL    RECORD    YEAR
 MAXIMUM TEMPERATURE (F)   61        76      1949
 MINIMUM TEMPERATURE (F)   47        31      1984


SUNRISE AND SUNSET
AUGUST 27 2014........SUNRISE   640 AM AKDT  SUNSET   921 PM AKDT
AUGUST 28 2014........SUNRISE   642 AM AKDT  SUNSET   918 PM AKDT

CIVIL TWILIGHT
AUGUST 27 2014          START   551 AM AKDT     END  1010 PM AKDT
AUGUST 28 2014          START   554 AM AKDT     END  1007 PM AKDT



-  INDICATES NEGATIVE NUMBERS.
R  INDICATES RECORD WAS SET OR TIED.
MM INDICATES DATA IS MISSING.
T  INDICATES TRACE AMOUNT.




$$
&&
------------------------------------------------------
AMOUNT OF DAYLIGHT TODAY  (HOUR:MIN)........14:42
GAIN/LOSS SINCE YESTERDAY (HOUR:MIN:SEC)....-0:05:37
