000
CDAK48 PAFC 211231
CLIANC


CLIMATE REPORT
NATIONAL WEATHER SERVICE ANCHORAGE, AK
431 AM AKDT SUN SEP 21 2014


...................................

...THE ANCHORAGE AK CLIMATE SUMMARY FOR SEPTEMBER 20 2014...

CLIMATE NORMAL PERIOD 1981 TO 2010
CLIMATE RECORD PERIOD 1915 TO 2014


WEATHER ITEM   OBSERVED RECORD YEAR NORMAL DEPARTURE LAST
                VALUE   VALUE       VALUE  FROM      YEAR
                                           NORMAL
...........................................................
TEMPERATURE (F)
 YESTERDAY
  MAXIMUM         59     66    1995  54      5       47
  MINIMUM         46     23    1917  41      5       31
  AVERAGE         53                 47      6       39

PRECIPITATION (IN)
  YESTERDAY        0.10   1.20 1976   0.10   0.00
  MONTH TO DATE    4.01               2.01   2.00
  SINCE JUN 1     13.09               8.06   5.03
  SINCE JAN 1     16.32              11.30   5.02

SNOWFALL (IN)
  YESTERDAY       MM      0.3  1947   0.0   MM
  MONTH TO DATE    0.0                0.1   -0.1
  SINCE JUN 1      0.0                0.1   -0.1
  SINCE JUL 1      0.0                0.1   -0.1
  SNOW DEPTH       0

DEGREE DAYS
 HEATING
  YESTERDAY       12                        -6
  MONTH TO DATE  234                       -58
  SINCE SEP 1    234                       -58
  SINCE JUL 1    583                      -159

 COOLING
  YESTERDAY        0                         0
  MONTH TO DATE    0                         0
  SINCE SEP 1      0                         0
  SINCE JAN 1      3                         1
...........................................................


WIND (MPH)
  HIGHEST WIND SPEED    16   HIGHEST WIND DIRECTION    SE (150)
  HIGHEST GUST SPEED    33   HIGHEST GUST DIRECTION     S (160)
  AVERAGE WIND SPEED     7.6




RELATIVE HUMIDITY (PERCENT)
 HIGHEST    93
 LOWEST     57
 AVERAGE    75

..........................................................


THE ANCHORAGE AK CLIMATE NORMALS FOR TODAY
                         NORMAL    RECORD    YEAR
 MAXIMUM TEMPERATURE (F)   53        67      1995
 MINIMUM TEMPERATURE (F)   40        23      1930


SUNRISE AND SUNSET
SEPTEMBER 21 2014.....SUNRISE   742 AM AKDT  SUNSET   802 PM AKDT
SEPTEMBER 22 2014.....SUNRISE   745 AM AKDT  SUNSET   759 PM AKDT


-  INDICATES NEGATIVE NUMBERS.
R  INDICATES RECORD WAS SET OR TIED.
MM INDICATES DATA IS MISSING.
T  INDICATES TRACE AMOUNT.




$$
