000
CDAK48 PAFC 250051
CLIANC

CLIMATE REPORT
NATIONAL WEATHER SERVICE ANCHORAGE, AK
449 PM AKDT SAT JUN 24 2017


...................................

...THE ANCHORAGE AK CLIMATE SUMMARY FOR JUNE 24 2017...
VALID TODAY AS OF 0400 PM LOCAL TIME.

CLIMATE NORMAL PERIOD 1981 TO 2010
CLIMATE RECORD PERIOD 1952 TO 2017


WEATHER ITEM   OBSERVED TIME   RECORD YEAR NORMAL DEPARTURE LAST
                VALUE   (LST)  VALUE       VALUE  FROM      YEAR
                                                  NORMAL
..................................................................
TEMPERATURE (F)
 TODAY
  MAXIMUM         66        MM  74    2015  64      2       64
  MINIMUM         44        MM  42    2009  50     -6       56
                                      1966
  AVERAGE         55                        57     -2       60

PRECIPITATION (IN)
  TODAY            0.00          0.90 1994   0.04  -0.04     0.16
  MONTH TO DATE    0.66                      0.75  -0.09     1.39
  SINCE JUN 1      0.66                      0.75  -0.09     1.39
  SINCE JAN 1      5.49                      3.99   1.50     3.55

SNOWFALL (IN)
  TODAY            0.0           0.0    MM   0.0    0.0      0.0
  MONTH TO DATE    0.0                       0.0    0.0      0.0
  SINCE JUN 1      0.0                       0.0    0.0      0.0
  SINCE JUL 1     82.4                      74.5    7.9     38.3
  SNOW DEPTH       0

DEGREE DAYS
 HEATING
  TODAY           10                         8      2        5
  MONTH TO DATE  238                       247     -9      152
  SINCE JUN 1    238                       247     -9      152
  SINCE JUL 1   9941                     10147   -206     8492

 COOLING
  TODAY            0                         0      0        0
  MONTH TO DATE    0                         0      0        0
  SINCE JUN 1      0                         0      0        0
  SINCE JAN 1      0                         0      0        0
..................................................................


WIND (MPH)
  RESULTANT WIND SPEED   1   RESULTANT WIND DIRECTION   S (200)
  HIGHEST WIND SPEED     7   HIGHEST WIND DIRECTION     E (99)
  HIGHEST GUST SPEED    MM   HIGHEST GUST DIRECTION    MM
  AVERAGE WIND SPEED     2.7


SKY COVER
  POSSIBLE SUNSHINE  MM
  AVERAGE SKY COVER 0.7


WEATHER CONDITIONS
 THE FOLLOWING WEATHER WAS RECORDED TODAY.
  NO SIGNIFICANT WEATHER WAS OBSERVED.


RELATIVE HUMIDITY (PERCENT)
 HIGHEST   100           600 AM
 LOWEST     58           300 PM
 AVERAGE    79

..........................................................


THE ANCHORAGE AK CLIMATE NORMALS FOR TOMORROW
                         NORMAL    RECORD    YEAR
 MAXIMUM TEMPERATURE (F)   64        75      2015
 MINIMUM TEMPERATURE (F)   50        40      2009


SUNRISE AND SUNSET
JUNE 24 2017..........SUNRISE   423 AM AKDT  SUNSET  1142 PM AKDT
JUNE 25 2017..........SUNRISE   423 AM AKDT  SUNSET  1142 PM AKDT

CIVIL TWILIGHT
JUNE 24 2017            START     **.** GMT     END     **.** GMT
JUNE 25 2017            START     **.** GMT     END     **.** GMT



-  INDICATES NEGATIVE NUMBERS.
R  INDICATES RECORD WAS SET OR TIED.
MM INDICATES DATA IS MISSING.
T  INDICATES TRACE AMOUNT.




$$
&&
------------------------------------------------------
AMOUNT OF DAYLIGHT TODAY  (HOUR:MIN)........19:19
GAIN/LOSS SINCE YESTERDAY (HOUR:MIN:SEC)....-0:00:40

$$
