000
CDAK48 PAFC 251239
CLIANC

CLIMATE REPORT
NATIONAL WEATHER SERVICE ANCHORAGE, AK
339 AM AKST THU DEC 25 2014


...................................

...THE ANCHORAGE AK CLIMATE SUMMARY FOR DECEMBER 24 2014...

CLIMATE NORMAL PERIOD 1981 TO 2010
CLIMATE RECORD PERIOD 1953 TO 2014


WEATHER ITEM   OBSERVED RECORD YEAR NORMAL DEPARTURE LAST
                VALUE   VALUE       VALUE  FROM      YEAR
                                           NORMAL
...........................................................
TEMPERATURE (F)
 YESTERDAY
  MAXIMUM         28     47    1962  25      3        5
  MINIMUM         23    -25    1961  13     10       -4
  AVERAGE         26                 18      8        1

PRECIPITATION (IN)
  YESTERDAY        T      0.34 1970   0.04  -0.04
  MONTH TO DATE    0.38               0.89  -0.51
  SINCE DEC 1      0.38               0.89  -0.51
  SINCE JAN 1     18.29              16.36   1.93

SNOWFALL (IN)
  YESTERDAY        T      4.2  2002   0.5   -0.5
  MONTH TO DATE    5.6               13.2   -7.6
  SINCE DEC 1      5.6               13.2   -7.6
  SINCE JUL 1     11.6               34.6  -23.0
  SNOW DEPTH       5

DEGREE DAYS
 HEATING
  YESTERDAY       39                        -7
  MONTH TO DATE  917                      -180
  SINCE DEC 1    917                      -180
  SINCE JUL 1   3632                      -629

 COOLING
  YESTERDAY        0                         0
  MONTH TO DATE    0                         0
  SINCE DEC 1      0                         0
  SINCE JAN 1      3                         1
...........................................................


WIND (MPH)
  HIGHEST WIND SPEED     7   HIGHEST WIND DIRECTION     E (70)
  HIGHEST GUST SPEED    MM   HIGHEST GUST DIRECTION    MM
  AVERAGE WIND SPEED     2.2




RELATIVE HUMIDITY (PERCENT)
 HIGHEST    92
 LOWEST     75
 AVERAGE    84

..........................................................


THE ANCHORAGE AK CLIMATE NORMALS FOR TODAY
                         NORMAL    RECORD    YEAR
 MAXIMUM TEMPERATURE (F)   24        42      1995
 MINIMUM TEMPERATURE (F)   13       -25      1961


SUNRISE AND SUNSET
DECEMBER 25 2014......SUNRISE  1015 AM AKST  SUNSET   345 PM AKST
DECEMBER 26 2014......SUNRISE  1015 AM AKST  SUNSET   346 PM AKST

CIVIL TWILIGHT
DECEMBER 25 2014        START   914 AM AKST     END   448 PM AKST
DECEMBER 26 2014        START   914 AM AKST     END   448 PM AKST



-  INDICATES NEGATIVE NUMBERS.
R  INDICATES RECORD WAS SET OR TIED.
MM INDICATES DATA IS MISSING.
T  INDICATES TRACE AMOUNT.




$$
&&
------------------------------------------------------
AMOUNT OF DAYLIGHT TODAY  (HOUR:MIN)........ 5:30
GAIN/LOSS SINCE YESTERDAY (HOUR:MIN:SEC)....+0:00:42
