000
CDUS43 KAPX 100910
CLIANJ


CLIMATE REPORT
NATIONAL WEATHER SERVICE GAYLORD MI
409 AM EST SAT DEC 10 2016


...................................

...THE SAULT STE MARIE MI CLIMATE SUMMARY FOR DECEMBER 9 2016...

CLIMATE NORMAL PERIOD 1981 TO 2010
CLIMATE RECORD PERIOD 1888 TO 2016


WEATHER ITEM   OBSERVED TIME   RECORD YEAR NORMAL DEPARTURE LAST
                VALUE   (LST)  VALUE       VALUE  FROM      YEAR
                                                  NORMAL
..................................................................
TEMPERATURE (F)
 YESTERDAY
  MAXIMUM         22    253 PM  51    1946  31     -9       43
  MINIMUM         17    730 AM -20    1976  19     -2       39
  AVERAGE         20                        25     -5       41

PRECIPITATION (IN)
  YESTERDAY        0.04          1.46 1995   0.09  -0.05     0.19
  MONTH TO DATE    1.18                      0.91   0.27     0.39
  SINCE DEC 1      1.18                      0.91   0.27     0.39
  SINCE JAN 1     31.93                     31.07   0.86    27.86

SNOWFALL (IN)
  YESTERDAY        2.1          19.4  1995   1.0    1.1      0.0
  MONTH TO DATE   11.4                       8.9    2.5       T
  SINCE OCT 1     18.3                      25.6   -7.3      9.0
  SINCE JUL 1     18.3                      25.6   -7.3      9.0
  SNOW DEPTH       4

DEGREE DAYS
 HEATING
  YESTERDAY       45                        40      5       24
  MONTH TO DATE  299                       349    -50      245
  SINCE DEC 1    299                       349    -50      245
  SINCE JUL 1   1569                      2281   -712     1736
..................................................................


WIND (MPH)
  HIGHEST WIND SPEED    10   HIGHEST WIND DIRECTION     N (10)
  HIGHEST GUST SPEED    15   HIGHEST GUST DIRECTION     N (10)
  AVERAGE WIND SPEED     5.0




RELATIVE HUMIDITY (PERCENT)
 HIGHEST    92
 LOWEST     52
 AVERAGE    72

..........................................................


THE SAULT STE MARIE MI CLIMATE NORMALS FOR TODAY
                         NORMAL    RECORD    YEAR
 MAXIMUM TEMPERATURE (F)   30        47      2015
                                             1911
 MINIMUM TEMPERATURE (F)   18       -14      1958


SUNRISE AND SUNSET
DECEMBER 10 2016......SUNRISE   811 AM EST   SUNSET   450 PM EST
DECEMBER 11 2016......SUNRISE   811 AM EST   SUNSET   450 PM EST


-  INDICATES NEGATIVE NUMBERS.
R  INDICATES RECORD WAS SET OR TIED.
MM INDICATES DATA IS MISSING.
T  INDICATES TRACE AMOUNT.




$$
