000
CDUS43 KAPX 190744
CLIANJ


CLIMATE REPORT
NATIONAL WEATHER SERVICE GAYLORD MI
244 AM EST MON FEB 19 2018


...................................

...THE SAULT STE MARIE MI CLIMATE SUMMARY FOR FEBRUARY 18 2018...

CLIMATE NORMAL PERIOD 1981 TO 2010
CLIMATE RECORD PERIOD 1888 TO 2018


WEATHER ITEM   OBSERVED TIME   RECORD YEAR NORMAL DEPARTURE LAST
                VALUE   (LST)  VALUE       VALUE  FROM      YEAR
                                                  NORMAL
..................................................................
TEMPERATURE (F)
 YESTERDAY
  MAXIMUM         33   1159 PM  49    2017  27      6       49
  MINIMUM         20    830 AM -27    1979  10     10       21
  AVERAGE         27                        18      9       35

PRECIPITATION (IN)
  YESTERDAY        0.04          0.59 1972   0.04   0.00     0.00
  MONTH TO DATE    0.68                      0.86  -0.18     2.06
  SINCE DEC 1      6.19                      5.84   0.35     8.97
  SINCE JAN 1      2.47                      3.05  -0.58     4.72

SNOWFALL (IN)
  YESTERDAY        0.4           8.3  1972   0.6   -0.2      0.0
  MONTH TO DATE   10.3                      13.0   -2.7     32.7
  SINCE OCT 1     85.2                      94.6   -9.4    117.7
  SINCE JUL 1     85.2                      94.6   -9.4    117.7
  SNOW DEPTH      17

DEGREE DAYS
 HEATING
  YESTERDAY       38                        47     -9       30
  MONTH TO DATE  927                       871     56      774
  SINCE DEC 1   3888                      3739    149     3272
  SINCE JUL 1   5473                      5671   -198     4542
..................................................................


WIND (MPH)
  HIGHEST WIND SPEED    15   HIGHEST WIND DIRECTION    SE (150)
  HIGHEST GUST SPEED    21   HIGHEST GUST DIRECTION    SE (120)
  AVERAGE WIND SPEED     7.8




RELATIVE HUMIDITY (PERCENT)
 HIGHEST    92
 LOWEST     47
 AVERAGE    70

..........................................................


THE SAULT STE MARIE MI CLIMATE NORMALS FOR TODAY
                         NORMAL    RECORD    YEAR
 MAXIMUM TEMPERATURE (F)   27        46      1994
 MINIMUM TEMPERATURE (F)   10       -23      1910


SUNRISE AND SUNSET
FEBRUARY 19 2018......SUNRISE   734 AM EST   SUNSET   609 PM EST
FEBRUARY 20 2018......SUNRISE   733 AM EST   SUNSET   610 PM EST


-  INDICATES NEGATIVE NUMBERS.
R  INDICATES RECORD WAS SET OR TIED.
MM INDICATES DATA IS MISSING.
T  INDICATES TRACE AMOUNT.




$$
