000
CDUS43 KAPX 302133
CLIANJ


CLIMATE REPORT
NATIONAL WEATHER SERVICE GAYLORD MI
532 PM EDT WED JUL 30 2014


...................................

...THE SAULT STE MARIE MI CLIMATE SUMMARY FOR JULY 30 2014...
VALID TODAY AS OF 0500 PM LOCAL TIME.

CLIMATE NORMAL PERIOD 1981 TO 2010
CLIMATE RECORD PERIOD 1888 TO 2014


WEATHER ITEM   OBSERVED TIME   RECORD YEAR NORMAL DEPARTURE LAST
                VALUE   (LST)  VALUE       VALUE  FROM      YEAR
                                                  NORMAL
..................................................................
TEMPERATURE (F)
 TODAY
  MAXIMUM         65    142 PM  98    1916  76    -11       76
  MINIMUM         48    319 AM  40    1992  56     -8       50
                                      1971
  AVERAGE         57                        66     -9       63

PRECIPITATION (IN)
  TODAY            0.00          0.98 1897   0.11  -0.11      T
  MONTH TO DATE    1.48                      2.76  -1.28     5.21
  SINCE JUN 1      4.40                      5.46  -1.06     8.46
  SINCE JAN 1     16.44                     15.90   0.54    22.72

DEGREE DAYS
 HEATING
  TODAY            8                         2      6        2
  MONTH TO DATE  109                        70     39       50
  SINCE JUN 1    218                       250    -32      196
  SINCE JUL 1    109                        70     39       50

 COOLING
  TODAY            0                         3     -3        0
  MONTH TO DATE   21                        81    -60      115
  SINCE JUN 1     58                       111    -53      154
  SINCE JAN 1     60                       116    -56      163
..................................................................


WIND (MPH)
  RESULTANT WIND SPEED   6   RESULTANT WIND DIRECTION  NW (300)
  HIGHEST WIND SPEED    13   HIGHEST WIND DIRECTION    NW (310)
  HIGHEST GUST SPEED    18   HIGHEST GUST DIRECTION    NW (300)
  AVERAGE WIND SPEED     6.8


SKY COVER
  POSSIBLE SUNSHINE  MM
  AVERAGE SKY COVER 0.7


WEATHER CONDITIONS
 THE FOLLOWING WEATHER WAS RECORDED TODAY.
  FOG
  FOG W/VISIBILITY <= 1/4 MILE


RELATIVE HUMIDITY (PERCENT)
 HIGHEST   100           100 AM
 LOWEST     56           200 PM
 AVERAGE    78

..........................................................


THE SAULT STE MARIE MI CLIMATE NORMALS FOR TOMORROW
                         NORMAL    RECORD    YEAR
 MAXIMUM TEMPERATURE (F)   76        97      1975
 MINIMUM TEMPERATURE (F)   56        40      1918


SUNRISE AND SUNSET
JULY 30 2014..........SUNRISE   616 AM EDT   SUNSET   911 PM EDT
JULY 31 2014..........SUNRISE   617 AM EDT   SUNSET   910 PM EDT


-  INDICATES NEGATIVE NUMBERS.
R  INDICATES RECORD WAS SET OR TIED.
MM INDICATES DATA IS MISSING.
T  INDICATES TRACE AMOUNT.




$$
