000
CDUS43 KAPX 292127
CLIANJ


CLIMATE REPORT
NATIONAL WEATHER SERVICE GAYLORD MI
527 PM EDT WED JUL 29 2015


...................................

...THE SAULT STE MARIE MI CLIMATE SUMMARY FOR JULY 29 2015...
VALID TODAY AS OF 0500 PM LOCAL TIME.

CLIMATE NORMAL PERIOD 1981 TO 2010
CLIMATE RECORD PERIOD 1888 TO 2015


WEATHER ITEM   OBSERVED TIME   RECORD YEAR NORMAL DEPARTURE LAST
                VALUE   (LST)  VALUE       VALUE  FROM      YEAR
                                                  NORMAL
..................................................................
TEMPERATURE (F)
 TODAY
  MAXIMUM         MM        MM  96    1916  77     MM       67
  MINIMUM         MM        MM  40    1968  56     MM       49
  AVERAGE         MM                        66     MM       58

PRECIPITATION (IN)
  TODAY           MM             1.59 1996   0.10  MM        0.00
  MONTH TO DATE    3.05                      2.65   0.40     1.48
  SINCE JUN 1      5.78                      5.35   0.43     4.40
  SINCE JAN 1     14.48                     15.79  -1.31    16.44

DEGREE DAYS
 HEATING
  TODAY           MM                         2     MM        7
  MONTH TO DATE   51                        68    -17      101
  SINCE JUN 1    239                       248     -9      210
  SINCE JUL 1     51                        68    -17      101

 COOLING
  TODAY           MM                         3     MM        0
  MONTH TO DATE   82                        78      4       21
  SINCE JUN 1     89                       108    -19       58
  SINCE JAN 1     91                       113    -22       60
..................................................................


WIND (MPH)
  RESULTANT WIND SPEED  MM   RESULTANT WIND DIRECTION  MM
  HIGHEST WIND SPEED    MM   HIGHEST WIND DIRECTION    MM
  HIGHEST GUST SPEED    MM   HIGHEST GUST DIRECTION    MM
  AVERAGE WIND SPEED    MM


SKY COVER
  POSSIBLE SUNSHINE  MM
  AVERAGE SKY COVER  MM


WEATHER CONDITIONS
 THE FOLLOWING WEATHER WAS RECORDED TODAY.
  NO SIGNIFICANT WEATHER WAS OBSERVED.


RELATIVE HUMIDITY (PERCENT)
 HIGHEST    MM
 LOWEST     MM
 AVERAGE    MM

..........................................................


THE SAULT STE MARIE MI CLIMATE NORMALS FOR TOMORROW
                         NORMAL    RECORD    YEAR
 MAXIMUM TEMPERATURE (F)   76        98      1916
 MINIMUM TEMPERATURE (F)   56        40      1992
                                             1971


SUNRISE AND SUNSET
JULY 29 2015..........SUNRISE   615 AM EDT   SUNSET   913 PM EDT
JULY 30 2015..........SUNRISE   616 AM EDT   SUNSET   911 PM EDT


-  INDICATES NEGATIVE NUMBERS.
R  INDICATES RECORD WAS SET OR TIED.
MM INDICATES DATA IS MISSING.
T  INDICATES TRACE AMOUNT.




$$
