000
CDUS43 KAPX 192234
CLIANJ


CLIMATE REPORT
NATIONAL WEATHER SERVICE GAYLORD MI
534 PM EST FRI DEC 19 2014


...................................

...THE SAULT STE MARIE MI CLIMATE SUMMARY FOR DECEMBER 19 2014...
VALID TODAY AS OF 0500 PM LOCAL TIME.

CLIMATE NORMAL PERIOD 1981 TO 2010
CLIMATE RECORD PERIOD 1888 TO 2014


WEATHER ITEM   OBSERVED TIME   RECORD YEAR NORMAL DEPARTURE LAST
                VALUE   (LST)  VALUE       VALUE  FROM      YEAR
                                                  NORMAL
..................................................................
TEMPERATURE (F)
 TODAY
  MAXIMUM         26    226 PM  45    2002  28     -2       22
                                      1923
  MINIMUM          5    720 AM -20    2004  14     -9       14
                                      1983
  AVERAGE         16                        21     -5       18

PRECIPITATION (IN)
  TODAY            0.00          0.49 1916   0.08  -0.08      T
  MONTH TO DATE    1.80                      1.80   0.00     1.83
  SINCE DEC 1      1.80                      1.80   0.00     1.83
  SINCE JAN 1     38.98                     31.96   7.02    47.81

SNOWFALL (IN)
  TODAY            0.0           6.1  1980   1.1             0.1
  MONTH TO DATE   18.2                      20.0            19.8
  SINCE OCT 1     83.6                      36.7            41.5
  SINCE JUL 1     83.6                      36.7            41.5

DEGREE DAYS
 HEATING
  TODAY           49                        44      5       47
  MONTH TO DATE  758                       774    -16      966
  SINCE DEC 1    758                       774    -16      966
  SINCE JUL 1   2920                      2706    214     2859
..................................................................


WIND (MPH)
  RESULTANT WIND SPEED   1   RESULTANT WIND DIRECTION   E (100)
  HIGHEST WIND SPEED     7   HIGHEST WIND DIRECTION     S (170)
  HIGHEST GUST SPEED     9   HIGHEST GUST DIRECTION     S (180)
  AVERAGE WIND SPEED     1.3


SKY COVER
  POSSIBLE SUNSHINE  MM
  AVERAGE SKY COVER 0.0


WEATHER CONDITIONS
 THE FOLLOWING WEATHER WAS RECORDED TODAY.
  NO SIGNIFICANT WEATHER WAS OBSERVED.


RELATIVE HUMIDITY (PERCENT)
 HIGHEST    92          1000 AM
 LOWEST     55           200 PM
 AVERAGE    74

..........................................................


THE SAULT STE MARIE MI CLIMATE NORMALS FOR TOMORROW
                         NORMAL    RECORD    YEAR
 MAXIMUM TEMPERATURE (F)   27        43      1988
 MINIMUM TEMPERATURE (F)   14       -14      1942


SUNRISE AND SUNSET
DECEMBER 19 2014......SUNRISE   817 AM EST   SUNSET   452 PM EST
DECEMBER 20 2014......SUNRISE   818 AM EST   SUNSET   452 PM EST


-  INDICATES NEGATIVE NUMBERS.
R  INDICATES RECORD WAS SET OR TIED.
MM INDICATES DATA IS MISSING.
T  INDICATES TRACE AMOUNT.




$$
