581
CDUS43 KAPX 140528
CLIANJ


CLIMATE REPORT
NATIONAL WEATHER SERVICE GAYLORD MI
1227 AM EST SUN FEB 14 2016


...................................

...THE SAULT STE MARIE MI CLIMATE SUMMARY FOR FEBRUARY 13 2016...

CLIMATE NORMAL PERIOD 1981 TO 2010
CLIMATE RECORD PERIOD 1888 TO 2016


WEATHER ITEM   OBSERVED TIME   RECORD YEAR NORMAL DEPARTURE LAST
                VALUE   (LST)  VALUE       VALUE  FROM      YEAR
                                                  NORMAL
..................................................................
TEMPERATURE (F)
 YESTERDAY
  MAXIMUM          3    633 PM  42    1890  25    -22       13
  MINIMUM        -18    757 AM -27    1970   9    -27      -12
  AVERAGE         -7                        17    -24        1

PRECIPITATION (IN)
  YESTERDAY        0.01          0.44 1985   0.04  -0.03     0.13
  MONTH TO DATE    0.84                      0.64   0.20     1.06
  SINCE DEC 1      7.80                      5.62   2.18     6.40
  SINCE JAN 1      2.39                      2.83  -0.44     3.06

SNOWFALL (IN)
  YESTERDAY        0.3           5.1  1985   0.7   -0.4      2.7
  MONTH TO DATE   12.7                       9.9    2.8     15.4
  SINCE OCT 1     51.7                      91.5  -39.8    144.4
  SINCE JUL 1     51.7                      91.5  -39.8    144.4
  SNOW DEPTH      14

DEGREE DAYS
 HEATING
  YESTERDAY       72                        48     24       64
  MONTH TO DATE  614                       635    -21      751
  SINCE DEC 1   2979                      3503   -524     3638
  SINCE JUL 1   4470                      5435   -965     5800
..................................................................


WIND (MPH)
  HIGHEST WIND SPEED    14   HIGHEST WIND DIRECTION    NE (30)
  HIGHEST GUST SPEED    21   HIGHEST GUST DIRECTION    NE (30)
  AVERAGE WIND SPEED     4.7




RELATIVE HUMIDITY (PERCENT)
 HIGHEST    87
 LOWEST     48
 AVERAGE    68

..........................................................


THE SAULT STE MARIE MI CLIMATE NORMALS FOR TODAY
                         NORMAL    RECORD    YEAR
 MAXIMUM TEMPERATURE (F)   26        42      2002
 MINIMUM TEMPERATURE (F)    9       -21      1899


SUNRISE AND SUNSET
FEBRUARY 14 2016......SUNRISE   743 AM EST   SUNSET   601 PM EST
FEBRUARY 15 2016......SUNRISE   742 AM EST   SUNSET   602 PM EST


-  INDICATES NEGATIVE NUMBERS.
R  INDICATES RECORD WAS SET OR TIED.
MM INDICATES DATA IS MISSING.
T  INDICATES TRACE AMOUNT.




$$
