000
CDUS43 KAPX 192136
CLIANJ


CLIMATE REPORT
NATIONAL WEATHER SERVICE GAYLORD MI
535 PM EDT THU OCT 19 2017


...................................

...THE SAULT STE MARIE MI CLIMATE SUMMARY FOR OCTOBER 19 2017...
VALID TODAY AS OF 0500 PM LOCAL TIME.

CLIMATE NORMAL PERIOD 1981 TO 2010
CLIMATE RECORD PERIOD 1888 TO 2017


WEATHER ITEM   OBSERVED TIME   RECORD YEAR NORMAL DEPARTURE LAST
                VALUE   (LST)  VALUE       VALUE  FROM      YEAR
                                                  NORMAL
..................................................................
TEMPERATURE (F)
 TODAY
  MAXIMUM         62    126 AM  78    1910  52     10       62
  MINIMUM         50    739 AM  21    1992  37     13       41
  AVERAGE         56                        44     12       52

PRECIPITATION (IN)
  TODAY            0.00          1.13 1979   0.12  -0.12     0.00
  MONTH TO DATE    2.46                      2.39   0.07     3.11
  SINCE SEP 1      3.51                      6.21  -2.70     7.93
  SINCE JAN 1     31.27                     25.38   5.89    28.01

SNOWFALL (IN)
  TODAY            0.0           6.0  1930   0.0             0.0
  MONTH TO DATE    0.0                       0.4             0.0
  SINCE OCT 1      0.0                       0.4             0.0
  SINCE JUL 1      0.0                       0.4             0.0

DEGREE DAYS
 HEATING
  TODAY            9                        21    -12       13
  MONTH TO DATE  185                       329   -144      196
  SINCE SEP 1    322                       583   -261      273
  SINCE JUL 1    405                       730   -325      308

 COOLING
  TODAY            0                         0      0        0
  MONTH TO DATE    4                         0      4        0
  SINCE SEP 1     86                        17     69       35
  SINCE JAN 1    214                       195     19      361
..................................................................


WIND (MPH)
  RESULTANT WIND SPEED  14   RESULTANT WIND DIRECTION   W (270)
  HIGHEST WIND SPEED    23   HIGHEST WIND DIRECTION     W (270)
  HIGHEST GUST SPEED    32   HIGHEST GUST DIRECTION     W (280)
  AVERAGE WIND SPEED    14.5


SKY COVER
  POSSIBLE SUNSHINE  MM
  AVERAGE SKY COVER 0.1


WEATHER CONDITIONS
 THE FOLLOWING WEATHER WAS RECORDED TODAY.
  NO SIGNIFICANT WEATHER WAS OBSERVED.


RELATIVE HUMIDITY (PERCENT)
 HIGHEST    65           100 AM
 LOWEST     33           400 PM
 AVERAGE    49

..........................................................


THE SAULT STE MARIE MI CLIMATE NORMALS FOR TOMORROW
                         NORMAL    RECORD    YEAR
 MAXIMUM TEMPERATURE (F)   52        76      1920
 MINIMUM TEMPERATURE (F)   37        20      1974
                                             1922


SUNRISE AND SUNSET
OCTOBER 19 2017.......SUNRISE   801 AM EDT   SUNSET   643 PM EDT
OCTOBER 20 2017.......SUNRISE   802 AM EDT   SUNSET   641 PM EDT


-  INDICATES NEGATIVE NUMBERS.
R  INDICATES RECORD WAS SET OR TIED.
MM INDICATES DATA IS MISSING.
T  INDICATES TRACE AMOUNT.




$$
