000
CDUS43 KAPX 012133
CLIANJ


CLIMATE REPORT
NATIONAL WEATHER SERVICE GAYLORD MI
532 PM EDT SUN MAY 1 2016


...................................

...THE SAULT STE MARIE MI CLIMATE SUMMARY FOR MAY 1 2016...
VALID TODAY AS OF 0500 PM LOCAL TIME.

CLIMATE NORMAL PERIOD 1981 TO 2010
CLIMATE RECORD PERIOD 1888 TO 2016


WEATHER ITEM   OBSERVED TIME   RECORD YEAR NORMAL DEPARTURE LAST
                VALUE   (LST)  VALUE       VALUE  FROM      YEAR
                                                  NORMAL
..................................................................
TEMPERATURE (F)
 TODAY
  MAXIMUM         62    217 PM  82    1913  57      5       71
  MINIMUM         41   1210 AM  21    1903  37      4       34
  AVERAGE         52                        47      5       53

PRECIPITATION (IN)
  TODAY            0.00          1.37 1929   0.08  -0.08     0.00
  MONTH TO DATE    0.00                      0.08  -0.08     0.00
  SINCE MAR 1      5.08                      4.42   0.66     3.16
  SINCE JAN 1      8.79                      7.95   0.84     6.53

SNOWFALL (IN)
  TODAY            0.0           4.5  1927   0.0             0.0
  MONTH TO DATE    0.0                       0.0             0.0
  SINCE OCT 1     91.9                     120.3           168.4
  SINCE JUL 1     91.9                     120.3           168.4

DEGREE DAYS
 HEATING
  TODAY           13                        18     -5       12
  MONTH TO DATE   13                        18     -5       12
  SINCE MAR 1   1867                      1961    -94     2135
  SINCE JUL 1   7008                      8087  -1079     8914

 COOLING
  TODAY            0                         0      0        0
  MONTH TO DATE    0                         0      0        0
  SINCE MAR 1      0                         0      0        0
  SINCE JAN 1      0                         0      0        0
..................................................................


WIND (MPH)
  RESULTANT WIND SPEED   6   RESULTANT WIND DIRECTION   E (70)
  HIGHEST WIND SPEED    14   HIGHEST WIND DIRECTION    NE (50)
  HIGHEST GUST SPEED    20   HIGHEST GUST DIRECTION    NE (60)
  AVERAGE WIND SPEED     7.5


SKY COVER
  POSSIBLE SUNSHINE  MM
  AVERAGE SKY COVER 0.3


WEATHER CONDITIONS
 THE FOLLOWING WEATHER WAS RECORDED TODAY.
  NO SIGNIFICANT WEATHER WAS OBSERVED.


RELATIVE HUMIDITY (PERCENT)
 HIGHEST    73          1200 AM
 LOWEST     32           200 PM
 AVERAGE    53

..........................................................


THE SAULT STE MARIE MI CLIMATE NORMALS FOR TOMORROW
                         NORMAL    RECORD    YEAR
 MAXIMUM TEMPERATURE (F)   58        82      1951
 MINIMUM TEMPERATURE (F)   37        21      1958


SUNRISE AND SUNSET
MAY  1 2016...........SUNRISE   622 AM EDT   SUNSET   847 PM EDT
MAY  2 2016...........SUNRISE   621 AM EDT   SUNSET   849 PM EDT


-  INDICATES NEGATIVE NUMBERS.
R  INDICATES RECORD WAS SET OR TIED.
MM INDICATES DATA IS MISSING.
T  INDICATES TRACE AMOUNT.




$$
