000
CDUS43 KAPX 220529
CLIANJ


CLIMATE REPORT
NATIONAL WEATHER SERVICE GAYLORD MI
1229 AM EST SUN JAN 22 2017


...................................

...THE SAULT STE MARIE MI CLIMATE SUMMARY FOR JANUARY 21 2017...

CLIMATE NORMAL PERIOD 1981 TO 2010
CLIMATE RECORD PERIOD 1888 TO 2017


WEATHER ITEM   OBSERVED TIME   RECORD YEAR NORMAL DEPARTURE LAST
                VALUE   (LST)  VALUE       VALUE  FROM      YEAR
                                                  NORMAL
..................................................................
TEMPERATURE (F)
 YESTERDAY
  MAXIMUM         37   1104 PM  43    1916  23     14       23
  MINIMUM         33    902 AM -33    1984   7     26       13
  AVERAGE         35                        15     20       18

PRECIPITATION (IN)
  YESTERDAY        0.03          0.65 1935   0.07  -0.04      T
  MONTH TO DATE    1.73                      1.56   0.17     1.12
  SINCE DEC 1      5.98                      4.35   1.63     6.53
  SINCE JAN 1      1.73                      1.56   0.17     1.12

SNOWFALL (IN)
  YESTERDAY        0.0           6.5  1935   1.0   -1.0       T
  MONTH TO DATE   20.7                      21.9   -1.2     14.0
  SINCE OCT 1     78.4                      72.1    6.3     33.4
  SINCE JUL 1     78.4                      72.1    6.3     33.4
  SNOW DEPTH       7

DEGREE DAYS
 HEATING
  YESTERDAY       30                        50    -20       47
  MONTH TO DATE  872                      1038   -166      997
  SINCE DEC 1   2129                      2365   -236     1960
  SINCE JUL 1   3399                      4297   -898     3451
..................................................................


WIND (MPH)
  HIGHEST WIND SPEED    13   HIGHEST WIND DIRECTION    SE (130)
  HIGHEST GUST SPEED    21   HIGHEST GUST DIRECTION     E (110)
  AVERAGE WIND SPEED     7.0




RELATIVE HUMIDITY (PERCENT)
 HIGHEST   100
 LOWEST     92
 AVERAGE    96

..........................................................


THE SAULT STE MARIE MI CLIMATE NORMALS FOR TODAY
                         NORMAL    RECORD    YEAR
 MAXIMUM TEMPERATURE (F)   23        43      1916
 MINIMUM TEMPERATURE (F)    7       -22      1975


SUNRISE AND SUNSET
JANUARY 22 2017.......SUNRISE   811 AM EST   SUNSET   527 PM EST
JANUARY 23 2017.......SUNRISE   810 AM EST   SUNSET   529 PM EST


-  INDICATES NEGATIVE NUMBERS.
R  INDICATES RECORD WAS SET OR TIED.
MM INDICATES DATA IS MISSING.
T  INDICATES TRACE AMOUNT.




$$
