330
CDUS43 KAPX 120536
CLIANJ


CLIMATE REPORT
NATIONAL WEATHER SERVICE GAYLORD MI
1235 AM EST TUE DEC 12 2017


...................................

...THE SAULT STE MARIE MI CLIMATE SUMMARY FOR DECEMBER 11 2017...

CLIMATE NORMAL PERIOD 1981 TO 2010
CLIMATE RECORD PERIOD 1888 TO 2017


WEATHER ITEM   OBSERVED TIME   RECORD YEAR NORMAL DEPARTURE LAST
                VALUE   (LST)  VALUE       VALUE  FROM      YEAR
                                                  NORMAL
..................................................................
TEMPERATURE (F)
 YESTERDAY
  MAXIMUM         24   1159 PM  47    2015  30     -6       24
  MINIMUM          5    535 AM -14    1988  18    -13        8
  AVERAGE         15                        24     -9       16

PRECIPITATION (IN)
  YESTERDAY        0.18          0.78 1980   0.09   0.09     0.10
  MONTH TO DATE    2.22                      1.10   1.12     1.29
  SINCE DEC 1      2.22                      1.10   1.12     1.29
  SINCE JAN 1     41.53                     31.26  10.27    32.04

SNOWFALL (IN)
  YESTERDAY        3.4          11.0  1980   1.1    2.3      1.2
  MONTH TO DATE   15.4                      11.1    4.3     12.9
  SINCE OCT 1     30.4                      27.8    2.6     19.8
  SINCE JUL 1     30.4                      27.8    2.6     19.8
  SNOW DEPTH       6

DEGREE DAYS
 HEATING
  YESTERDAY       50                        41      9       49
  MONTH TO DATE  400                       431    -31      396
  SINCE DEC 1    400                       431    -31      396
  SINCE JUL 1   1985                      2363   -378     1666
..................................................................


WIND (MPH)
  HIGHEST WIND SPEED    21   HIGHEST WIND DIRECTION     W (280)
  HIGHEST GUST SPEED    28   HIGHEST GUST DIRECTION     W (290)
  AVERAGE WIND SPEED     6.5




RELATIVE HUMIDITY (PERCENT)
 HIGHEST    92
 LOWEST     69
 AVERAGE    81

..........................................................


THE SAULT STE MARIE MI CLIMATE NORMALS FOR TODAY
                         NORMAL    RECORD    YEAR
 MAXIMUM TEMPERATURE (F)   30        47      1949
 MINIMUM TEMPERATURE (F)   17       -17      1982


SUNRISE AND SUNSET
DECEMBER 12 2017......SUNRISE   812 AM EST   SUNSET   450 PM EST
DECEMBER 13 2017......SUNRISE   813 AM EST   SUNSET   450 PM EST


-  INDICATES NEGATIVE NUMBERS.
R  INDICATES RECORD WAS SET OR TIED.
MM INDICATES DATA IS MISSING.
T  INDICATES TRACE AMOUNT.




$$
