000
CDAK47 PAJK 141238
CLIANN
CLIMATE REPORT
NATIONAL WEATHER SERVICE JUNEAU, AK
331 AM AKST THU DEC 14 2017


...................................

...THE ANNETTE ISLAND CLIMATE SUMMARY FOR DECEMBER 13 2017...

CLIMATE NORMAL PERIOD 1981 TO 2010
CLIMATE RECORD PERIOD 1941 TO 2017


WEATHER ITEM   OBSERVED RECORD YEAR NORMAL DEPARTURE LAST
                VALUE   VALUE       VALUE  FROM      YEAR
                                           NORMAL
...........................................................
TEMPERATURE (F)
 YESTERDAY
  MAXIMUM         52     53    1944  42     10       35
  MINIMUM         45     10    1948  33     12       15
  AVERAGE         49                 37     12       25

PRECIPITATION (IN)
  YESTERDAY        0.02   2.89 1997   0.35  -0.33     0.00
  MONTH TO DATE    4.78               4.71   0.07     2.66
  SINCE JAN 1     92.17              95.62  -3.45    90.64

SNOWFALL (IN)
  YESTERDAY        0.0    6.3  1979   0.2   -0.2      0.0
  MONTH TO DATE    0.0                2.9   -2.9      3.0
  SINCE JUL 1      0.0                6.5   -6.5      3.0
  SNOW DEPTH       0

DEGREE DAYS
 HEATING
  YESTERDAY       16                 28    -12       40
  MONTH TO DATE  250                357   -107      425
...........................................................


WIND (MPH)
  HIGHEST WIND SPEED    21   HIGHEST WIND DIRECTION    SE (130)
  HIGHEST GUST SPEED    28   HIGHEST GUST DIRECTION    SE (130)
  AVERAGE WIND SPEED    12.7


SKY COVER
  AVERAGE SKY COVER 1.0


WEATHER CONDITIONS
 THE FOLLOWING WEATHER WAS RECORDED YESTERDAY.
  LIGHT RAIN
  FOG


..........................................................


THE ANNETTE ISLAND CLIMATE NORMALS FOR TODAY
                         NORMAL    RECORD    YEAR
 MAXIMUM TEMPERATURE (F)   42        55      1962
                                             1958
 MINIMUM TEMPERATURE (F)   33         5      1964


SUNRISE AND SUNSET
DECEMBER 14 2017......SUNRISE   805 AM AKST  SUNSET   317 PM AKST
DECEMBER 15 2017......SUNRISE   806 AM AKST  SUNSET   318 PM AKST


-  INDICATES NEGATIVE NUMBERS.
R  INDICATES RECORD WAS SET OR TIED.
MM INDICATES DATA IS MISSING.
T  INDICATES TRACE AMOUNT.




$$
--------------------------------------------------------------

AMOUNT OF DAYLIGHT TODAY (HOUR:MIN)......... 7 HOURS 12 MINUTES
GAIN/LOSS SINCE YESTERDAY (HOUR:MIN:SEC).... -0:00:56

$$
