000
CDAK47 PANT 121400
CLIANN

CLIMATE REPORT
NATIONAL WEATHER SERVICE ANNETTE, AK
600 AM AKDT SAT JUL 12 2014

...................................
...THE ANNETTE WSO AP CLIMATE SUMMARY FOR JULY 11 2014...

CLIMATE NORMAL PERIOD  1981 TO  2010
CLIMATE RECORD PERIOD  1948 TO  2014

WEATHER ITEM   OBSERVED TIME    RECORD YEAR NORMAL DEPARTURE LAST
               VALUE    (LST)   VALUE       VALUE  FROM      YEAR
                                                   NORMAL
...................................................................
TEMPERATURE
YESTERDAY
 MAXIMUM            70  0130 PM    86  1952     64       6     68
 MINIMUM            50  0335 AM    46  2012     52      -2     51
 AVERAGE            60                          58       2     60

PRECIPITATION
(INCHES)
 YESTERDAY        0.00           1.62  1991   0.15   -0.15   0.01
 MONTH TO DATE    1.15                        1.60   -0.45   1.66
 SINCE JUN 1      8.90                        6.48    2.42   5.64
 SINCE JAN 1     49.70                       44.90    4.80  44.95

SNOWFALL
(INCHES)
 YESTERDAY         0.0            0.0  2014    0.0     0.0    0.0
 MONTH TO DATE     0.0                         0.0     0.0    0.0
 SINCE JUN 1       0.0                         0.0     0.0    0.0
 SINCE JUL 1       0.0                         0.0     0.0    0.0
 SNOW DEPTH (IN)     0                                          0

DEGREE DAYS
 HEATING
  YESTERDAY          5                           7      -2      5
  MONTH TO DATE     79                          84      -5     67
  SINCE JUN 1      406                         382      24    287
  SINCE JUL 1       79                          84      -5     67

 COOLING
  YESTERDAY          0                           0       0      0
  MONTH TO DATE      0                           0       0      0
  SINCE JUN 1        0                           0       0      6
  SINCE JAN 1        0                           0       0      6
...................................................................

WIND (MPH)
 HIGHEST WIND SPEED     9     HIGHEST WIND DIRECTION    140
 HIGHEST GUST SPEED    12     HIGHEST GUST DIRECTION    130
 AVERAGE WIND SPEED   2.9

SKY COVER
  POSSIBLE SUNSHINE    MM          AVERAGE SKY COVER     MM

WEATHER CONDITIONS
 THE FOLLOWING WEATHER WAS RECORDED YESTERDAY.
  NO SIGNIFICANT WEATHER WAS OBSERVED.

RELATIVE HUMIDITY
 HIGHEST RH     MM PERCENT       MM
 LOWEST  RH     MM PERCENT       MM
 AVERAGE RH     MM PERCENT       MM
...................................................................

THE ANNETTE CLIMATE NORMALS FOR TODAY
                           NORMAL    RECORD   YEAR
 MAXIMUM TEMPERATURE (F)     64        86     1952
 MINIMUM TEMPERATURE (F)     53        45     2012

SUNRISE AND SUNSET
 JUL 12 2014..........SUNRISE  4:24 AM      SUNSET  9:20 PM
 JUL 13 2014..........SUNRISE  4:25 AM      SUNSET  9:19 PM

-  INDICATES NEGATIVE NUMBERS.
R  INDICATES RECORD HAS BEEN SET OR TIED.
MM INDICATES DATA IS MISSING.
T  INDICATES TRACE OF PRECIPITATION.

&&
-------------------------------------------------------------------

AMOUNT OF DAYLIGHT TODAY  (HOUR:MIN)........16 HOURS 56 MINUTES
GAIN/LOSS SINCE YESTERDAY (HOUR:MIN:SEC)....-0:02:20

$$
JH JUL 14
