000
CDAK47 PANT 250010
CLIANN

CLIMATE REPORT
NATIONAL WEATHER SERVICE ANNETTE, AK
410 PM AKDT THU JUL 24 2014

...................................
...THE ANNETTE WSO AP CLIMATE SUMMARY FOR JULY 24 2014...
VALID TODAY AS OF 2:00 PM LOCAL TIME

CLIMATE NORMAL PERIOD  1981 TO  2010
CLIMATE RECORD PERIOD  1948 TO  2014

WEATHER ITEM   OBSERVED TIME    RECORD YEAR NORMAL DEPARTURE LAST
               VALUE    (LST)   VALUE       VALUE  FROM      YEAR
                                                   NORMAL
...................................................................
TEMPERATURE
TODAY
 MAXIMUM            60  1028 AM    80  1971     65      -5     60
 MINIMUM            52  0325 AM    47  1999     54      -2     54
 AVERAGE            56                          60      -4     57

PRECIPITATION
(INCHES)
 TODAY               T           1.91  2000   0.15   -0.15   0.24
 MONTH TO DATE    3.51                        3.55   -0.04   3.23
 SINCE JUN 1     11.26                        8.43    2.83   7.21
 SINCE JAN 1     52.06                       46.85    5.21  46.52

SNOWFALL
(INCHES)
 TODAY             0.0            9.3  1993    0.0     0.0    0.0
 MONTH TO DATE     0.0                         0.0     0.0    0.0
 SINCE JUN 1       0.0                         0.0     0.0    0.0
 SINCE JUL 1       0.0                         0.0     0.0    0.0
 SNOW DEPTH (IN)     0                                          0

DEGREE DAYS
 HEATING
  TODAY              9                           6       3      8
  MONTH TO DATE    142                         166     -24    137
  SINCE JUN 1      469                         464       5    357
  SINCE JUL 1      142                         166     -24    137

 COOLING
  TODAY              0                           0       0      0
  MONTH TO DATE      8                           0       8      4
  SINCE JUN 1        8                           0       8     10
  SINCE JAN 1        8                           0       8     10
...................................................................

WIND (MPH)
 HIGHEST WIND SPEED    13     HIGHEST WIND DIRECTION    170
 HIGHEST GUST SPEED    18     HIGHEST GUST DIRECTION    160
 AVERAGE WIND SPEED   0.0

WEATHER CONDITIONS
 THE FOLLOWING WEATHER WAS RECORDED TODAY.
RAIN


...................................................................

THE ANNETTE CLIMATE NORMALS FOR TOMORROW
                        NORMAL    RECORD   YEAR
 MAXIMUM TEMPERATURE      65        83     1971
 MINIMUM TEMPERATURE      54        47     1965

SUNRISE AND SUNSET
 JUL 24 2014..........SUNRISE  4:42 AM      SUNSET  9:03 PM
 JUL 25 2014..........SUNRISE  4:44 AM      SUNSET  9:02 PM

-  INDICATES NEGATIVE NUMBERS.
R  INDICATES RECORD HAS BEEN SET OR TIED.
MM INDICATES DATA IS MISSING.
T  INDICATES TRACE OF PRECIPITATION.

&&
-------------------------------------------------------------------

AMOUNT OF DAYLIGHT TODAY  (HOUR:MIN)........16 HOURS 21 MINUTES
GAIN/LOSS SINCE YESTERDAY (HOUR:MIN:SEC)....-0:03:15

$$
TR JUL 14
