000
CDUS41 KCTP 042123
CLIAOO


CLIMATE REPORT
NATIONAL WEATHER SERVICE STATE COLLEGE PA
523 PM EDT SAT JUL 4 2015


...................................

...THE ALTOONA CLIMATE SUMMARY FOR JULY 4 2015...
VALID TODAY AS OF 0500 PM LOCAL TIME.

CLIMATE NORMAL PERIOD 1981 TO 2010
CLIMATE RECORD PERIOD 1948 TO 2015


WEATHER ITEM   OBSERVED TIME   RECORD YEAR NORMAL DEPARTURE LAST
                VALUE   (LST)  VALUE       VALUE  FROM      YEAR
                                                  NORMAL
..................................................................
TEMPERATURE (F)
 TODAY
  MAXIMUM         73    359 PM  97    1966  81     -8       73
  MINIMUM         62    742 AM  46    1986  60      2       59
  AVERAGE         68                        70     -2       66

PRECIPITATION (IN)
  TODAY            1.28R         0.87 1954   0.10   1.18     0.00
  MONTH TO DATE    1.52                      0.42   1.10     1.13
  SINCE JUN 1      9.13                      3.90   5.23     7.90
  SINCE JAN 1     18.63                     18.08   0.55    21.40

DEGREE DAYS
 HEATING
  TODAY            0                         0      0        0
  MONTH TO DATE    0                         1     -1        0
  SINCE JUN 1     39                        59    -20       15
  SINCE JUL 1      0                         1     -1        0

 COOLING
  TODAY            3                         6     -3        1
  MONTH TO DATE    6                        23    -17       37
  SINCE JUN 1    154                       132     22      174
  SINCE JAN 1    258                       165     93      221
..................................................................


WIND (MPH)
  HIGHEST WIND SPEED    10   HIGHEST WIND DIRECTION     S (170)
  HIGHEST GUST SPEED    14   HIGHEST GUST DIRECTION     S (160)
  AVERAGE WIND SPEED     3.9


SKY COVER
  POSSIBLE SUNSHINE  MM
  AVERAGE SKY COVER 0.8


WEATHER CONDITIONS
 THE FOLLOWING WEATHER WAS RECORDED TODAY.
  HEAVY RAIN
  RAIN
  LIGHT RAIN
  FOG


RELATIVE HUMIDITY (PERCENT)
 HIGHEST   100           900 AM
 LOWEST     79           300 PM
 AVERAGE    90

..........................................................


THE ALTOONA CLIMATE NORMALS FOR TOMORROW
                         NORMAL    RECORD    YEAR
 MAXIMUM TEMPERATURE (F)   81        94      1949
 MINIMUM TEMPERATURE (F)   60        46      1996


SUNRISE AND SUNSET
JULY  4 2015..........SUNRISE   549 AM EDT   SUNSET   846 PM EDT
JULY  5 2015..........SUNRISE   549 AM EDT   SUNSET   846 PM EDT


-  INDICATES NEGATIVE NUMBERS.
R  INDICATES RECORD WAS SET OR TIED.
MM INDICATES DATA IS MISSING.
T  INDICATES TRACE AMOUNT.




$$
