000
CDUS41 KCTP 300633
CLIAOO


CLIMATE REPORT
NATIONAL WEATHER SERVICE STATE COLLEGE PA
133 AM EST FRI JAN 30 2015


...................................

...THE ALTOONA CLIMATE SUMMARY FOR JANUARY 29 2015...

CLIMATE NORMAL PERIOD 1981 TO 2010
CLIMATE RECORD PERIOD 1948 TO 2015


WEATHER ITEM   OBSERVED TIME   RECORD YEAR NORMAL DEPARTURE LAST
                VALUE   (LST)  VALUE       VALUE  FROM      YEAR
                                                  NORMAL
..................................................................
TEMPERATURE (F)
 YESTERDAY
  MAXIMUM         32   1159 PM  65    1975  35     -3       15
  MINIMUM          3    116 AM  -8    1963  20    -17       -3
  AVERAGE         18                        27     -9        6

PRECIPITATION (IN)
  YESTERDAY        0.08          1.23 1990   0.07   0.01     0.00
  MONTH TO DATE    1.58                      2.02  -0.44     0.84
  SINCE DEC 1      3.44                      4.44  -1.00     3.43
  SINCE JAN 1      1.58                      2.02  -0.44     0.84

DEGREE DAYS
 HEATING
  YESTERDAY       47                        38      9       59
  MONTH TO DATE 1157                      1102     55     1267
  SINCE DEC 1   2111                      2167    -56     2212
  SINCE JUL 1   3413                      3477    -64     3522

 COOLING
  YESTERDAY        0                         0      0        0
  MONTH TO DATE    0                         0      0        0
  SINCE DEC 1      0                         0      0        0
  SINCE JAN 1      0                         0      0        0
..................................................................


WIND (MPH)
  HIGHEST WIND SPEED    15   HIGHEST WIND DIRECTION     S (180)
  HIGHEST GUST SPEED    20   HIGHEST GUST DIRECTION     S (180)
  AVERAGE WIND SPEED     4.8


SKY COVER
  POSSIBLE SUNSHINE  MM
  AVERAGE SKY COVER 0.7


WEATHER CONDITIONS
 THE FOLLOWING WEATHER WAS RECORDED YESTERDAY.
  LT FREEZING RAIN
  SNOW
  LIGHT SNOW
  FOG
  FOG W/VISIBILITY <= 1/4 MILE
  HAZE


RELATIVE HUMIDITY (PERCENT)
 HIGHEST    92           900 PM
 LOWEST     38          1200 PM
 AVERAGE    65

..........................................................


THE ALTOONA CLIMATE NORMALS FOR TODAY
                         NORMAL    RECORD    YEAR
 MAXIMUM TEMPERATURE (F)   35        63      2002
 MINIMUM TEMPERATURE (F)   20         2      2014
                                             1966


SUNRISE AND SUNSET
JANUARY 30 2015.......SUNRISE   724 AM EST   SUNSET   529 PM EST
JANUARY 31 2015.......SUNRISE   724 AM EST   SUNSET   530 PM EST


-  INDICATES NEGATIVE NUMBERS.
R  INDICATES RECORD WAS SET OR TIED.
MM INDICATES DATA IS MISSING.
T  INDICATES TRACE AMOUNT.




$$
