583
CDUS41 KCTP 200627
CLIAOO


CLIMATE REPORT
NATIONAL WEATHER SERVICE STATE COLLEGE PA
127 AM EST FRI JAN 20 2017


...................................

...THE ALTOONA CLIMATE SUMMARY FOR JANUARY 19 2017...

CLIMATE NORMAL PERIOD 1981 TO 2010
CLIMATE RECORD PERIOD 1948 TO 2017


WEATHER ITEM   OBSERVED TIME   RECORD YEAR NORMAL DEPARTURE LAST
                VALUE   (LST)  VALUE       VALUE  FROM      YEAR
                                                  NORMAL
..................................................................
TEMPERATURE (F)
 YESTERDAY
  MAXIMUM         45    444 PM  61    1951  34     11       17
  MINIMUM         30   1159 PM -25    1994  20     10        7
  AVERAGE         38                        27     11       12

PRECIPITATION (IN)
  YESTERDAY        0.00          1.94 1996   0.07  -0.07     0.00
  MONTH TO DATE    1.68                      1.31   0.37     1.43
  SINCE DEC 1      4.00                      3.73   0.27     5.17
  SINCE JAN 1      1.68                      1.31   0.37     1.43

DEGREE DAYS
 HEATING
  YESTERDAY       27                        38    -11       53
  MONTH TO DATE  628                       722    -94      723
  SINCE DEC 1   1627                      1787   -160     1370
  SINCE JUL 1   2618                      3097   -479     2363

 COOLING
  YESTERDAY        0                         0      0        0
  MONTH TO DATE    0                         0      0        0
  SINCE DEC 1      0                         0      0        0
  SINCE JAN 1      0                         0      0        0
..................................................................


WIND (MPH)
  HIGHEST WIND SPEED    13   HIGHEST WIND DIRECTION     W (290)
  HIGHEST GUST SPEED    17   HIGHEST GUST DIRECTION     W (290)
  AVERAGE WIND SPEED     4.4


SKY COVER
  POSSIBLE SUNSHINE  MM
  AVERAGE SKY COVER 0.6


WEATHER CONDITIONS
 THE FOLLOWING WEATHER WAS RECORDED YESTERDAY.
  FOG


RELATIVE HUMIDITY (PERCENT)
 HIGHEST    92          1100 PM
 LOWEST     65           500 PM
 AVERAGE    79

..........................................................


THE ALTOONA CLIMATE NORMALS FOR TODAY
                         NORMAL    RECORD    YEAR
 MAXIMUM TEMPERATURE (F)   34        67      1951
 MINIMUM TEMPERATURE (F)   20       -16      1985


SUNRISE AND SUNSET
JANUARY 20 2017.......SUNRISE   731 AM EST   SUNSET   518 PM EST
JANUARY 21 2017.......SUNRISE   731 AM EST   SUNSET   519 PM EST


-  INDICATES NEGATIVE NUMBERS.
R  INDICATES RECORD WAS SET OR TIED.
MM INDICATES DATA IS MISSING.
T  INDICATES TRACE AMOUNT.




$$
