000
CDUS41 KCTP 290615
CLIAOO


CLIMATE REPORT
NATIONAL WEATHER SERVICE STATE COLLEGE PA
215 AM EDT THU JUN 29 2017


...................................

...THE ALTOONA CLIMATE SUMMARY FOR JUNE 28 2017...

CLIMATE NORMAL PERIOD 1981 TO 2010
CLIMATE RECORD PERIOD 1948 TO 2017


WEATHER ITEM   OBSERVED TIME   RECORD YEAR NORMAL DEPARTURE LAST
                VALUE   (LST)  VALUE       VALUE  FROM      YEAR
                                                  NORMAL
..................................................................
TEMPERATURE (F)
 YESTERDAY
  MAXIMUM         76    305 PM  97    1971  80     -4       85
  MINIMUM         48    428 AM  47    1950  59    -11       63
  AVERAGE         62                        70     -8       74

PRECIPITATION (IN)
  YESTERDAY        0.00          1.20 1983   0.12  -0.12     0.00
  MONTH TO DATE    4.07                      3.26   0.81     2.51
  SINCE JUN 1      4.07                      3.26   0.81     2.51
  SINCE JAN 1     21.36                     17.44   3.92    12.49

DEGREE DAYS
 HEATING
  YESTERDAY        3                         1      2        0
  MONTH TO DATE   31                        57    -26       22
  SINCE JUN 1     31                        57    -26       22
  SINCE JUL 1   5000                      6203  -1203     5190

 COOLING
  YESTERDAY        0                         5     -5        9
  MONTH TO DATE  140                        98     42      133
  SINCE JUN 1    140                        98     42      133
  SINCE JAN 1    213                       131     82      184
..................................................................


WIND (MPH)
  HIGHEST WIND SPEED    13   HIGHEST WIND DIRECTION    NW (310)
  HIGHEST GUST SPEED    20   HIGHEST GUST DIRECTION    SW (230)
  AVERAGE WIND SPEED     4.0


SKY COVER
  POSSIBLE SUNSHINE  MM
  AVERAGE SKY COVER 0.0


WEATHER CONDITIONS
 THE FOLLOWING WEATHER WAS RECORDED YESTERDAY.
  NO SIGNIFICANT WEATHER WAS OBSERVED.


RELATIVE HUMIDITY (PERCENT)
 HIGHEST    96           600 AM
 LOWEST     33           300 PM
 AVERAGE    65

..........................................................


THE ALTOONA CLIMATE NORMALS FOR TODAY
                         NORMAL    RECORD    YEAR
 MAXIMUM TEMPERATURE (F)   80        95      2012
 MINIMUM TEMPERATURE (F)   59        46      1956


SUNRISE AND SUNSET
JUNE 29 2017..........SUNRISE   546 AM EDT   SUNSET   847 PM EDT
JUNE 30 2017..........SUNRISE   547 AM EDT   SUNSET   847 PM EDT


-  INDICATES NEGATIVE NUMBERS.
R  INDICATES RECORD WAS SET OR TIED.
MM INDICATES DATA IS MISSING.
T  INDICATES TRACE AMOUNT.




$$
