000
CDUS41 KCTP 270624
CLIAOO


CLIMATE REPORT
NATIONAL WEATHER SERVICE STATE COLLEGE PA
224 AM EDT WED AUG 27 2014


...................................

...THE ALTOONA CLIMATE SUMMARY FOR AUGUST 26 2014...

CLIMATE NORMAL PERIOD 1981 TO 2010
CLIMATE RECORD PERIOD 1948 TO 2014


WEATHER ITEM   OBSERVED TIME   RECORD YEAR NORMAL DEPARTURE LAST
                VALUE   (LST)  VALUE       VALUE  FROM      YEAR
                                                  NORMAL
..................................................................
TEMPERATURE (F)
 YESTERDAY
  MAXIMUM         81    505 PM  96    1948  79      2       84
  MINIMUM         53    617 AM  44    1963  57     -4       57
  AVERAGE         67                        68     -1       71

PRECIPITATION (IN)
  YESTERDAY        0.00          1.28 2003   0.11  -0.11     0.00
  MONTH TO DATE    4.60                      2.50   2.10     2.40
  SINCE JUN 1     14.77                      9.24   5.53     7.80
  SINCE JAN 1     28.27                     23.42   4.85    18.65

DEGREE DAYS
 HEATING
  YESTERDAY        0                         1     -1        0
  MONTH TO DATE   16                        18     -2       16
  SINCE JUN 1     45                        86    -41       41
  SINCE JUL 1     30                        28      2       21

 COOLING
  YESTERDAY        2                         4     -2        6
  MONTH TO DATE   80                       136    -56       97
  SINCE JUN 1    384                       430    -46      485
  SINCE JAN 1    431                       463    -32      559
..................................................................


WIND (MPH)
  HIGHEST WIND SPEED    13   HIGHEST WIND DIRECTION    SW (230)
  HIGHEST GUST SPEED    17   HIGHEST GUST DIRECTION    SW (230)
  AVERAGE WIND SPEED     2.4


SKY COVER
  POSSIBLE SUNSHINE  MM
  AVERAGE SKY COVER 0.0


WEATHER CONDITIONS
 THE FOLLOWING WEATHER WAS RECORDED YESTERDAY.
  FOG
  FOG W/VISIBILITY <= 1/4 MILE


RELATIVE HUMIDITY (PERCENT)
 HIGHEST   100           200 AM
 LOWEST     42           300 PM
 AVERAGE    71

..........................................................


THE ALTOONA CLIMATE NORMALS FOR TODAY
                         NORMAL    RECORD    YEAR
 MAXIMUM TEMPERATURE (F)   79        96      1948
 MINIMUM TEMPERATURE (F)   57        45      1958


SUNRISE AND SUNSET
AUGUST 27 2014........SUNRISE   636 AM EDT   SUNSET   753 PM EDT
AUGUST 28 2014........SUNRISE   637 AM EDT   SUNSET   751 PM EDT


-  INDICATES NEGATIVE NUMBERS.
R  INDICATES RECORD WAS SET OR TIED.
MM INDICATES DATA IS MISSING.
T  INDICATES TRACE AMOUNT.




$$
