000
CDUS41 KCTP 041240
CLIAOO


CLIMATE REPORT
NATIONAL WEATHER SERVICE STATE COLLEGE PA
840 AM EDT WED MAY 4 2016


...................................

...THE ALTOONA CLIMATE SUMMARY FOR MAY 3 2016...

CLIMATE NORMAL PERIOD 1981 TO 2010
CLIMATE RECORD PERIOD 1948 TO 2016


WEATHER ITEM   OBSERVED TIME   RECORD YEAR NORMAL DEPARTURE LAST
                VALUE   (LST)  VALUE       VALUE  FROM      YEAR
                                                  NORMAL
..................................................................
TEMPERATURE (F)
 YESTERDAY
  MAXIMUM         66    359 PM  85    1965  66      0       76
  MINIMUM         51    923 AM  32    1957  43      8       43
  AVERAGE         59                        54      5       60

PRECIPITATION (IN)
  YESTERDAY        0.12          0.74 1958   0.11   0.01     0.00
  MONTH TO DATE    0.42                      0.33   0.09     0.01
  SINCE MAR 1      3.33                      6.59  -3.26     5.83
  SINCE JAN 1      7.17                     10.80  -3.63     8.35

DEGREE DAYS
 HEATING
  YESTERDAY        6                        11     -5        5
  MONTH TO DATE   19                        33    -14       19
  SINCE MAR 1   1114                      1381   -267     1376
  SINCE JUL 1   4938                      5937   -999     6169

 COOLING
  YESTERDAY        0                         0      0        0
  MONTH TO DATE    0                         0      0        0
  SINCE MAR 1      0                         6     -6        0
  SINCE JAN 1      0                         6     -6        0
..................................................................


WIND (MPH)
  HIGHEST WIND SPEED    15   HIGHEST WIND DIRECTION     W (290)
  HIGHEST GUST SPEED    18   HIGHEST GUST DIRECTION     W (290)
  AVERAGE WIND SPEED     4.1


SKY COVER
  POSSIBLE SUNSHINE  MM
  AVERAGE SKY COVER 0.9


WEATHER CONDITIONS
 THE FOLLOWING WEATHER WAS RECORDED YESTERDAY.
  HEAVY RAIN
  RAIN
  LIGHT RAIN
  FOG
  FOG W/VISIBILITY <= 1/4 MILE


RELATIVE HUMIDITY (PERCENT)
 HIGHEST    96           700 AM
 LOWEST     48           300 PM
 AVERAGE    72

..........................................................


THE ALTOONA CLIMATE NORMALS FOR TODAY
                         NORMAL    RECORD    YEAR
 MAXIMUM TEMPERATURE (F)   66        87      2001
 MINIMUM TEMPERATURE (F)   43        28      1957


SUNRISE AND SUNSET
MAY  4 2016...........SUNRISE   608 AM EDT   SUNSET   812 PM EDT
MAY  5 2016...........SUNRISE   607 AM EDT   SUNSET   813 PM EDT


-  INDICATES NEGATIVE NUMBERS.
R  INDICATES RECORD WAS SET OR TIED.
MM INDICATES DATA IS MISSING.
T  INDICATES TRACE AMOUNT.




$$
