000
CDUS41 KCTP 012217
CLIAOO


CLIMATE REPORT
NATIONAL WEATHER SERVICE STATE COLLEGE PA
516 PM EST SUN MAR 1 2015


...................................

...THE ALTOONA CLIMATE SUMMARY FOR MARCH 1 2015...
VALID TODAY AS OF 0500 PM LOCAL TIME.

CLIMATE NORMAL PERIOD 1981 TO 2010
CLIMATE RECORD PERIOD 1948 TO 2015


WEATHER ITEM   OBSERVED TIME   RECORD YEAR NORMAL DEPARTURE LAST
                VALUE   (LST)  VALUE       VALUE  FROM      YEAR
                                                  NORMAL
..................................................................
TEMPERATURE (F)
 TODAY
  MAXIMUM         30    459 PM  72    1972  41    -11       35
  MINIMUM         17   1234 AM   2    1980  23     -6       14
  AVERAGE         24                        32     -8       25

PRECIPITATION (IN)
  TODAY            0.17          2.22 1954   0.08   0.09     0.00
  MONTH TO DATE    0.17                      0.08   0.09     0.00
  SINCE MAR 1      0.17                      0.08   0.09     0.00
  SINCE JAN 1      2.69                      4.29  -1.60     3.36

DEGREE DAYS
 HEATING
  TODAY           41                        33      8       40
  MONTH TO DATE   41                        33      8       40
  SINCE MAR 1     41                        33      8       40
  SINCE JUL 1   4834                      4588    246     4784

 COOLING
  TODAY            0                         0      0        0
  MONTH TO DATE    0                         0      0        0
  SINCE MAR 1      0                         0      0        0
  SINCE JAN 1      0                         0      0        0
..................................................................


WIND (MPH)
  HIGHEST WIND SPEED    13   HIGHEST WIND DIRECTION    SW (210)
  HIGHEST GUST SPEED    15   HIGHEST GUST DIRECTION    SW (210)
  AVERAGE WIND SPEED     6.1


SKY COVER
  POSSIBLE SUNSHINE  MM
  AVERAGE SKY COVER 0.9


WEATHER CONDITIONS
 THE FOLLOWING WEATHER WAS RECORDED TODAY.
  LIGHT SNOW
  FOG


RELATIVE HUMIDITY (PERCENT)
 HIGHEST    92          1000 AM
 LOWEST     43          1200 AM
 AVERAGE    68

..........................................................


THE ALTOONA CLIMATE NORMALS FOR TOMORROW
                         NORMAL    RECORD    YEAR
 MAXIMUM TEMPERATURE (F)   41        72      1991
 MINIMUM TEMPERATURE (F)   24         1      1980


SUNRISE AND SUNSET
MARCH  1 2015.........SUNRISE   647 AM EST   SUNSET   605 PM EST
MARCH  2 2015.........SUNRISE   646 AM EST   SUNSET   606 PM EST


-  INDICATES NEGATIVE NUMBERS.
R  INDICATES RECORD WAS SET OR TIED.
MM INDICATES DATA IS MISSING.
T  INDICATES TRACE AMOUNT.




$$
