000
CDUS41 KCTP 260628
CLIAOO


CLIMATE REPORT
NATIONAL WEATHER SERVICE STATE COLLEGE PA
228 AM EDT SAT JUL 26 2014


...................................

...THE ALTOONA CLIMATE SUMMARY FOR JULY 25 2014...

CLIMATE NORMAL PERIOD 1981 TO 2010
CLIMATE RECORD PERIOD 1948 TO 2014


WEATHER ITEM   OBSERVED TIME   RECORD YEAR NORMAL DEPARTURE LAST
                VALUE   (LST)  VALUE       VALUE  FROM      YEAR
                                                  NORMAL
..................................................................
TEMPERATURE (F)
 YESTERDAY
  MAXIMUM         79    437 PM  96    2001  82     -3       75
  MINIMUM         50    525 AM  48    1957  60    -10       51
  AVERAGE         65                        71     -6       63

PRECIPITATION (IN)
  YESTERDAY        0.00          1.76 2001   0.10  -0.10     0.00
  MONTH TO DATE    2.65                      2.65   0.00     1.85
  SINCE JUN 1      9.42                      6.13   3.29     5.14
  SINCE JAN 1     22.92                     20.31   2.61    15.99

DEGREE DAYS
 HEATING
  YESTERDAY        0                         0      0        2
  MONTH TO DATE    4                         1      3        2
  SINCE JUN 1     19                        59    -40       22
  SINCE JUL 1      4                         1      3        2

 COOLING
  YESTERDAY        0                         6     -6        0
  MONTH TO DATE  147                       149     -2      252
  SINCE JUN 1    284                       258     26      380
  SINCE JAN 1    331                       291     40      454
..................................................................


WIND (MPH)
  HIGHEST WIND SPEED     9   HIGHEST WIND DIRECTION    SW (210)
  HIGHEST GUST SPEED    12   HIGHEST GUST DIRECTION    SW (210)
  AVERAGE WIND SPEED     1.5


SKY COVER
  POSSIBLE SUNSHINE  MM
  AVERAGE SKY COVER 0.1


WEATHER CONDITIONS
 THE FOLLOWING WEATHER WAS RECORDED YESTERDAY.
  FOG


RELATIVE HUMIDITY (PERCENT)
 HIGHEST    96           400 AM
 LOWEST     39           500 PM
 AVERAGE    68

..........................................................


THE ALTOONA CLIMATE NORMALS FOR TODAY
                         NORMAL    RECORD    YEAR
 MAXIMUM TEMPERATURE (F)   82        95      1952
 MINIMUM TEMPERATURE (F)   60        49      2013


SUNRISE AND SUNSET
JULY 26 2014..........SUNRISE   605 AM EDT   SUNSET   834 PM EDT
JULY 27 2014..........SUNRISE   606 AM EDT   SUNSET   833 PM EDT


-  INDICATES NEGATIVE NUMBERS.
R  INDICATES RECORD WAS SET OR TIED.
MM INDICATES DATA IS MISSING.
T  INDICATES TRACE AMOUNT.




$$
