000
CDUS45 KBOU 290725
CLIAPA


CLIMATE REPORT
NATIONAL WEATHER SERVICE BOULDER, CO
125 AM MDT MON JUN 29 2015


...................................

...THE CENTENNIAL CO CLIMATE SUMMARY FOR JUNE 28 2015...

CLIMATE NORMAL PERIOD 1981 TO 2010
CLIMATE RECORD PERIOD 9999 TO 9999


WEATHER ITEM   OBSERVED RECORD YEAR NORMAL DEPARTURE LAST
                VALUE   VALUE       VALUE  FROM      YEAR
                                           NORMAL
...........................................................
TEMPERATURE (F)
 YESTERDAY
  MAXIMUM         88     MM      MM  84      4       82
  MINIMUM         57     MM      MM  55      2       53
  AVERAGE         73                 70      3       68

PRECIPITATION (IN)
  YESTERDAY        0.00  MM      MM   0.05  -0.05      T
  MONTH TO DATE    5.27               2.00   3.27     1.12
  SINCE JUN 1      5.27               2.00   3.27     1.12
  SINCE JAN 1     14.80               8.58   6.22     5.60

DEGREE DAYS
 HEATING
  YESTERDAY        0
  MONTH TO DATE   19

 COOLING
  YESTERDAY        8
  MONTH TO DATE  108
...........................................................


WIND (MPH)
  RESULTANT WIND SPEED   2   RESULTANT WIND DIRECTION   S (200)
  HIGHEST WIND SPEED    26   HIGHEST WIND DIRECTION    NE (60)
  HIGHEST GUST SPEED    41   HIGHEST GUST DIRECTION    NE (60)


SKY COVER
  POSSIBLE SUNSHINE  MM
  AVERAGE SKY COVER 0.6


WEATHER CONDITIONS
 THE FOLLOWING WEATHER WAS RECORDED YESTERDAY.
  THUNDERSTORM


RELATIVE HUMIDITY (PERCENT)
 HIGHEST    84
 LOWEST     24
 AVERAGE    54

..........................................................


THE CENTENNIAL CO CLIMATE NORMALS FOR TODAY
                         NORMAL    RECORD    YEAR
 MAXIMUM TEMPERATURE (F)   84        MM        MM
 MINIMUM TEMPERATURE (F)   56        MM        MM


SUNRISE AND SUNSET
JUNE 29 2015..........SUNRISE   535 AM MDT   SUNSET   831 PM MDT
JUNE 30 2015..........SUNRISE   535 AM MDT   SUNSET   831 PM MDT


-  INDICATES NEGATIVE NUMBERS.
R  INDICATES RECORD WAS SET OR TIED.
MM INDICATES DATA IS MISSING.
T  INDICATES TRACE AMOUNT.




$$
