000
CDUS45 KBOU 190725
CLIAPA


CLIMATE REPORT
NATIONAL WEATHER SERVICE BOULDER, CO
125 AM MDT TUE AUG 19 2014


...................................

...THE CENTENNIAL CO CLIMATE SUMMARY FOR AUGUST 18 2014...

CLIMATE NORMAL PERIOD 1981 TO 2010
CLIMATE RECORD PERIOD 9999 TO 9999


WEATHER ITEM   OBSERVED RECORD YEAR NORMAL DEPARTURE LAST
                VALUE   VALUE       VALUE  FROM      YEAR
                                           NORMAL
...........................................................
TEMPERATURE (F)
 YESTERDAY
  MAXIMUM         87     MM      MM  83      4       92
  MINIMUM         58     MM      MM  56      2       62
  AVERAGE         73                 70      3       77

PRECIPITATION (IN)
  YESTERDAY        T     MM      MM   0.10  -0.10     0.00
  MONTH TO DATE    1.09               1.70  -0.61     2.65
  SINCE JUN 1      6.12               5.86   0.26     4.46
  SINCE JAN 1     10.60              12.44  -1.84     9.22

DEGREE DAYS
 HEATING
  YESTERDAY        0
  MONTH TO DATE    0

 COOLING
  YESTERDAY        8
  MONTH TO DATE   89
...........................................................


WIND (MPH)
  RESULTANT WIND SPEED   6   RESULTANT WIND DIRECTION  SW (220)
  HIGHEST WIND SPEED    23   HIGHEST WIND DIRECTION     S (200)
  HIGHEST GUST SPEED    33   HIGHEST GUST DIRECTION     W (250)


SKY COVER
  POSSIBLE SUNSHINE  MM
  AVERAGE SKY COVER 0.3


WEATHER CONDITIONS
 THE FOLLOWING WEATHER WAS RECORDED YESTERDAY.
  NO SIGNIFICANT WEATHER WAS OBSERVED.


RELATIVE HUMIDITY (PERCENT)
 HIGHEST    52
 LOWEST     16
 AVERAGE    34

..........................................................


THE CENTENNIAL CO CLIMATE NORMALS FOR TODAY
                         NORMAL    RECORD    YEAR
 MAXIMUM TEMPERATURE (F)   83        MM        MM
 MINIMUM TEMPERATURE (F)   56        MM        MM


SUNRISE AND SUNSET
AUGUST 19 2014........SUNRISE   616 AM MDT   SUNSET   750 PM MDT
AUGUST 20 2014........SUNRISE   616 AM MDT   SUNSET   748 PM MDT


-  INDICATES NEGATIVE NUMBERS.
R  INDICATES RECORD WAS SET OR TIED.
MM INDICATES DATA IS MISSING.
T  INDICATES TRACE AMOUNT.




$$
