000
CDUS45 KBOU 300725
CLIAPA


CLIMATE REPORT
NATIONAL WEATHER SERVICE BOULDER, CO
1225 AM MST FRI JAN 30 2015


...................................

...THE CENTENNIAL CO CLIMATE SUMMARY FOR JANUARY 29 2015...

CLIMATE NORMAL PERIOD 1981 TO 2010
CLIMATE RECORD PERIOD 9999 TO 9999


WEATHER ITEM   OBSERVED RECORD YEAR NORMAL DEPARTURE LAST
                VALUE   VALUE       VALUE  FROM      YEAR
                                           NORMAL
...........................................................
TEMPERATURE (F)
 YESTERDAY
  MAXIMUM         45     MM      MM  44      1       50
  MINIMUM         35     MM      MM  19     16       18
  AVERAGE         40                 32      8       34

PRECIPITATION (IN)
  YESTERDAY        0.00  MM      MM   0.02  -0.02     0.00
  MONTH TO DATE    0.33               0.41  -0.08     0.22
  SINCE DEC 1      0.81               1.02  -0.21     0.42
  SINCE JAN 1      0.33               0.41  -0.08     0.22

DEGREE DAYS
 HEATING
  YESTERDAY       25
  MONTH TO DATE  907

 COOLING
  YESTERDAY        0
  MONTH TO DATE    0
...........................................................


WIND (MPH)
  RESULTANT WIND SPEED   4   RESULTANT WIND DIRECTION  SE (140)
  HIGHEST WIND SPEED    20   HIGHEST WIND DIRECTION     S (180)
  HIGHEST GUST SPEED    26   HIGHEST GUST DIRECTION     S (170)


SKY COVER
  POSSIBLE SUNSHINE  MM
  AVERAGE SKY COVER 0.9


WEATHER CONDITIONS
 THE FOLLOWING WEATHER WAS RECORDED YESTERDAY.
  NO SIGNIFICANT WEATHER WAS OBSERVED.


RELATIVE HUMIDITY (PERCENT)
 HIGHEST    76
 LOWEST     49
 AVERAGE    63

..........................................................


THE CENTENNIAL CO CLIMATE NORMALS FOR TODAY
                         NORMAL    RECORD    YEAR
 MAXIMUM TEMPERATURE (F)   44        MM        MM
 MINIMUM TEMPERATURE (F)   19        MM        MM


SUNRISE AND SUNSET
JANUARY 30 2015.......SUNRISE   709 AM MST   SUNSET   517 PM MST
JANUARY 31 2015.......SUNRISE   708 AM MST   SUNSET   518 PM MST


-  INDICATES NEGATIVE NUMBERS.
R  INDICATES RECORD WAS SET OR TIED.
MM INDICATES DATA IS MISSING.
T  INDICATES TRACE AMOUNT.




$$
