000
CDUS42 KMFL 252016
CLIAPF


CLIMATE REPORT
NATIONAL WEATHER SERVICE MIAMI, FL
415 PM EDT THU AUG 25 2016


...................................

...THE NAPLES CLIMATE SUMMARY FOR AUGUST 25 2016...
VALID TODAY AS OF 0400 PM LOCAL TIME.

CLIMATE NORMAL PERIOD 1981 TO 2010
CLIMATE RECORD PERIOD 1942 TO 2016


WEATHER ITEM   OBSERVED TIME   RECORD YEAR NORMAL DEPARTURE LAST
                VALUE   (LST)  VALUE       VALUE  FROM      YEAR
                                                  NORMAL
..................................................................
TEMPERATURE (F)
 TODAY
  MAXIMUM         93    134 PM  96    1943  91      2       93
  MINIMUM         78    323 AM  69    1996  76      2       78
                                      1980
                                      1954
  AVERAGE         86                        83      3       86

PRECIPITATION (IN)
  TODAY            0.21          2.25 1954   0.27  -0.06     0.01
  MONTH TO DATE    6.83                      6.86  -0.03     1.14
  SINCE JUN 1     18.04                     22.95  -4.91    17.61
  SINCE JAN 1     30.14                     34.80  -4.66    25.63

SNOWFALL (IN)
  TODAY            0.0
  MONTH TO DATE    0.0
  SINCE JUN 1      0.0
  SINCE JUL 1      0.0
  SNOW DEPTH       0

DEGREE DAYS
 HEATING
  TODAY            0                         0      0        0
  MONTH TO DATE    0                         0      0        0
  SINCE JUN 1      0                         0      0        0
  SINCE JUL 1      0                         0      0        0

 COOLING
  TODAY           21                        18      3       21
  MONTH TO DATE  485                       450     35      509
  SINCE JUN 1   1625                      1516    109     1585
  SINCE JAN 1   2809                      2544    265     2940
..................................................................


WIND (MPH)
  HIGHEST WIND SPEED    20   HIGHEST WIND DIRECTION     E (100)
  HIGHEST GUST SPEED    25   HIGHEST GUST DIRECTION     W (290)
  AVERAGE WIND SPEED     7.3


SKY COVER
  AVERAGE SKY COVER 0.3


WEATHER CONDITIONS
 THE FOLLOWING WEATHER WAS RECORDED TODAY.
  THUNDERSTORM
  RAIN
  LIGHT RAIN
  FOG


RELATIVE HUMIDITY (PERCENT)
 HIGHEST    97
 LOWEST     64
 AVERAGE    81

..........................................................


THE NAPLES CLIMATE NORMALS FOR TOMORROW
                         NORMAL    RECORD    YEAR
 MAXIMUM TEMPERATURE (F)   91        96      1985
 MINIMUM TEMPERATURE (F)   76        70      1996
                                             1957


SUNRISE AND SUNSET
AUGUST 25 2016........SUNRISE   704 AM EDT   SUNSET   753 PM EDT
AUGUST 26 2016........SUNRISE   705 AM EDT   SUNSET   752 PM EDT


-  INDICATES NEGATIVE NUMBERS.
R  INDICATES RECORD WAS SET OR TIED.
MM INDICATES DATA IS MISSING.
T  INDICATES TRACE AMOUNT.




$$
