000
CDUS42 KMFL 012016
CLIAPF


CLIMATE REPORT
NATIONAL WEATHER SERVICE MIAMI, FL
415 PM EDT SAT OCT 1 2016


...................................

...THE NAPLES CLIMATE SUMMARY FOR OCTOBER 1 2016...
VALID TODAY AS OF 0400 PM LOCAL TIME.

CLIMATE NORMAL PERIOD 1981 TO 2010
CLIMATE RECORD PERIOD 1942 TO 2016


WEATHER ITEM   OBSERVED TIME   RECORD YEAR NORMAL DEPARTURE LAST
                VALUE   (LST)  VALUE       VALUE  FROM      YEAR
                                                  NORMAL
..................................................................
TEMPERATURE (F)
 TODAY
  MAXIMUM         92    117 PM  95    1988  89      3       89
  MINIMUM         74    609 AM  68    2008  73      1       77
                                      1993
                                      1983
  AVERAGE         83                        81      2       83

PRECIPITATION (IN)
  TODAY            0.00          4.04 1979   0.22  -0.22     0.00
  MONTH TO DATE    0.00                      0.22  -0.22     0.00
  SINCE JUN 1     27.50                     32.58  -5.08    26.00
  SINCE JAN 1     39.60                     44.43  -4.83    34.02

SNOWFALL (IN)
  TODAY            0.0
  MONTH TO DATE    0.0
  SINCE SEP 1      0.0
  SINCE JUL 1      0.0
  SNOW DEPTH       0

DEGREE DAYS
 HEATING
  TODAY            0                         0      0        0
  MONTH TO DATE    0                         0      0        0
  SINCE SEP 1      0                         0      0        0
  SINCE JUL 1      0                         0      0        0

 COOLING
  TODAY           18                        16      2       18
  MONTH TO DATE   18                        16      2       18
  SINCE SEP 1    569                       536     33      576
  SINCE JAN 1   3485                      3193    292     3626
..................................................................


WIND (MPH)
  HIGHEST WIND SPEED     9   HIGHEST WIND DIRECTION     W (280)
  HIGHEST GUST SPEED    12   HIGHEST GUST DIRECTION     E (80)
  AVERAGE WIND SPEED     4.6


SKY COVER
  AVERAGE SKY COVER 0.1


WEATHER CONDITIONS
 THE FOLLOWING WEATHER WAS RECORDED TODAY.
  NO SIGNIFICANT WEATHER WAS OBSERVED.


RELATIVE HUMIDITY (PERCENT)
 HIGHEST   100
 LOWEST     52
 AVERAGE    76

..........................................................


THE NAPLES CLIMATE NORMALS FOR TOMORROW
                         NORMAL    RECORD    YEAR
 MAXIMUM TEMPERATURE (F)   89        93      2002
                                             1990
                                             1988
 MINIMUM TEMPERATURE (F)   73        58      1976


SUNRISE AND SUNSET
OCTOBER  1 2016.......SUNRISE   720 AM EDT   SUNSET   713 PM EDT
OCTOBER  2 2016.......SUNRISE   720 AM EDT   SUNSET   712 PM EDT


-  INDICATES NEGATIVE NUMBERS.
R  INDICATES RECORD WAS SET OR TIED.
MM INDICATES DATA IS MISSING.
T  INDICATES TRACE AMOUNT.




$$
