000
CDUS42 KMFL 230821
CLIAPF


CLIMATE REPORT
NATIONAL WEATHER SERVICE MIAMI, FL
421 AM EDT TUE SEP 23 2014


...................................

...THE NAPLES CLIMATE SUMMARY FOR SEPTEMBER 22 2014...

CLIMATE NORMAL PERIOD 1981 TO 2010
CLIMATE RECORD PERIOD 1942 TO 2014


WEATHER ITEM   OBSERVED TIME   RECORD YEAR NORMAL DEPARTURE LAST
                VALUE   (LST)  VALUE       VALUE  FROM      YEAR
                                                  NORMAL
..................................................................
TEMPERATURE (F)
 YESTERDAY
  MAXIMUM         88    200 PM  95    1974  90     -2       88
                                      1961
  MINIMUM         75   1159 PM  68    1981  74      1       75
  AVERAGE         82                        82      0       82

PRECIPITATION (IN)
  YESTERDAY        T             4.35 1948   0.28  -0.28     0.00
  MONTH TO DATE    6.04                      5.74   0.30     9.92
  SINCE JUN 1     35.06                     30.41   4.65    35.59
  SINCE JAN 1     43.89                     42.26   1.63    45.93

SNOWFALL (IN)
  YESTERDAY        0.0
  MONTH TO DATE    0.0
  SINCE SEP 1      0.0
  SINCE JUL 1      0.0
  SNOW DEPTH       0

DEGREE DAYS
 HEATING
  YESTERDAY        0                         0      0
  MONTH TO DATE    0                         0      0
  SINCE SEP 1      0                         0      0
  SINCE JUL 1      0                         0      0

 COOLING
  YESTERDAY       17                        17      0
  MONTH TO DATE  379                       389    -10
  SINCE SEP 1    379                       389    -10
  SINCE JAN 1   3249                      3046    203
..................................................................


WIND (MPH)
  HIGHEST WIND SPEED    22   HIGHEST WIND DIRECTION    SW (220)
  HIGHEST GUST SPEED    28   HIGHEST GUST DIRECTION    SW (230)
  AVERAGE WIND SPEED     4.3


SKY COVER
  AVERAGE SKY COVER 0.1


WEATHER CONDITIONS
 THE FOLLOWING WEATHER WAS RECORDED YESTERDAY.
  LIGHT RAIN


RELATIVE HUMIDITY (PERCENT)
 HIGHEST    94
 LOWEST     69
 AVERAGE    82

..........................................................


THE NAPLES CLIMATE NORMALS FOR TODAY
                         NORMAL    RECORD    YEAR
 MAXIMUM TEMPERATURE (F)   90        98      1946
 MINIMUM TEMPERATURE (F)   74        67      1961


SUNRISE AND SUNSET
SEPTEMBER 23 2014.....SUNRISE   716 AM EDT   SUNSET   722 PM EDT
SEPTEMBER 24 2014.....SUNRISE   716 AM EDT   SUNSET   721 PM EDT


-  INDICATES NEGATIVE NUMBERS.
R  INDICATES RECORD WAS SET OR TIED.
MM INDICATES DATA IS MISSING.
T  INDICATES TRACE AMOUNT.




$$
