746
CDUS42 KMFL 220923
CLIAPF


CLIMATE REPORT
NATIONAL WEATHER SERVICE MIAMI, FL
422 AM EST WED FEB 22 2017


...................................

...THE NAPLES CLIMATE SUMMARY FOR FEBRUARY 21 2017...

CLIMATE NORMAL PERIOD 1981 TO 2010
CLIMATE RECORD PERIOD 1942 TO 2017


WEATHER ITEM   OBSERVED TIME   RECORD YEAR NORMAL DEPARTURE LAST
                VALUE   (LST)  VALUE       VALUE  FROM      YEAR
                                                  NORMAL
..................................................................
TEMPERATURE (F)
 YESTERDAY
  MAXIMUM         81    311 PM  89    1974  78      3       78
  MINIMUM         65    652 AM  35    1958  58      7       58
  AVERAGE         73                        68      5       68

PRECIPITATION (IN)
  YESTERDAY        0.00          1.35 1947   0.06  -0.06     0.00
  MONTH TO DATE    0.10                      1.58  -1.48     0.68
  SINCE NOV 1      1.24                      6.92  -5.68    12.84
  SINCE JAN 1      0.89                      3.43  -2.54     8.22

SNOWFALL (IN)
  YESTERDAY        0.0
  MONTH TO DATE    0.0
  SINCE DEC 1      0.0
  SINCE JUL 1      0.0
  SNOW DEPTH       0

DEGREE DAYS
 HEATING
  YESTERDAY        0                         2     -2        0
  MONTH TO DATE    3                        42    -39       51
  SINCE DEC 1     52                       208   -156      118
  SINCE JUL 1     56                       222   -166      118

 COOLING
  YESTERDAY        8                         4      4        3
  MONTH TO DATE  109                        74     35       57
  SINCE DEC 1    530                       280    250      493
  SINCE JAN 1    263                       160    103      137
..................................................................


WIND (MPH)
  HIGHEST WIND SPEED    15   HIGHEST WIND DIRECTION    SE (150)
  HIGHEST GUST SPEED    19   HIGHEST GUST DIRECTION    SE (150)
  AVERAGE WIND SPEED     7.0


SKY COVER
  AVERAGE SKY COVER 0.5


WEATHER CONDITIONS
 THE FOLLOWING WEATHER WAS RECORDED YESTERDAY.
  NO SIGNIFICANT WEATHER WAS OBSERVED.


RELATIVE HUMIDITY (PERCENT)
 HIGHEST    93
 LOWEST     45
 AVERAGE    69

..........................................................


THE NAPLES CLIMATE NORMALS FOR TODAY
                         NORMAL    RECORD    YEAR
 MAXIMUM TEMPERATURE (F)   78        86      1979
                                             1961
 MINIMUM TEMPERATURE (F)   58        34      1977


SUNRISE AND SUNSET
FEBRUARY 22 2017......SUNRISE   657 AM EST   SUNSET   625 PM EST
FEBRUARY 23 2017......SUNRISE   656 AM EST   SUNSET   625 PM EST


-  INDICATES NEGATIVE NUMBERS.
R  INDICATES RECORD WAS SET OR TIED.
MM INDICATES DATA IS MISSING.
T  INDICATES TRACE AMOUNT.




$$
