000
CDUS43 KAPX 300527
CLIAPN


CLIMATE REPORT
NATIONAL WEATHER SERVICE GAYLORD MI
127 AM EDT SAT APR 30 2016


...................................

...THE ALPENA MI CLIMATE SUMMARY FOR APRIL 29 2016...

CLIMATE NORMAL PERIOD 1981 TO 2010
CLIMATE RECORD PERIOD 1916 TO 2016


WEATHER ITEM   OBSERVED TIME   RECORD YEAR NORMAL DEPARTURE LAST
                VALUE   (LST)  VALUE       VALUE  FROM      YEAR
                                                  NORMAL
..................................................................
TEMPERATURE (F)
 YESTERDAY
  MAXIMUM         55    355 PM  80    2004  59     -4       62
                                      1957
                                      1941
  MINIMUM         32   1159 PM  20    1950  36     -4       36
                                      1945
  AVERAGE         44                        47     -3       49

PRECIPITATION (IN)
  YESTERDAY        0.00          1.61 2014   0.08  -0.08     0.00
  MONTH TO DATE    3.42                      2.31   1.11     2.14
  SINCE MAR 1      8.94                      4.17   4.77     3.10
  SINCE JAN 1     13.42                      7.15   6.27     4.89

SNOWFALL (IN)
  YESTERDAY        0.0           1.9  1956   0.0    0.0      0.0
  MONTH TO DATE   21.8                       5.7   16.1      2.0
  SINCE OCT 1     88.8                      84.0    4.8     48.6
  SINCE JUL 1     88.8                      84.0    4.8     48.6
  SNOW DEPTH       0

DEGREE DAYS
 HEATING
  YESTERDAY       21                        18      3       16
  MONTH TO DATE  827                       684    143      685
  SINCE MAR 1   1805                      1808     -3     1862
  SINCE JUL 1   6587                      7540   -953     8125

 COOLING
  YESTERDAY        0                         0      0        0
  MONTH TO DATE    0                         0      0        0
  SINCE MAR 1      0                         0      0        0
  SINCE JAN 1      0                         0      0        0
..................................................................


WIND (MPH)
  HIGHEST WIND SPEED    13   HIGHEST WIND DIRECTION     E (80)
  HIGHEST GUST SPEED    16   HIGHEST GUST DIRECTION    NE (40)
  AVERAGE WIND SPEED     5.1




RELATIVE HUMIDITY (PERCENT)
 HIGHEST    89
 LOWEST     35
 AVERAGE    62

..........................................................


THE ALPENA MI CLIMATE NORMALS FOR TODAY
                         NORMAL    RECORD    YEAR
 MAXIMUM TEMPERATURE (F)   59        87      2001
 MINIMUM TEMPERATURE (F)   36        22      1969
                                             1919


SUNRISE AND SUNSET
APRIL 30 2016.........SUNRISE   624 AM EDT   SUNSET   839 PM EDT
MAY  1 2016...........SUNRISE   623 AM EDT   SUNSET   841 PM EDT


-  INDICATES NEGATIVE NUMBERS.
R  INDICATES RECORD WAS SET OR TIED.
MM INDICATES DATA IS MISSING.
T  INDICATES TRACE AMOUNT.




$$
