000
CDUS43 KAPX 232134
CLIAPN


CLIMATE REPORT
NATIONAL WEATHER SERVICE GAYLORD MI
534 PM EDT WED AUG 23 2017


...................................

...THE ALPENA MI CLIMATE SUMMARY FOR AUGUST 23 2017...
VALID TODAY AS OF 0500 PM LOCAL TIME.

CLIMATE NORMAL PERIOD 1981 TO 2010
CLIMATE RECORD PERIOD 1916 TO 2017


WEATHER ITEM   OBSERVED TIME   RECORD YEAR NORMAL DEPARTURE LAST
                VALUE   (LST)  VALUE       VALUE  FROM      YEAR
                                                  NORMAL
..................................................................
TEMPERATURE (F)
 TODAY
  MAXIMUM         69    214 PM  95    1947  76     -7       87
  MINIMUM         55    615 AM  30    1934  53      2       59
  AVERAGE         62                        64     -2       73

PRECIPITATION (IN)
  TODAY            0.00          1.69 1998   0.11  -0.11     0.00
  MONTH TO DATE    3.64                      2.37   1.27     1.00
  SINCE JUN 1     12.05                      8.02   4.03     4.98
  SINCE JAN 1     27.36                     17.92   9.44    19.71

DEGREE DAYS
 HEATING
  TODAY            3                         3      0        0
  MONTH TO DATE    8                        45    -37        4
  SINCE JUN 1     98                       232   -134      129
  SINCE JUL 1     15                        89    -74       21

 COOLING
  TODAY            0                         2     -2        8
  MONTH TO DATE   73                        64      9      167
  SINCE JUN 1    256                       236     20      423
  SINCE JAN 1    262                       249     13      455
..................................................................


WIND (MPH)
  RESULTANT WIND SPEED   6   RESULTANT WIND DIRECTION   W (290)
  HIGHEST WIND SPEED    20   HIGHEST WIND DIRECTION    NW (320)
  HIGHEST GUST SPEED    26   HIGHEST GUST DIRECTION    NW (320)
  AVERAGE WIND SPEED     7.8


SKY COVER
  POSSIBLE SUNSHINE  MM
  AVERAGE SKY COVER 0.3


WEATHER CONDITIONS
 THE FOLLOWING WEATHER WAS RECORDED TODAY.
  NO SIGNIFICANT WEATHER WAS OBSERVED.


RELATIVE HUMIDITY (PERCENT)
 HIGHEST    93
 LOWEST     58
 AVERAGE    76

..........................................................


THE ALPENA MI CLIMATE NORMALS FOR TOMORROW
                         NORMAL    RECORD    YEAR
 MAXIMUM TEMPERATURE (F)   76       100      1947
 MINIMUM TEMPERATURE (F)   53        32      1940


SUNRISE AND SUNSET
AUGUST 23 2017........SUNRISE   646 AM EDT   SUNSET   827 PM EDT
AUGUST 24 2017........SUNRISE   647 AM EDT   SUNSET   825 PM EDT


-  INDICATES NEGATIVE NUMBERS.
R  INDICATES RECORD WAS SET OR TIED.
MM INDICATES DATA IS MISSING.
T  INDICATES TRACE AMOUNT.




$$
