898
CDUS43 KAPX 310526
CLIAPN


CLIMATE REPORT
NATIONAL WEATHER SERVICE GAYLORD MI
126 AM EDT SUN JUL 31 2016


...................................

...THE ALPENA MI CLIMATE SUMMARY FOR JULY 30 2016...

CLIMATE NORMAL PERIOD 1981 TO 2010
CLIMATE RECORD PERIOD 1916 TO 2016


WEATHER ITEM   OBSERVED TIME   RECORD YEAR NORMAL DEPARTURE LAST
                VALUE   (LST)  VALUE       VALUE  FROM      YEAR
                                                  NORMAL
..................................................................
TEMPERATURE (F)
 YESTERDAY
  MAXIMUM         78    113 PM  98    1917  79     -1       85
  MINIMUM         52    531 AM  36    1965  56     -4       56
  AVERAGE         65                        67     -2       71

PRECIPITATION (IN)
  YESTERDAY        0.00          2.38 1973   0.09  -0.09      T
  MONTH TO DATE    2.49                      2.93  -0.44     1.62
  SINCE JUN 1      3.93                      5.55  -1.62     3.78
  SINCE JAN 1     18.66                     15.45   3.21    12.33

DEGREE DAYS
 HEATING
  YESTERDAY        0                         1     -1        0
  MONTH TO DATE   17                        40    -23       35
  SINCE JUN 1    125                       183    -58      178
  SINCE JUL 1     17                        40    -23       35

 COOLING
  YESTERDAY        0                         4     -4        6
  MONTH TO DATE  187                       117     70      134
  SINCE JUN 1    252                       173     79      145
  SINCE JAN 1    284                       186     98      169
..................................................................


WIND (MPH)
  HIGHEST WIND SPEED    17   HIGHEST WIND DIRECTION     E (70)
  HIGHEST GUST SPEED    23   HIGHEST GUST DIRECTION     E (70)
  AVERAGE WIND SPEED     5.6




RELATIVE HUMIDITY (PERCENT)
 HIGHEST    89
 LOWEST     36
 AVERAGE    63

..........................................................


THE ALPENA MI CLIMATE NORMALS FOR TODAY
                         NORMAL    RECORD    YEAR
 MAXIMUM TEMPERATURE (F)   79       100      1917
 MINIMUM TEMPERATURE (F)   56        35      1978


SUNRISE AND SUNSET
JULY 31 2016..........SUNRISE   619 AM EDT   SUNSET   902 PM EDT
AUGUST  1 2016........SUNRISE   620 AM EDT   SUNSET   900 PM EDT


-  INDICATES NEGATIVE NUMBERS.
R  INDICATES RECORD WAS SET OR TIED.
MM INDICATES DATA IS MISSING.
T  INDICATES TRACE AMOUNT.




$$
