000
CDUS43 KAPX 040558
CLIAPN


CLIMATE REPORT
NATIONAL WEATHER SERVICE GAYLORD MI
1258 AM EST WED MAR 4 2015


...................................

...THE ALPENA MI CLIMATE SUMMARY FOR MARCH 3 2015...

CLIMATE NORMAL PERIOD 1981 TO 2010
CLIMATE RECORD PERIOD 1916 TO 2015


WEATHER ITEM   OBSERVED TIME   RECORD YEAR NORMAL DEPARTURE LAST
                VALUE   (LST)  VALUE       VALUE  FROM      YEAR
                                                  NORMAL
..................................................................
TEMPERATURE (F)
 YESTERDAY
  MAXIMUM         28   1026 PM  63    1974  33     -5       17
  MINIMUM         -5    310 AM -21    1943  15    -20      -10
  AVERAGE         12                        24    -12        4

PRECIPITATION (IN)
  YESTERDAY        0.35          0.48 1951   0.06   0.29     0.00
  MONTH TO DATE    0.35                      0.17   0.18     0.04
  SINCE MAR 1      0.35                      0.17   0.18     0.04
  SINCE JAN 1      2.14                      3.15  -1.01     2.57

SNOWFALL (IN)
  YESTERDAY        3.5          12.2  1989   0.5    3.0      0.0
  MONTH TO DATE    3.5                       1.5    2.0      0.3
  SINCE OCT 1     45.6                      67.6  -22.0     55.8
  SINCE JUL 1     45.6                      67.6  -22.0     55.8
  SNOW DEPTH      11

DEGREE DAYS
 HEATING
  YESTERDAY       53                        41     12       61
  MONTH TO DATE  151                       124     27      177
  SINCE MAR 1    151                       124     27      177
  SINCE JUL 1   6414                      5856    558     6666

 COOLING
  YESTERDAY        0                         0      0        0
  MONTH TO DATE    0                         0      0        0
  SINCE MAR 1      0                         0      0        0
  SINCE JAN 1      0                         0      0        0
..................................................................


WIND (MPH)
  HIGHEST WIND SPEED    16   HIGHEST WIND DIRECTION     W (280)
  HIGHEST GUST SPEED    26   HIGHEST GUST DIRECTION    NW (300)
  AVERAGE WIND SPEED     6.6




RELATIVE HUMIDITY (PERCENT)
 HIGHEST    92
 LOWEST     70
 AVERAGE    81

..........................................................


THE ALPENA MI CLIMATE NORMALS FOR TODAY
                         NORMAL    RECORD    YEAR
 MAXIMUM TEMPERATURE (F)   34        55      2000
 MINIMUM TEMPERATURE (F)   15       -27      1962


SUNRISE AND SUNSET
MARCH  4 2015.........SUNRISE   707 AM EST   SUNSET   625 PM EST
MARCH  5 2015.........SUNRISE   706 AM EST   SUNSET   627 PM EST


-  INDICATES NEGATIVE NUMBERS.
R  INDICATES RECORD WAS SET OR TIED.
MM INDICATES DATA IS MISSING.
T  INDICATES TRACE AMOUNT.




$$
