286
CDUS43 KAPX 200530
CLIAPN


CLIMATE REPORT
NATIONAL WEATHER SERVICE GAYLORD MI
1230 AM EST MON FEB 20 2017


...................................

...THE ALPENA MI CLIMATE SUMMARY FOR FEBRUARY 19 2017...

CLIMATE NORMAL PERIOD 1981 TO 2010
CLIMATE RECORD PERIOD 1916 TO 2017


WEATHER ITEM   OBSERVED TIME   RECORD YEAR NORMAL DEPARTURE LAST
                VALUE   (LST)  VALUE       VALUE  FROM      YEAR
                                                  NORMAL
..................................................................
TEMPERATURE (F)
 YESTERDAY
  MAXIMUM         51    417 PM  58    1930  30     21       48
  MINIMUM         28   1148 PM -20    1979  12     16       26
  AVERAGE         40                        21     19       37

PRECIPITATION (IN)
  YESTERDAY        0.00          0.81 1946   0.05  -0.05     0.09
  MONTH TO DATE    0.86                      0.84   0.02     1.68
  SINCE DEC 1      5.54                      4.25   1.29     7.37
  SINCE JAN 1      3.50                      2.50   1.00     3.58

SNOWFALL (IN)
  YESTERDAY        0.0           6.5  1946   0.7   -0.7      0.1
  MONTH TO DATE    6.1                      12.1   -6.0     13.0
  SINCE OCT 1     49.8                      60.7  -10.9     37.6
  SINCE JUL 1     49.8                      60.7  -10.9     37.6
  SNOW DEPTH       T

DEGREE DAYS
 HEATING
  YESTERDAY       25                        44    -19       28
  MONTH TO DATE  764                       862    -98      853
  SINCE DEC 1   3155                      3521   -366     3041
  SINCE JUL 1   4364                      5344   -980     4414
..................................................................


WIND (MPH)
  HIGHEST WIND SPEED    15   HIGHEST WIND DIRECTION    NW (320)
  HIGHEST GUST SPEED    20   HIGHEST GUST DIRECTION    NW (320)
  AVERAGE WIND SPEED     6.4




RELATIVE HUMIDITY (PERCENT)
 HIGHEST    92
 LOWEST     44
 AVERAGE    68

..........................................................


THE ALPENA MI CLIMATE NORMALS FOR TODAY
                         NORMAL    RECORD    YEAR
 MAXIMUM TEMPERATURE (F)   30        54      1930
 MINIMUM TEMPERATURE (F)   12       -31      1929


SUNRISE AND SUNSET
FEBRUARY 20 2017......SUNRISE   727 AM EST   SUNSET   610 PM EST
FEBRUARY 21 2017......SUNRISE   725 AM EST   SUNSET   611 PM EST


-  INDICATES NEGATIVE NUMBERS.
R  INDICATES RECORD WAS SET OR TIED.
MM INDICATES DATA IS MISSING.
T  INDICATES TRACE AMOUNT.




$$
