000
CDUS43 KAPX 252145
CLIAPN


CLIMATE REPORT
NATIONAL WEATHER SERVICE GAYLORD MI
545 PM EDT SUN JUN 25 2017


...................................

...THE ALPENA MI CLIMATE SUMMARY FOR JUNE 25 2017...
VALID TODAY AS OF 0500 PM LOCAL TIME.

CLIMATE NORMAL PERIOD 1981 TO 2010
CLIMATE RECORD PERIOD 1916 TO 2017


WEATHER ITEM   OBSERVED TIME   RECORD YEAR NORMAL DEPARTURE LAST
                VALUE   (LST)  VALUE       VALUE  FROM      YEAR
                                                  NORMAL
..................................................................
TEMPERATURE (F)
 TODAY
  MAXIMUM         66    200 PM  95    2003  77    -11       91
  MINIMUM         53    455 AM  34    2004  52      1       49
                                      1964
  AVERAGE         60                        65     -5       70

PRECIPITATION (IN)
  TODAY            0.31          1.56 1928   0.09   0.22     0.00
  MONTH TO DATE    4.55                      2.16   2.39     1.26
  SINCE JUN 1      4.55                      2.16   2.39     1.26
  SINCE JAN 1     19.86                     12.06   7.80    15.99

DEGREE DAYS
 HEATING
  TODAY            5                         3      2        0
  MONTH TO DATE   68                       131    -63      104
  SINCE JUN 1     68                       131    -63      104
  SINCE JUL 1   6814                      8088  -1274     7057

 COOLING
  TODAY            0                         3     -3        5
  MONTH TO DATE   56                        42     14       50
  SINCE JUN 1     56                        42     14       50
  SINCE JAN 1     62                        55      7       82
..................................................................


WIND (MPH)
  RESULTANT WIND SPEED   4   RESULTANT WIND DIRECTION   W (260)
  HIGHEST WIND SPEED    13   HIGHEST WIND DIRECTION     N (360)
  HIGHEST GUST SPEED    18   HIGHEST GUST DIRECTION     N (350)
  AVERAGE WIND SPEED     4.5


SKY COVER
  POSSIBLE SUNSHINE  MM
  AVERAGE SKY COVER 0.5


WEATHER CONDITIONS
 THE FOLLOWING WEATHER WAS RECORDED TODAY.
  HEAVY RAIN
  RAIN
  LIGHT RAIN
  FOG


RELATIVE HUMIDITY (PERCENT)
 HIGHEST   100
 LOWEST     67
 AVERAGE    84

..........................................................


THE ALPENA MI CLIMATE NORMALS FOR TOMORROW
                         NORMAL    RECORD    YEAR
 MAXIMUM TEMPERATURE (F)   78        98      1983
 MINIMUM TEMPERATURE (F)   53        35      1922


SUNRISE AND SUNSET
JUNE 25 2017..........SUNRISE   549 AM EDT   SUNSET   925 PM EDT
JUNE 26 2017..........SUNRISE   549 AM EDT   SUNSET   925 PM EDT


-  INDICATES NEGATIVE NUMBERS.
R  INDICATES RECORD WAS SET OR TIED.
MM INDICATES DATA IS MISSING.
T  INDICATES TRACE AMOUNT.




$$
