000
CDUS43 KAPX 010542
CLIAPN


CLIMATE REPORT
NATIONAL WEATHER SERVICE GAYLORD MI
141 AM EDT SAT AUG 1 2015


...................................

...THE ALPENA MI CLIMATE SUMMARY FOR JULY 31 2015...

CLIMATE NORMAL PERIOD 1981 TO 2010
CLIMATE RECORD PERIOD 1916 TO 2015


WEATHER ITEM   OBSERVED TIME   RECORD YEAR NORMAL DEPARTURE LAST
                VALUE   (LST)  VALUE       VALUE  FROM      YEAR
                                                  NORMAL
..................................................................
TEMPERATURE (F)
 YESTERDAY
  MAXIMUM         84   1146 AM 100    1917  79      5       77
  MINIMUM         56   1227 AM  35    1978  56      0       54
  AVERAGE         70                        67      3       66

PRECIPITATION (IN)
  YESTERDAY        0.03          1.10 1954   0.10  -0.07      T
  MONTH TO DATE    1.65                      3.03  -1.38     3.91
  SINCE JUN 1      3.81                      5.65  -1.84     5.09
  SINCE JAN 1     12.36                     15.55  -3.19    16.59

DEGREE DAYS
 HEATING
  YESTERDAY        0                         1     -1        0
  MONTH TO DATE   35                        41     -6       69
  SINCE JUN 1    178                       187     -9      181
  SINCE JUL 1     35                        44     -9       69

 COOLING
  YESTERDAY        5                         4      1        1
  MONTH TO DATE  139                       116     23       51
  SINCE JUN 1    150                       172    -22      106
  SINCE JAN 1    174                       185    -11      111
..................................................................


WIND (MPH)
  HIGHEST WIND SPEED    22   HIGHEST WIND DIRECTION    NW (320)
  HIGHEST GUST SPEED    31   HIGHEST GUST DIRECTION    NW (320)
  AVERAGE WIND SPEED     7.0




RELATIVE HUMIDITY (PERCENT)
 HIGHEST    93
 LOWEST     33
 AVERAGE    63

..........................................................


THE ALPENA MI CLIMATE NORMALS FOR TODAY
                         NORMAL    RECORD    YEAR
 MAXIMUM TEMPERATURE (F)   79        98      2006
                                             1955
 MINIMUM TEMPERATURE (F)   56        38      1918


SUNRISE AND SUNSET
AUGUST  1 2015........SUNRISE   619 AM EDT   SUNSET   901 PM EDT
AUGUST  2 2015........SUNRISE   620 AM EDT   SUNSET   900 PM EDT


-  INDICATES NEGATIVE NUMBERS.
R  INDICATES RECORD WAS SET OR TIED.
MM INDICATES DATA IS MISSING.
T  INDICATES TRACE AMOUNT.




$$
