610
CDUS43 KAPX 060531
CLIAPN


CLIMATE REPORT
NATIONAL WEATHER SERVICE GAYLORD MI
1230 AM EST SAT FEB 6 2016


...................................

...THE ALPENA MI CLIMATE SUMMARY FOR FEBRUARY 5 2016...

CLIMATE NORMAL PERIOD 1981 TO 2010
CLIMATE RECORD PERIOD 1916 TO 2016


WEATHER ITEM   OBSERVED TIME   RECORD YEAR NORMAL DEPARTURE LAST
                VALUE   (LST)  VALUE       VALUE  FROM      YEAR
                                                  NORMAL
..................................................................
TEMPERATURE (F)
 YESTERDAY
  MAXIMUM         29    422 PM  48    2005  28      1       17
  MINIMUM         13    841 PM -27    1918  10      3       -6
  AVERAGE         21                        19      2        6

PRECIPITATION (IN)
  YESTERDAY        T             0.69 2006   0.04  -0.04     0.00
  MONTH TO DATE    1.20                      0.21   0.99     0.02
  SINCE DEC 1      6.89                      3.62   3.27     2.90
  SINCE JAN 1      3.10                      1.87   1.23     1.21

SNOWFALL (IN)
  YESTERDAY        0.1          12.8  2006   0.6   -0.5      0.0
  MONTH TO DATE    7.4                       3.2    4.2      0.4
  SINCE OCT 1     32.0                      51.8  -19.8     31.8
  SINCE JUL 1     32.0                      51.8  -19.8     31.8
  SNOW DEPTH       9

DEGREE DAYS
 HEATING
  YESTERDAY       44                        46     -2       59
  MONTH TO DATE  196                       230    -34      274
  SINCE DEC 1   2384                      2889   -505     2977
  SINCE JUL 1   3757                      4712   -955     4910
..................................................................


WIND (MPH)
  HIGHEST WIND SPEED    10   HIGHEST WIND DIRECTION     W (260)
  HIGHEST GUST SPEED    14   HIGHEST GUST DIRECTION     W (270)
  AVERAGE WIND SPEED     3.5




RELATIVE HUMIDITY (PERCENT)
 HIGHEST    96
 LOWEST     74
 AVERAGE    85

..........................................................


THE ALPENA MI CLIMATE NORMALS FOR TODAY
                         NORMAL    RECORD    YEAR
 MAXIMUM TEMPERATURE (F)   28        46      2005
 MINIMUM TEMPERATURE (F)   10       -16      1962
                                             1935


SUNRISE AND SUNSET
FEBRUARY  6 2016......SUNRISE   749 AM EST   SUNSET   549 PM EST
FEBRUARY  7 2016......SUNRISE   747 AM EST   SUNSET   550 PM EST


-  INDICATES NEGATIVE NUMBERS.
R  INDICATES RECORD WAS SET OR TIED.
MM INDICATES DATA IS MISSING.
T  INDICATES TRACE AMOUNT.




$$
