000
CDUS43 KAPX 260546
CLIAPN


CLIMATE REPORT
NATIONAL WEATHER SERVICE GAYLORD MI
1245 AM EST MON JAN 26 2015


...................................

...THE ALPENA MI CLIMATE SUMMARY FOR JANUARY 25 2015...

CLIMATE NORMAL PERIOD 1981 TO 2010
CLIMATE RECORD PERIOD 1916 TO 2015


WEATHER ITEM   OBSERVED TIME   RECORD YEAR NORMAL DEPARTURE LAST
                VALUE   (LST)  VALUE       VALUE  FROM      YEAR
                                                  NORMAL
..................................................................
TEMPERATURE (F)
 YESTERDAY
  MAXIMUM         18   1221 AM  52    1944  27     -9       20
  MINIMUM         -2   1159 PM -19    1920  11    -13       -2
  AVERAGE          8                        18    -10        9

PRECIPITATION (IN)
  YESTERDAY        T             0.78 1975   0.05  -0.05     0.06
  MONTH TO DATE    0.70                      1.38  -0.68     1.39
  SINCE DEC 1      2.39                      3.13  -0.74     3.53
  SINCE JAN 1      0.70                      1.38  -0.68     1.39

SNOWFALL (IN)
  YESTERDAY        T             4.7  1976   0.6   -0.6      1.3
  MONTH TO DATE    9.6                      17.3   -7.7     12.9
  SINCE OCT 1     25.7                      44.6  -18.9     39.9
  SINCE JUL 1     25.7                      44.6  -18.9     39.9
  SNOW DEPTH       3

DEGREE DAYS
 HEATING
  YESTERDAY       57                        46     11       56
  MONTH TO DATE 1253                      1139    114     1293
  SINCE DEC 1   2391                      2377     14     2767
  SINCE JUL 1   4324                      4200    124     4635
..................................................................


WIND (MPH)
  HIGHEST WIND SPEED    17   HIGHEST WIND DIRECTION    NE (30)
  HIGHEST GUST SPEED    21   HIGHEST GUST DIRECTION    NE (50)
  AVERAGE WIND SPEED     6.2




RELATIVE HUMIDITY (PERCENT)
 HIGHEST    87
 LOWEST     59
 AVERAGE    73

..........................................................


THE ALPENA MI CLIMATE NORMALS FOR TODAY
                         NORMAL    RECORD    YEAR
 MAXIMUM TEMPERATURE (F)   27        62      1944
 MINIMUM TEMPERATURE (F)   11       -22      1939


SUNRISE AND SUNSET
JANUARY 26 2015.......SUNRISE   801 AM EST   SUNSET   533 PM EST
JANUARY 27 2015.......SUNRISE   800 AM EST   SUNSET   535 PM EST


-  INDICATES NEGATIVE NUMBERS.
R  INDICATES RECORD WAS SET OR TIED.
MM INDICATES DATA IS MISSING.
T  INDICATES TRACE AMOUNT.




$$
