000
CDUS43 KAPX 250528
CLIAPN


CLIMATE REPORT
NATIONAL WEATHER SERVICE GAYLORD MI
127 AM EDT SAT OCT 25 2014


...................................

...THE ALPENA MI CLIMATE SUMMARY FOR OCTOBER 24 2014...

CLIMATE NORMAL PERIOD 1981 TO 2010
CLIMATE RECORD PERIOD 1916 TO 2014


WEATHER ITEM   OBSERVED TIME   RECORD YEAR NORMAL DEPARTURE LAST
                VALUE   (LST)  VALUE       VALUE  FROM      YEAR
                                                  NORMAL
..................................................................
TEMPERATURE (F)
 YESTERDAY
  MAXIMUM         57    230 PM  83    1963  53      4       46
  MINIMUM         27   1227 AM  19    1981  34     -7       32
                                      1972
  AVERAGE         42                        43     -1       39

PRECIPITATION (IN)
  YESTERDAY        0.00          1.82 1918   0.08  -0.08     0.04
  MONTH TO DATE    1.92                      2.07  -0.15     3.08
  SINCE SEP 1      6.07                      4.99   1.08     4.67
  SINCE JAN 1     27.97                     23.77   4.20    26.74

SNOWFALL (IN)
  YESTERDAY        0.0           4.4  1933   0.1   -0.1       T
  MONTH TO DATE    0.0                       0.2   -0.2       T
  SINCE OCT 1      0.0                       0.2   -0.2       T
  SINCE JUL 1      0.0                       0.2   -0.2       T
  SNOW DEPTH       0

DEGREE DAYS
 HEATING
  YESTERDAY       23                        22      1       26
  MONTH TO DATE  419                       425     -6      370
  SINCE SEP 1    642                       667    -25      643
  SINCE JUL 1    766                       782    -16      754

 COOLING
  YESTERDAY        0                         0      0        0
  MONTH TO DATE    0                         0      0        0
  SINCE SEP 1     18                        23     -5       36
  SINCE JAN 1    168                       289   -121      343
..................................................................


WIND (MPH)
  HIGHEST WIND SPEED     8   HIGHEST WIND DIRECTION     W (250)
  HIGHEST GUST SPEED    11   HIGHEST GUST DIRECTION     S (190)
  AVERAGE WIND SPEED     2.3




RELATIVE HUMIDITY (PERCENT)
 HIGHEST   100
 LOWEST     71
 AVERAGE    86

..........................................................


THE ALPENA MI CLIMATE NORMALS FOR TODAY
                         NORMAL    RECORD    YEAR
 MAXIMUM TEMPERATURE (F)   52        77      2012
                                             1989
 MINIMUM TEMPERATURE (F)   34        19      1972


SUNRISE AND SUNSET
OCTOBER 25 2014.......SUNRISE   803 AM EDT   SUNSET   633 PM EDT
OCTOBER 26 2014.......SUNRISE   805 AM EDT   SUNSET   631 PM EDT


-  INDICATES NEGATIVE NUMBERS.
R  INDICATES RECORD WAS SET OR TIED.
MM INDICATES DATA IS MISSING.
T  INDICATES TRACE AMOUNT.




$$
