308
CDUS44 KLCH 220912
CLIARA


CLIMATE REPORT
NATIONAL WEATHER SERVICE LAKE CHARLES, LA
312 AM CST THU FEB 22 2018


...................................

...THE NEW IBERIA CLIMATE SUMMARY FOR FEBRUARY 21 2018...

CLIMATE NORMAL PERIOD 1981 TO 2010
CLIMATE RECORD PERIOD 1948 TO 2018


WEATHER ITEM   OBSERVED TIME   RECORD YEAR NORMAL DEPARTURE LAST
                VALUE   (LST)  VALUE       VALUE  FROM      YEAR
                                                  NORMAL
..................................................................
TEMPERATURE (F)
 YESTERDAY
  MAXIMUM         81R   308 PM  80    2005  67     14       71
                                      1985
  MINIMUM         70    113 AM  29    1978  47     23       56
  AVERAGE         76                        57     19       64

PRECIPITATION (IN)
  YESTERDAY        T             1.55 2008   0.15  -0.15     0.08
  MONTH TO DATE    1.46                      3.12  -1.66     0.28
  SINCE DEC 1     16.81                     13.34   3.47    11.42
  SINCE JAN 1      8.59                      8.34   0.25     2.72

SNOWFALL (IN)
  YESTERDAY        0.0           0.0    MM  MM               0.0
  MONTH TO DATE    0.0                      MM               0.0
  SINCE DEC 1      2.4                      MM               0.0
  SINCE JUL 1      2.4                      MM               0.0

DEGREE DAYS
 HEATING
  YESTERDAY        0                         9     -9        1
  MONTH TO DATE   79                       223   -144       73
  SINCE DEC 1   1004                       965     39      521
  SINCE JUL 1   1183                      1160     23      616

 COOLING
  YESTERDAY       11                         1     10        0
  MONTH TO DATE   72                        17     55       51
  SINCE DEC 1     91                        51     40      182
  SINCE JAN 1     72                        29     43      115
..................................................................


WIND (MPH)
  RESULTANT WIND SPEED  15   RESULTANT WIND DIRECTION   S (160)
  HIGHEST WIND SPEED    32   HIGHEST WIND DIRECTION     S (170)
  HIGHEST GUST SPEED    42   HIGHEST GUST DIRECTION     S (180)
  AVERAGE WIND SPEED    17.7


SKY COVER
  POSSIBLE SUNSHINE  MM
  AVERAGE SKY COVER 0.9


WEATHER CONDITIONS
 THE FOLLOWING WEATHER WAS RECORDED YESTERDAY.
  LIGHT RAIN
  FOG


RELATIVE HUMIDITY (PERCENT)
 HIGHEST    93          1200 AM
 LOWEST     69           200 PM
 AVERAGE    81

..........................................................


THE NEW IBERIA CLIMATE NORMALS FOR TODAY
                         NORMAL    RECORD    YEAR
 MAXIMUM TEMPERATURE (F)   67        82      2005
 MINIMUM TEMPERATURE (F)   47        23      1978


SUNRISE AND SUNSET
FEBRUARY 22 2018......SUNRISE   641 AM CST   SUNSET   602 PM CST
FEBRUARY 23 2018......SUNRISE   640 AM CST   SUNSET   602 PM CST


-  INDICATES NEGATIVE NUMBERS.
R  INDICATES RECORD WAS SET OR TIED.
MM INDICATES DATA IS MISSING.
T  INDICATES TRACE AMOUNT.




$$
