000
CDUS44 KLCH 251245
CLIARA


CLIMATE REPORT
NATIONAL WEATHER SERVICE LAKE CHARLES, LA
645 AM CST SAT FEB 25 2017


...................................

...THE NEW IBERIA CLIMATE SUMMARY FOR FEBRUARY 24 2017...

CLIMATE NORMAL PERIOD 1981 TO 2010
CLIMATE RECORD PERIOD 1948 TO 2017


WEATHER ITEM   OBSERVED TIME   RECORD YEAR NORMAL DEPARTURE LAST
                VALUE   (LST)  VALUE       VALUE  FROM      YEAR
                                                  NORMAL
..................................................................
TEMPERATURE (F)
 YESTERDAY
  MAXIMUM         78    300 PM  80    2011  68     10       61
                                      2001
                                      2000
  MINIMUM         58    427 AM  25    1968  47     11       45
  AVERAGE         68                        58     10       53

PRECIPITATION (IN)
  YESTERDAY        0.01          1.65 1979   0.15  -0.14      T
  MONTH TO DATE    0.32                      3.59  -3.27     3.96
  SINCE DEC 1     11.46                     13.81  -2.35    13.25
  SINCE JAN 1      2.76                      8.81  -6.05    10.23

SNOWFALL (IN)
  YESTERDAY        0.0           0.0    MM  MM              MM
  MONTH TO DATE    0.0                      MM               0.0
  SINCE DEC 1      0.0                      MM               0.0
  SINCE JUL 1      0.0                      MM               0.0

DEGREE DAYS
 HEATING
  YESTERDAY        0                         8     -8       12
  MONTH TO DATE   74                       248   -174      209
  SINCE DEC 1    522                       990   -468      795
  SINCE JUL 1    617                      1185   -568      866

 COOLING
  YESTERDAY        3                         1      2        0
  MONTH TO DATE   54                        20     34        9
  SINCE DEC 1    185                        54    131       93
  SINCE JAN 1    118                        32     86       10
..................................................................


WIND (MPH)
  RESULTANT WIND SPEED   8   RESULTANT WIND DIRECTION   S (190)
  HIGHEST WIND SPEED    20   HIGHEST WIND DIRECTION     S (200)
  HIGHEST GUST SPEED    25   HIGHEST GUST DIRECTION     S (200)
  AVERAGE WIND SPEED     9.3


SKY COVER
  POSSIBLE SUNSHINE  MM
  AVERAGE SKY COVER 0.5


WEATHER CONDITIONS
 THE FOLLOWING WEATHER WAS RECORDED YESTERDAY.
  LIGHT RAIN
  FOG
  FOG W/VISIBILITY <= 1/4 MILE


RELATIVE HUMIDITY (PERCENT)
 HIGHEST    93          1200 AM
 LOWEST     54          1200 PM
 AVERAGE    74

..........................................................


THE NEW IBERIA CLIMATE NORMALS FOR TODAY
                         NORMAL    RECORD    YEAR
 MAXIMUM TEMPERATURE (F)   68        81      2000
 MINIMUM TEMPERATURE (F)   48        25      1965


SUNRISE AND SUNSET
FEBRUARY 25 2017......SUNRISE   637 AM CST   SUNSET   604 PM CST
FEBRUARY 26 2017......SUNRISE   636 AM CST   SUNSET   605 PM CST


-  INDICATES NEGATIVE NUMBERS.
R  INDICATES RECORD WAS SET OR TIED.
MM INDICATES DATA IS MISSING.
T  INDICATES TRACE AMOUNT.




$$
