000
CDUS44 KLCH 270824
CLIARA


CLIMATE REPORT
NATIONAL WEATHER SERVICE LAKE CHARLES, LA
223 AM CST FRI FEB 27 2015


...................................

...THE NEW IBERIA CLIMATE SUMMARY FOR FEBRUARY 26 2015...

CLIMATE NORMAL PERIOD 1981 TO 2010
CLIMATE RECORD PERIOD 1948 TO 2015


WEATHER ITEM   OBSERVED TIME   RECORD YEAR NORMAL DEPARTURE LAST
                VALUE   (LST)  VALUE       VALUE  FROM      YEAR
                                                  NORMAL
..................................................................
TEMPERATURE (F)
 YESTERDAY
  MAXIMUM         51    501 PM  82    1948  68    -17       60
  MINIMUM         37   1159 PM  27    1974  48    -11       39
  AVERAGE         44                        58    -14       50

PRECIPITATION (IN)
  YESTERDAY        0.00          1.08 2014   0.14  -0.14     1.08
  MONTH TO DATE    2.09                      3.89  -1.80     5.99
  SINCE DEC 1      8.17                     14.11  -5.94    10.90
  SINCE JAN 1      6.46                      9.11  -2.65     8.34

SNOWFALL (IN)
  YESTERDAY        0.0           0.0    MM  MM              MM
  MONTH TO DATE    0.0                      MM                T
  SINCE DEC 1      0.0                      MM               0.1
  SINCE JUL 1      0.0                      MM               0.1

DEGREE DAYS
 HEATING
  YESTERDAY       21                         8     13       15
  MONTH TO DATE  339                       264     75      283
  SINCE DEC 1   1024                      1006     18     1256
  SINCE JUL 1   1311                      1201    110     1489

 COOLING
  YESTERDAY        0                         1     -1        0
  MONTH TO DATE    2                        22    -20       18
  SINCE DEC 1     26                        56    -30       59
  SINCE JAN 1      4                        34    -30       18
..................................................................


WIND (MPH)
  RESULTANT WIND SPEED  13   RESULTANT WIND DIRECTION   N (10)
  HIGHEST WIND SPEED    23   HIGHEST WIND DIRECTION     N (10)
  HIGHEST GUST SPEED    29   HIGHEST GUST DIRECTION     N (10)
  AVERAGE WIND SPEED    13.7


SKY COVER
  POSSIBLE SUNSHINE  MM
  AVERAGE SKY COVER 0.6


WEATHER CONDITIONS
 THE FOLLOWING WEATHER WAS RECORDED YESTERDAY.
  NO SIGNIFICANT WEATHER WAS OBSERVED.


RELATIVE HUMIDITY (PERCENT)
 HIGHEST    85           200 AM
 LOWEST     50           400 PM
 AVERAGE    68

..........................................................


THE NEW IBERIA CLIMATE NORMALS FOR TODAY
                         NORMAL    RECORD    YEAR
 MAXIMUM TEMPERATURE (F)   69        81      2001
 MINIMUM TEMPERATURE (F)   48        24      2002


SUNRISE AND SUNSET
FEBRUARY 27 2015......SUNRISE   636 AM CST   SUNSET   605 PM CST
FEBRUARY 28 2015......SUNRISE   635 AM CST   SUNSET   606 PM CST


-  INDICATES NEGATIVE NUMBERS.
R  INDICATES RECORD WAS SET OR TIED.
MM INDICATES DATA IS MISSING.
T  INDICATES TRACE AMOUNT.




$$
