000
CDUS43 KLOT 260635
CLIARR


CLIMATE REPORT
NATIONAL WEATHER SERVICE CHICAGO IL
134 AM CDT SAT JUL 26 2014


...................................

...THE AURORA MUNICIPAL AIRPORT CLIMATE SUMMARY FOR JULY 25 2014...

CLIMATE NORMAL PERIOD 1981 TO 2010
CLIMATE RECORD PERIOD 1998 TO 2014


WEATHER ITEM   OBSERVED TIME   RECORD YEAR NORMAL DEPARTURE LAST
                VALUE   (LST)  VALUE       VALUE  FROM      YEAR
                                                  NORMAL
..................................................................
TEMPERATURE (F)
 YESTERDAY
  MAXIMUM         73    438 PM  98    2012  83    -10       80
  MINIMUM         52    347 AM  50    2013  59     -7       50
  AVERAGE         63                        71     -8       65

PRECIPITATION (IN)
  YESTERDAY        T             0.52 2005   0.14  -0.14     0.00
  MONTH TO DATE    1.80                      3.38  -1.58     1.65
  SINCE JUN 1     10.76                      7.39   3.37     5.25
  SINCE JAN 1     18.75                     20.27  -1.52    22.11

DEGREE DAYS
 HEATING
  YESTERDAY        2                         0      2        0
  MONTH TO DATE   14                         0     14        1
  SINCE JUN 1     30                        41    -11       45
  SINCE JUL 1     14                         0     14        1

 COOLING
  YESTERDAY        0                         7     -7        0
  MONTH TO DATE   95                       175    -80      218
  SINCE JUN 1    291                       330    -39      363
  SINCE JAN 1    377                       371      6      443
..................................................................


WIND (MPH)
  RESULTANT WIND SPEED   5   RESULTANT WIND DIRECTION   S (190)
  HIGHEST WIND SPEED    25   HIGHEST WIND DIRECTION    SE (140)
  HIGHEST GUST SPEED    31   HIGHEST GUST DIRECTION    SE (150)
  AVERAGE WIND SPEED     6.2


SKY COVER
  POSSIBLE SUNSHINE  MM
  AVERAGE SKY COVER 0.5


WEATHER CONDITIONS
 THE FOLLOWING WEATHER WAS RECORDED YESTERDAY.
  NO SIGNIFICANT WEATHER WAS OBSERVED.


RELATIVE HUMIDITY (PERCENT)
 HIGHEST    89           200 AM
 LOWEST     66          1200 PM
 AVERAGE    78

..........................................................


THE AURORA MUNICIPAL AIRPORT CLIMATE NORMALS FOR TODAY
                         NORMAL    RECORD    YEAR
 MAXIMUM TEMPERATURE (F)   83        88      2012
                                             2011
 MINIMUM TEMPERATURE (F)   59        53      2004


SUNRISE AND SUNSET
JULY 26 2014..........SUNRISE   542 AM CDT   SUNSET   818 PM CDT
JULY 27 2014..........SUNRISE   543 AM CDT   SUNSET   817 PM CDT


-  INDICATES NEGATIVE NUMBERS.
R  INDICATES RECORD WAS SET OR TIED.
MM INDICATES DATA IS MISSING.
T  INDICATES TRACE AMOUNT.




$$
