000
CDUS43 KLOT 020648
CLIARR


CLIMATE REPORT
NATIONAL WEATHER SERVICE CHICAGO IL
1247 AM CST FRI DEC 2 2016


...................................

...THE AURORA MUNICIPAL AIRPORT CLIMATE SUMMARY FOR DECEMBER 1 2016...

CLIMATE NORMAL PERIOD 1981 TO 2010
CLIMATE RECORD PERIOD 1998 TO 2016


WEATHER ITEM   OBSERVED TIME   RECORD YEAR NORMAL DEPARTURE LAST
                VALUE   (LST)  VALUE       VALUE  FROM      YEAR
                                                  NORMAL
..................................................................
TEMPERATURE (F)
 YESTERDAY
  MAXIMUM         41    151 PM  59    2012  39      2       44
  MINIMUM         36   1251 AM  10    2002  22     14       36
  AVERAGE         39                        30      9       40

PRECIPITATION (IN)
  YESTERDAY        0.01          0.26 2007   0.09  -0.08     0.16
  MONTH TO DATE    0.01                      0.09  -0.08     0.16
  SINCE DEC 1      0.01                      0.09  -0.08     0.16
  SINCE JAN 1     33.57                     34.99  -1.42    35.32

DEGREE DAYS
 HEATING
  YESTERDAY       26                        35     -9       25
  MONTH TO DATE   26                        35     -9       25
  SINCE DEC 1     26                        35     -9       25
  SINCE JUL 1    924                      1449   -525     1105

 COOLING
  YESTERDAY        0                         0      0        0
  MONTH TO DATE    0                         0      0        0
  SINCE DEC 1      0                         0      0        0
  SINCE JAN 1   1039                       655    384      750
..................................................................


WIND (MPH)
  RESULTANT WIND SPEED  14   RESULTANT WIND DIRECTION   W (260)
  HIGHEST WIND SPEED    24   HIGHEST WIND DIRECTION     W (260)
  HIGHEST GUST SPEED    30   HIGHEST GUST DIRECTION     W (260)
  AVERAGE WIND SPEED    14.3


SKY COVER
  POSSIBLE SUNSHINE  MM
  AVERAGE SKY COVER 1.0


WEATHER CONDITIONS
 THE FOLLOWING WEATHER WAS RECORDED YESTERDAY.
  LIGHT RAIN
  FOG


RELATIVE HUMIDITY (PERCENT)
 HIGHEST    85           400 AM
 LOWEST     76          1200 AM
 AVERAGE    81

..........................................................


THE AURORA MUNICIPAL AIRPORT CLIMATE NORMALS FOR TODAY
                         NORMAL    RECORD    YEAR
 MAXIMUM TEMPERATURE (F)   38        63      2012
 MINIMUM TEMPERATURE (F)   22         0      2006


SUNRISE AND SUNSET
DECEMBER  2 2016......SUNRISE   703 AM CST   SUNSET   424 PM CST
DECEMBER  3 2016......SUNRISE   704 AM CST   SUNSET   423 PM CST


-  INDICATES NEGATIVE NUMBERS.
R  INDICATES RECORD WAS SET OR TIED.
MM INDICATES DATA IS MISSING.
T  INDICATES TRACE AMOUNT.




$$
