000
CDUS43 KLOT 030647
CLIARR


CLIMATE REPORT
NATIONAL WEATHER SERVICE CHICAGO IL
147 AM CDT MON AUG 3 2015


...................................

...THE AURORA MUNICIPAL AIRPORT CLIMATE SUMMARY FOR AUGUST 2 2015...

CLIMATE NORMAL PERIOD 1981 TO 2010
CLIMATE RECORD PERIOD 1998 TO 2015


WEATHER ITEM   OBSERVED TIME   RECORD YEAR NORMAL DEPARTURE LAST
                VALUE   (LST)  VALUE       VALUE  FROM      YEAR
                                                  NORMAL
..................................................................
TEMPERATURE (F)
 YESTERDAY
  MAXIMUM         90    411 PM  97    2006  82      8       84
  MINIMUM         67    327 AM  48    2009  59      8       53
  AVERAGE         79                        71      8       69

PRECIPITATION (IN)
  YESTERDAY        0.20          0.56 2011   0.18   0.02     0.00
  MONTH TO DATE    0.20                      0.35  -0.15     0.02
  SINCE JUN 1     13.93                      8.55   5.38    11.10
  SINCE JAN 1     23.28                     21.43   1.85    19.09

DEGREE DAYS
 HEATING
  YESTERDAY        0                         0      0        0
  MONTH TO DATE    0                         0      0        0
  SINCE JUN 1     30                        50    -20       31
  SINCE JUL 1     12                         9      3       15

 COOLING
  YESTERDAY       14                         6      8        4
  MONTH TO DATE   19                        12      7        9
  SINCE JUN 1    384                       382      2      326
  SINCE JAN 1    453                       423     30      412
..................................................................


WIND (MPH)
  RESULTANT WIND SPEED  13   RESULTANT WIND DIRECTION  SW (230)
  HIGHEST WIND SPEED    26   HIGHEST WIND DIRECTION    NW (320)
  HIGHEST GUST SPEED    35   HIGHEST GUST DIRECTION    SW (220)
  AVERAGE WIND SPEED    13.6


SKY COVER
  POSSIBLE SUNSHINE  MM
  AVERAGE SKY COVER 0.2


WEATHER CONDITIONS
 THE FOLLOWING WEATHER WAS RECORDED YESTERDAY.
  THUNDERSTORM
  LIGHT RAIN
  HAZE


RELATIVE HUMIDITY (PERCENT)
 HIGHEST    90           600 AM
 LOWEST     43          1100 AM
 AVERAGE    67

..........................................................


THE AURORA MUNICIPAL AIRPORT CLIMATE NORMALS FOR TODAY
                         NORMAL    RECORD    YEAR
 MAXIMUM TEMPERATURE (F)   82        94      2012
 MINIMUM TEMPERATURE (F)   59        52      1999


SUNRISE AND SUNSET
AUGUST  3 2015........SUNRISE   550 AM CDT   SUNSET   810 PM CDT
AUGUST  4 2015........SUNRISE   551 AM CDT   SUNSET   809 PM CDT


-  INDICATES NEGATIVE NUMBERS.
R  INDICATES RECORD WAS SET OR TIED.
MM INDICATES DATA IS MISSING.
T  INDICATES TRACE AMOUNT.




$$
