000
CDUS43 KLOT 120632
CLIARR


CLIMATE REPORT
NATIONAL WEATHER SERVICE CHICAGO IL
131 AM CDT SAT JUL 12 2014


...................................

...THE AURORA MUNICIPAL AIRPORT CLIMATE SUMMARY FOR JULY 11 2014...

CLIMATE NORMAL PERIOD 1981 TO 2010
CLIMATE RECORD PERIOD 1998 TO 2014


WEATHER ITEM   OBSERVED TIME   RECORD YEAR NORMAL DEPARTURE LAST
                VALUE   (LST)  VALUE       VALUE  FROM      YEAR
                                                  NORMAL
..................................................................
TEMPERATURE (F)
 YESTERDAY
  MAXIMUM         80    211 PM  91    2005  84     -4       82
  MINIMUM         54    431 AM  48    1999  60     -6       57
  AVERAGE         67                        72     -5       70

PRECIPITATION (IN)
  YESTERDAY        T             0.55 2011   0.14  -0.14     0.00
  MONTH TO DATE    0.71                      1.21  -0.50     0.77
  SINCE JUN 1      9.67                      5.22   4.45     4.37
  SINCE JAN 1     17.66                     18.10  -0.44    21.23

DEGREE DAYS
 HEATING
  YESTERDAY        0                         0      0        0
  MONTH TO DATE    2                         0      2        0
  SINCE JUN 1     18                        41    -23       44
  SINCE JUL 1      2                         0      2        0

 COOLING
  YESTERDAY        2                         7     -5        5
  MONTH TO DATE   46                        77    -31       76
  SINCE JUN 1    242                       232     10      221
  SINCE JAN 1    328                       273     55      301
..................................................................


WIND (MPH)
  RESULTANT WIND SPEED   5   RESULTANT WIND DIRECTION   S (160)
  HIGHEST WIND SPEED    15   HIGHEST WIND DIRECTION    SE (150)
  HIGHEST GUST SPEED    18   HIGHEST GUST DIRECTION    SE (150)
  AVERAGE WIND SPEED     5.7


SKY COVER
  POSSIBLE SUNSHINE  MM
  AVERAGE SKY COVER 0.2


WEATHER CONDITIONS
 THE FOLLOWING WEATHER WAS RECORDED YESTERDAY.
  LIGHT RAIN


RELATIVE HUMIDITY (PERCENT)
 HIGHEST    93           300 AM
 LOWEST     45          1200 PM
 AVERAGE    69

..........................................................


THE AURORA MUNICIPAL AIRPORT CLIMATE NORMALS FOR TODAY
                         NORMAL    RECORD    YEAR
 MAXIMUM TEMPERATURE (F)   84        93      2012
 MINIMUM TEMPERATURE (F)   60        50      2009


SUNRISE AND SUNSET
JULY 12 2014..........SUNRISE   530 AM CDT   SUNSET   829 PM CDT
JULY 13 2014..........SUNRISE   531 AM CDT   SUNSET   828 PM CDT


-  INDICATES NEGATIVE NUMBERS.
R  INDICATES RECORD WAS SET OR TIED.
MM INDICATES DATA IS MISSING.
T  INDICATES TRACE AMOUNT.




$$
