000
CDUS43 KLOT 310633
CLIARR


CLIMATE REPORT
NATIONAL WEATHER SERVICE CHICAGO IL
133 AM CDT TUE MAY 31 2016


...................................

...THE AURORA MUNICIPAL AIRPORT CLIMATE SUMMARY FOR MAY 30 2016...

CLIMATE NORMAL PERIOD 1981 TO 2010
CLIMATE RECORD PERIOD 1998 TO 2016


WEATHER ITEM   OBSERVED TIME   RECORD YEAR NORMAL DEPARTURE LAST
                VALUE   (LST)  VALUE       VALUE  FROM      YEAR
                                                  NORMAL
..................................................................
TEMPERATURE (F)
 YESTERDAY
  MAXIMUM         88    521 PM  91    2010  75     13       70
  MINIMUM         60    352 AM  42    2001  52      8       47
  AVERAGE         74                        64     10       59

PRECIPITATION (IN)
  YESTERDAY        0.00          2.35 2004   0.14  -0.14     0.30
  MONTH TO DATE    6.48                      4.12   2.36     4.04
  SINCE MAR 1     11.81                      9.65   2.16     8.67
  SINCE JAN 1     13.30                     12.74   0.56     9.35

DEGREE DAYS
 HEATING
  YESTERDAY        0                         4     -4        6
  MONTH TO DATE  204                       226    -22      144
  SINCE MAR 1   1332                      1594   -262     1538
  SINCE JUL 1   5453                      6732  -1279     6993

 COOLING
  YESTERDAY        9                         3      6        0
  MONTH TO DATE   68                        35     33       69
  SINCE MAR 1     73                        38     35       69
  SINCE JAN 1     73                        38     35       69
..................................................................


WIND (MPH)
  RESULTANT WIND SPEED   3   RESULTANT WIND DIRECTION   W (280)
  HIGHEST WIND SPEED    20   HIGHEST WIND DIRECTION     W (280)
  HIGHEST GUST SPEED    22   HIGHEST GUST DIRECTION     W (280)
  AVERAGE WIND SPEED     5.6


SKY COVER
  POSSIBLE SUNSHINE  MM
  AVERAGE SKY COVER 0.1


WEATHER CONDITIONS
 THE FOLLOWING WEATHER WAS RECORDED YESTERDAY.
  HAZE


RELATIVE HUMIDITY (PERCENT)
 HIGHEST    90           100 AM
 LOWEST     32           600 PM
 AVERAGE    61

..........................................................


THE AURORA MUNICIPAL AIRPORT CLIMATE NORMALS FOR TODAY
                         NORMAL    RECORD    YEAR
 MAXIMUM TEMPERATURE (F)   75        89      2014
                                             2002
 MINIMUM TEMPERATURE (F)   53        41      2009
                                             2003


SUNRISE AND SUNSET
MAY 31 2016...........SUNRISE   522 AM CDT   SUNSET   822 PM CDT
JUNE  1 2016..........SUNRISE   521 AM CDT   SUNSET   823 PM CDT


-  INDICATES NEGATIVE NUMBERS.
R  INDICATES RECORD WAS SET OR TIED.
MM INDICATES DATA IS MISSING.
T  INDICATES TRACE AMOUNT.




$$
