000
CDUS41 KBUF 290706
CLIART


CLIMATE REPORT
NATIONAL WEATHER SERVICE BUFFALO NY
305 AM EDT FRI MAY 29 2015


...................................

...THE WATERTOWN NY CLIMATE SUMMARY FOR MAY 28 2015...

CLIMATE NORMAL PERIOD 1981 TO 2010
CLIMATE RECORD PERIOD 1949 TO 2015


WEATHER ITEM   OBSERVED TIME   RECORD YEAR NORMAL DEPARTURE LAST
                VALUE   (LST)  VALUE       VALUE  FROM      YEAR
                                                  NORMAL
..................................................................
TEMPERATURE (F)
 YESTERDAY
  MAXIMUM         68    343 AM  85    2012  69     -1       62
                                      1955
  MINIMUM         51   1139 PM  30    2008  47      4       53
                                      1970
  AVERAGE         60                        58      2       58

PRECIPITATION (IN)
  YESTERDAY        0.06          1.06 1955   0.10  -0.04      T
  MONTH TO DATE    1.04                      2.76  -1.72     3.42
  SINCE MAR 1      3.56                      7.96  -4.40    11.46
  SINCE JAN 1      6.65                     12.84  -6.19    18.56

DEGREE DAYS
 HEATING
  YESTERDAY        5                         7     -2        7
  MONTH TO DATE  203                       312   -109      243
  SINCE MAR 1   2011                      2014     -3     2167
  SINCE JUL 1   7531                      7455     76     7838

 COOLING
  YESTERDAY        0                         1     -1        0
  MONTH TO DATE   38                         5     33       23
  SINCE MAR 1     38                         6     32       23
  SINCE JAN 1     38                         6     32       23
..................................................................


WIND (MPH)
  HIGHEST WIND SPEED    17   HIGHEST WIND DIRECTION    SW (230)
  HIGHEST GUST SPEED    25   HIGHEST GUST DIRECTION    SW (210)
  AVERAGE WIND SPEED     7.7


SKY COVER
  AVERAGE SKY COVER 0.5


WEATHER CONDITIONS
 THE FOLLOWING WEATHER WAS RECORDED YESTERDAY.
  LIGHT RAIN
  FOG


RELATIVE HUMIDITY (PERCENT)
 HIGHEST    93           600 AM
 LOWEST     63           400 PM
 AVERAGE    78

..........................................................


THE WATERTOWN NY CLIMATE NORMALS FOR TODAY
                         NORMAL    RECORD    YEAR
 MAXIMUM TEMPERATURE (F)   70        87      2012
 MINIMUM TEMPERATURE (F)   48        32      1970


SUNRISE AND SUNSET
MAY 29 2015...........SUNRISE   526 AM EDT   SUNSET   837 PM EDT
MAY 30 2015...........SUNRISE   526 AM EDT   SUNSET   838 PM EDT


-  INDICATES NEGATIVE NUMBERS.
R  INDICATES RECORD WAS SET OR TIED.
MM INDICATES DATA IS MISSING.
T  INDICATES TRACE AMOUNT.




$$
