000
CDUS45 KGJT 312342
CLIASE


CLIMATE REPORT
NATIONAL WEATHER SERVICE GRAND JUNCTION CO
530 PM MDT MON AUG 31 2015


...................................

...THE ASPEN CO CLIMATE SUMMARY FOR AUGUST 31 2015...
VALID TODAY AS OF 0500 PM LOCAL TIME.

CLIMATE NORMAL PERIOD 1981 TO 2010
CLIMATE RECORD PERIOD 9999 TO 9999


WEATHER ITEM   OBSERVED TIME   RECORD YEAR NORMAL DEPARTURE LAST
                VALUE   (LST)  VALUE       VALUE  FROM      YEAR
                                                  NORMAL
..................................................................
TEMPERATURE (F)
 TODAY
  MAXIMUM         69    358 PM  MM      MM  74     -5       75
  MINIMUM         52    618 AM  MM      MM  43      9       48
  AVERAGE         61                        58      3       62

PRECIPITATION (IN)
  TODAY            0.03         MM      MM   0.05  -0.02     0.03
  MONTH TO DATE    1.55                      1.68  -0.13     1.77
  SINCE JUN 1      6.51                      4.52   1.99     3.71
  SINCE JAN 1     13.82                     11.46   2.36     9.24

SNOWFALL (IN)
  TODAY           MM            MM      MM  MM     MM       MM
  MONTH TO DATE   MM                        MM     MM       MM
  SINCE JUN 1     MM                        MM     MM       MM
  SINCE JUL 1     MM                        MM     MM       MM
  SNOW DEPTH      MM

DEGREE DAYS
 HEATING
  TODAY            4                         7     -3        3
  MONTH TO DATE   61                       124    -63      128
  SINCE JUN 1    272                       425   -153      358
  SINCE JUL 1    165                       196    -31      153

 COOLING
  TODAY            0                         0      0        0
  MONTH TO DATE   21                        10     11        1
  SINCE JUN 1     73                        39     34       56
  SINCE JAN 1     73                        39     34       56
..................................................................


WIND (MPH)
  HIGHEST WIND SPEED    15   HIGHEST WIND DIRECTION    NW (330)
  HIGHEST GUST SPEED    21   HIGHEST GUST DIRECTION     N (350)
  AVERAGE WIND SPEED     3.6


SKY COVER
  POSSIBLE SUNSHINE  MM
  AVERAGE SKY COVER 0.7


WEATHER CONDITIONS
 THE FOLLOWING WEATHER WAS RECORDED TODAY.
  THUNDERSTORM
  LIGHT RAIN


RELATIVE HUMIDITY (PERCENT)
 HIGHEST    93           100 AM
 LOWEST     45           400 PM
 AVERAGE    69

..........................................................


THE ASPEN CO CLIMATE NORMALS FOR TOMORROW
                         NORMAL    RECORD    YEAR
 MAXIMUM TEMPERATURE (F)   73        MM        MM
 MINIMUM TEMPERATURE (F)   43        MM        MM


SUNRISE AND SUNSET
AUGUST 31 2015........SUNRISE   635 AM MDT   SUNSET   740 PM MDT
SEPTEMBER  1 2015.....SUNRISE   636 AM MDT   SUNSET   738 PM MDT


-  INDICATES NEGATIVE NUMBERS.
R  INDICATES RECORD WAS SET OR TIED.
MM INDICATES DATA IS MISSING.
T  INDICATES TRACE AMOUNT.




$$
