000
CDUS46 KPQR 170223
CLIAST


CLIMATE REPORT
NATIONAL WEATHER SERVICE PORTLAND OREGON
623 PM PST SAT DEC 16 2017


...................................

...THE ASTORIA OR CLIMATE SUMMARY FOR DECEMBER 16 2017...
VALID TODAY AS OF 0600 PM LOCAL TIME.

CLIMATE NORMAL PERIOD 1981 TO 2010
CLIMATE RECORD PERIOD 1892 TO 2017


WEATHER ITEM   OBSERVED TIME   RECORD YEAR NORMAL DEPARTURE LAST
                VALUE   (LST)  VALUE       VALUE  FROM      YEAR
                                                  NORMAL
..................................................................
TEMPERATURE (F)
 TODAY
  MAXIMUM         49   1127 AM  61    1980  48      1       41
  MINIMUM         40    557 AM  15    1964  36      4       27
  AVERAGE         45                        42      3       34

PRECIPITATION (IN)
  TODAY            T             2.14 2001   0.30  -0.30     0.00
  MONTH TO DATE    1.07                      5.26  -4.19     5.57
  SINCE OCT 1     24.17                     22.39   1.78    39.09
  SINCE JAN 1     77.38                     62.63  14.75    82.07

DEGREE DAYS
 HEATING
  TODAY           20                        23     -3       31
  MONTH TO DATE  345                       354     -9      374
  SINCE DEC 1    345                       354     -9      374
  SINCE JUL 1   1637                      1767   -130     1237

 COOLING
  TODAY            0                         0      0        0
  MONTH TO DATE    0                         0      0        0
  SINCE DEC 1      0                         0      0        0
  SINCE JAN 1     55                        12     43       62
..................................................................


WIND (MPH)
  HIGHEST WIND SPEED     9   HIGHEST WIND DIRECTION    NE (50)
  HIGHEST GUST SPEED    12   HIGHEST GUST DIRECTION    NW (310)
  AVERAGE WIND SPEED     3.3


SKY COVER
  POSSIBLE SUNSHINE  MM
  AVERAGE SKY COVER 0.8


WEATHER CONDITIONS
 THE FOLLOWING WEATHER WAS RECORDED TODAY.
  FOG


RELATIVE HUMIDITY (PERCENT)
 HIGHEST   100           600 AM
 LOWEST     70          1200 AM
 AVERAGE    85

..........................................................


THE ASTORIA OR CLIMATE NORMALS FOR TOMORROW
                         NORMAL    RECORD    YEAR
 MAXIMUM TEMPERATURE (F)   48        60      1979
 MINIMUM TEMPERATURE (F)   36        13      1924


SUNRISE AND SUNSET
DECEMBER 16 2017......SUNRISE   752 AM PST   SUNSET   431 PM PST
DECEMBER 17 2017......SUNRISE   753 AM PST   SUNSET   431 PM PST


-  INDICATES NEGATIVE NUMBERS.
R  INDICATES RECORD WAS SET OR TIED.
MM INDICATES DATA IS MISSING.
T  INDICATES TRACE AMOUNT.




$$
