000
CDUS46 KPQR 231141
CLIAST


CLIMATE REPORT
NATIONAL WEATHER SERVICE PORTLAND OREGON
440 AM PDT TUE SEP 23 2014


...................................

...THE ASTORIA OR CLIMATE SUMMARY FOR SEPTEMBER 22 2014...

CLIMATE NORMAL PERIOD 1981 TO 2010
CLIMATE RECORD PERIOD 1892 TO 2014


WEATHER ITEM   OBSERVED TIME   RECORD YEAR NORMAL DEPARTURE LAST
                VALUE   (LST)  VALUE       VALUE  FROM      YEAR
                                                  NORMAL
..................................................................
TEMPERATURE (F)
 YESTERDAY
  MAXIMUM         68   1144 AM  92    2009  67      1       64
  MINIMUM         58   1141 PM  39    1956  48     10       55
  AVERAGE         63                        58      5       60

PRECIPITATION (IN)
  YESTERDAY        0.04          2.10 1892   0.07  -0.03     1.30
  MONTH TO DATE    0.21                      1.41  -1.20     2.52
  SINCE OCT 1     54.68                     66.53 -11.85    80.49
  SINCE JAN 1     42.52                     39.51   3.01    38.87

DEGREE DAYS
 HEATING
  YESTERDAY        2                         8     -6        5
  MONTH TO DATE   50                       132    -82       68
  SINCE SEP 1     50                       132    -82       68
  SINCE JUL 1    208                       413   -205      315

 COOLING
  YESTERDAY        0                         0      0        0
  MONTH TO DATE   20                         0     20        3
  SINCE SEP 1     20                         0     20        3
  SINCE JAN 1     45                         7     38        9
..................................................................


WIND (MPH)
  HIGHEST WIND SPEED    15   HIGHEST WIND DIRECTION    SW (220)
  HIGHEST GUST SPEED    20   HIGHEST GUST DIRECTION    SW (220)
  AVERAGE WIND SPEED     6.6


SKY COVER
  POSSIBLE SUNSHINE  MM
  AVERAGE SKY COVER 0.9


WEATHER CONDITIONS
 THE FOLLOWING WEATHER WAS RECORDED YESTERDAY.
  LIGHT RAIN
  FOG


RELATIVE HUMIDITY (PERCENT)
 HIGHEST    90          1200 AM
 LOWEST     68          1100 AM
 AVERAGE    79

..........................................................


THE ASTORIA OR CLIMATE NORMALS FOR TODAY
                         NORMAL    RECORD    YEAR
 MAXIMUM TEMPERATURE (F)   67        82      1974
                                             1965
 MINIMUM TEMPERATURE (F)   48        36      2005
                                             2000


SUNRISE AND SUNSET
SEPTEMBER 23 2014.....SUNRISE   704 AM PDT   SUNSET   711 PM PDT
SEPTEMBER 24 2014.....SUNRISE   705 AM PDT   SUNSET   709 PM PDT


-  INDICATES NEGATIVE NUMBERS.
R  INDICATES RECORD WAS SET OR TIED.
MM INDICATES DATA IS MISSING.
T  INDICATES TRACE AMOUNT.




$$
