000
CDUS46 KPQR 021141
CLIAST


CLIMATE REPORT
NATIONAL WEATHER SERVICE PORTLAND OREGON
340 AM PST MON MAR 2 2015


...................................

...THE ASTORIA OR CLIMATE SUMMARY FOR MARCH 1 2015...

CLIMATE NORMAL PERIOD 1981 TO 2010
CLIMATE RECORD PERIOD 1892 TO 2015


WEATHER ITEM   OBSERVED TIME   RECORD YEAR NORMAL DEPARTURE LAST
                VALUE   (LST)  VALUE       VALUE  FROM      YEAR
                                                  NORMAL
..................................................................
TEMPERATURE (F)
 YESTERDAY
  MAXIMUM         54    208 PM  67    1947  53      1       53
  MINIMUM         31    724 AM  22    1971  38     -7       39
  AVERAGE         43                        45     -2       46

PRECIPITATION (IN)
  YESTERDAY        0.06          4.25 1910   0.27  -0.21     0.01
  MONTH TO DATE    0.06                      0.27  -0.21     0.01
  SINCE OCT 1     41.16                     44.68  -3.52    25.93
  SINCE JAN 1     15.54                     17.66  -2.12    13.77

DEGREE DAYS
 HEATING
  YESTERDAY       22                        20      2       19
  MONTH TO DATE   22                        20      2       19
  SINCE MAR 1     22                        20      2       19
  SINCE JUL 1   2562                      3362   -800     3448

 COOLING
  YESTERDAY        0                         0      0        0
  MONTH TO DATE    0                         0      0        0
  SINCE MAR 1      0                         0      0        0
  SINCE JAN 1      0                         0      0        0
..................................................................


WIND (MPH)
  HIGHEST WIND SPEED    15   HIGHEST WIND DIRECTION    NW (320)
  HIGHEST GUST SPEED    21   HIGHEST GUST DIRECTION    NW (330)
  AVERAGE WIND SPEED     4.3


SKY COVER
  POSSIBLE SUNSHINE  MM
  AVERAGE SKY COVER 0.2


WEATHER CONDITIONS
 THE FOLLOWING WEATHER WAS RECORDED YESTERDAY.
  LIGHT RAIN
  FOG


RELATIVE HUMIDITY (PERCENT)
 HIGHEST    92          1200 AM
 LOWEST     50           100 PM
 AVERAGE    71

..........................................................


THE ASTORIA OR CLIMATE NORMALS FOR TODAY
                         NORMAL    RECORD    YEAR
 MAXIMUM TEMPERATURE (F)   53        70      1986
 MINIMUM TEMPERATURE (F)   38        24      1896


SUNRISE AND SUNSET
MARCH  2 2015.........SUNRISE   653 AM PST   SUNSET   603 PM PST
MARCH  3 2015.........SUNRISE   651 AM PST   SUNSET   605 PM PST


-  INDICATES NEGATIVE NUMBERS.
R  INDICATES RECORD WAS SET OR TIED.
MM INDICATES DATA IS MISSING.
T  INDICATES TRACE AMOUNT.




$$
