000
CDUS46 KPQR 241144
CLIAST


CLIMATE REPORT
NATIONAL WEATHER SERVICE PORTLAND OREGON
443 AM PDT THU APR 24 2014


...................................

...THE ASTORIA OR CLIMATE SUMMARY FOR APRIL 23 2014...

CLIMATE NORMAL PERIOD 1981 TO 2010
CLIMATE RECORD PERIOD 1892 TO 2014


WEATHER ITEM   OBSERVED TIME   RECORD YEAR NORMAL DEPARTURE LAST
                VALUE   (LST)  VALUE       VALUE  FROM      YEAR
                                                  NORMAL
..................................................................
TEMPERATURE (F)
 YESTERDAY
  MAXIMUM         53   1159 PM  73    2006  57     -4       62
  MINIMUM         46   1212 AM  34    2013  42      4       34
                                      1992
  AVERAGE         50                        49      1       48

PRECIPITATION (IN)
  YESTERDAY        2.22R         1.79 1996   0.16   2.06     0.00
  MONTH TO DATE    6.64                      4.20   2.44     6.44
  SINCE OCT 1     43.42                     56.06 -12.64    67.34
  SINCE JAN 1     31.26                     29.04   2.22    25.72

DEGREE DAYS
 HEATING
  YESTERDAY       15                        16     -1       17
  MONTH TO DATE  353                       384    -31      383
  SINCE MAR 1    869                       962    -93      956
  SINCE JUL 1   4298                      4304     -6     4336

 COOLING
  YESTERDAY        0                         0      0        0
  MONTH TO DATE    0                         0      0        0
  SINCE MAR 1      0                         0      0        0
  SINCE JAN 1      0                         0      0        0
..................................................................


WIND (MPH)
  HIGHEST WIND SPEED    29   HIGHEST WIND DIRECTION     S (200)
  HIGHEST GUST SPEED    41   HIGHEST GUST DIRECTION     S (190)
  AVERAGE WIND SPEED    13.0


SKY COVER
  POSSIBLE SUNSHINE  MM
  AVERAGE SKY COVER 0.9


WEATHER CONDITIONS
 THE FOLLOWING WEATHER WAS RECORDED YESTERDAY.
  HEAVY RAIN
  RAIN
  LIGHT RAIN
  FOG


RELATIVE HUMIDITY (PERCENT)
 HIGHEST    96           100 PM
 LOWEST     80           200 AM
 AVERAGE    88

..........................................................


THE ASTORIA OR CLIMATE NORMALS FOR TODAY
                         NORMAL    RECORD    YEAR
 MAXIMUM TEMPERATURE (F)   57        79      1926
 MINIMUM TEMPERATURE (F)   42        31      1986


SUNRISE AND SUNSET
APRIL 24 2014.........SUNRISE   613 AM PDT   SUNSET   815 PM PDT
APRIL 25 2014.........SUNRISE   612 AM PDT   SUNSET   816 PM PDT


-  INDICATES NEGATIVE NUMBERS.
R  INDICATES RECORD WAS SET OR TIED.
MM INDICATES DATA IS MISSING.
T  INDICATES TRACE AMOUNT.




$$
