000
CDUS46 KPQR 202322
CLIAST


CLIMATE REPORT
NATIONAL WEATHER SERVICE PORTLAND OREGON
421 PM PDT THU JUL 20 2017


...................................

...THE ASTORIA OR CLIMATE SUMMARY FOR JULY 20 2017...
VALID TODAY AS OF 0400 PM LOCAL TIME.

CLIMATE NORMAL PERIOD 1981 TO 2010
CLIMATE RECORD PERIOD 1892 TO 2017


WEATHER ITEM   OBSERVED TIME   RECORD YEAR NORMAL DEPARTURE LAST
                VALUE   (LST)  VALUE       VALUE  FROM      YEAR
                                                  NORMAL
..................................................................
TEMPERATURE (F)
 TODAY
  MAXIMUM         67    256 PM  86    1946  68     -1       73
  MINIMUM         57    603 AM  41    1930  54      3       54
  AVERAGE         62                        61      1       64

PRECIPITATION (IN)
  TODAY            0.08          0.53 1954   0.02   0.06     0.00
  MONTH TO DATE    0.10                      0.75  -0.65     1.10
  SINCE OCT 1     93.54                     63.68  29.86    82.86
  SINCE JAN 1     49.67                     36.66  13.01    40.33

DEGREE DAYS
 HEATING
  TODAY            3                         4     -1        1
  MONTH TO DATE  108                       104      4       48
  SINCE JUN 1    315                       346    -31      224
  SINCE JUL 1    108                       104      4       48

 COOLING
  TODAY            0                         0      0        0
  MONTH TO DATE    0                         0      0        0
  SINCE JUN 1     10                         0     10        6
  SINCE JAN 1     12                         0     12        9
..................................................................


WIND (MPH)
  HIGHEST WIND SPEED    14   HIGHEST WIND DIRECTION    SW (240)
  HIGHEST GUST SPEED    16   HIGHEST GUST DIRECTION     S (170)
  AVERAGE WIND SPEED     7.6


SKY COVER
  POSSIBLE SUNSHINE  MM
  AVERAGE SKY COVER 1.0


WEATHER CONDITIONS
 THE FOLLOWING WEATHER WAS RECORDED TODAY.
  LIGHT RAIN
  FOG


RELATIVE HUMIDITY (PERCENT)
 HIGHEST    93           600 AM
 LOWEST     63           100 PM
 AVERAGE    78

..........................................................


THE ASTORIA OR CLIMATE NORMALS FOR TOMORROW
                         NORMAL    RECORD    YEAR
 MAXIMUM TEMPERATURE (F)   68        88      1928
 MINIMUM TEMPERATURE (F)   54        44      1966
                                             1930


SUNRISE AND SUNSET
JULY 20 2017..........SUNRISE   544 AM PDT   SUNSET   859 PM PDT
JULY 21 2017..........SUNRISE   545 AM PDT   SUNSET   858 PM PDT


-  INDICATES NEGATIVE NUMBERS.
R  INDICATES RECORD WAS SET OR TIED.
MM INDICATES DATA IS MISSING.
T  INDICATES TRACE AMOUNT.




$$
