000
CDUS46 KPQR 071144
CLIAST


CLIMATE REPORT
NATIONAL WEATHER SERVICE PORTLAND OREGON
343 AM PST SUN FEB 7 2016


...................................

...THE ASTORIA OR CLIMATE SUMMARY FOR FEBRUARY 6 2016...

CLIMATE NORMAL PERIOD 1981 TO 2010
CLIMATE RECORD PERIOD 1892 TO 2016


WEATHER ITEM   OBSERVED TIME   RECORD YEAR NORMAL DEPARTURE LAST
                VALUE   (LST)  VALUE       VALUE  FROM      YEAR
                                                  NORMAL
..................................................................
TEMPERATURE (F)
 YESTERDAY
  MAXIMUM         53    143 PM  65    1954  51      2       61
  MINIMUM         42   1159 PM  20    2014  37      5       50
  AVERAGE         48                        44      4       56

PRECIPITATION (IN)
  YESTERDAY        T             2.37 1996   0.27  -0.27     1.15
  MONTH TO DATE    1.53                      1.61  -0.08     2.95
  SINCE OCT 1     57.81                     38.83  18.98    37.76
  SINCE JAN 1     15.28                     11.81   3.47    12.14

DEGREE DAYS
 HEATING
  YESTERDAY       17                        21     -4        9
  MONTH TO DATE  113                       126    -13       84
  SINCE DEC 1   1277                      1478   -201     1206
  SINCE JUL 1   2277                      2891   -614     2193

 COOLING
  YESTERDAY        0                         0      0        0
  MONTH TO DATE    0                         0      0        0
  SINCE DEC 1      0                         0      0        0
  SINCE JAN 1      0                         0      0        0
..................................................................


WIND (MPH)
  HIGHEST WIND SPEED    16   HIGHEST WIND DIRECTION    SW (240)
  HIGHEST GUST SPEED    21   HIGHEST GUST DIRECTION    SW (240)
  AVERAGE WIND SPEED     6.2


SKY COVER
  POSSIBLE SUNSHINE  MM
  AVERAGE SKY COVER 0.4


WEATHER CONDITIONS
 THE FOLLOWING WEATHER WAS RECORDED YESTERDAY.
  LIGHT RAIN


RELATIVE HUMIDITY (PERCENT)
 HIGHEST    89           800 AM
 LOWEST     71          1200 AM
 AVERAGE    80

..........................................................


THE ASTORIA OR CLIMATE NORMALS FOR TODAY
                         NORMAL    RECORD    YEAR
 MAXIMUM TEMPERATURE (F)   51        66      1963
 MINIMUM TEMPERATURE (F)   37        20      2014


SUNRISE AND SUNSET
FEBRUARY  7 2016......SUNRISE   731 AM PST   SUNSET   529 PM PST
FEBRUARY  8 2016......SUNRISE   729 AM PST   SUNSET   531 PM PST


-  INDICATES NEGATIVE NUMBERS.
R  INDICATES RECORD WAS SET OR TIED.
MM INDICATES DATA IS MISSING.
T  INDICATES TRACE AMOUNT.




$$
