000
CDUS46 KPQR 211141
CLIAST


CLIMATE REPORT
NATIONAL WEATHER SERVICE PORTLAND OREGON
340 AM PST SUN DEC 21 2014


...................................

...THE ASTORIA OR CLIMATE SUMMARY FOR DECEMBER 20 2014...

CLIMATE NORMAL PERIOD 1981 TO 2010
CLIMATE RECORD PERIOD 1892 TO 2014


WEATHER ITEM   OBSERVED TIME   RECORD YEAR NORMAL DEPARTURE LAST
                VALUE   (LST)  VALUE       VALUE  FROM      YEAR
                                                  NORMAL
..................................................................
TEMPERATURE (F)
 YESTERDAY
  MAXIMUM         57    727 PM  58    1900  48      9       50
  MINIMUM         46    150 AM   9    1990  36     10       33
  AVERAGE         52                        42     10       42

PRECIPITATION (IN)
  YESTERDAY        2.29          3.25 1906   0.30   1.99     0.85
  MONTH TO DATE    7.93                      6.45   1.48     4.03
  SINCE OCT 1     22.98                     23.58  -0.60    11.19
  SINCE JAN 1     70.23                     63.82   6.41    58.24

DEGREE DAYS
 HEATING
  YESTERDAY       13                        23    -10       23
  MONTH TO DATE  324                       446   -122      585
  SINCE DEC 1    324                       446   -122      585
  SINCE JUL 1   1306                      1859   -553     1938

 COOLING
  YESTERDAY        0                         0      0        0
  MONTH TO DATE    0                         0      0        0
  SINCE DEC 1      0                         0      0        0
  SINCE JAN 1     45                        12     33        9
..................................................................


WIND (MPH)
  HIGHEST WIND SPEED    28   HIGHEST WIND DIRECTION    SW (240)
  HIGHEST GUST SPEED    39   HIGHEST GUST DIRECTION    SW (210)
  AVERAGE WIND SPEED    16.5


SKY COVER
  POSSIBLE SUNSHINE  MM
  AVERAGE SKY COVER 1.0


WEATHER CONDITIONS
 THE FOLLOWING WEATHER WAS RECORDED YESTERDAY.
  HEAVY RAIN
  RAIN
  LIGHT RAIN
  FOG


RELATIVE HUMIDITY (PERCENT)
 HIGHEST    93           100 AM
 LOWEST     86          1200 AM
 AVERAGE    90

..........................................................


THE ASTORIA OR CLIMATE NORMALS FOR TODAY
                         NORMAL    RECORD    YEAR
 MAXIMUM TEMPERATURE (F)   48        60      1980
                                             1940
 MINIMUM TEMPERATURE (F)   36         6      1990


SUNRISE AND SUNSET
DECEMBER 21 2014......SUNRISE   755 AM PST   SUNSET   432 PM PST
DECEMBER 22 2014......SUNRISE   756 AM PST   SUNSET   433 PM PST


-  INDICATES NEGATIVE NUMBERS.
R  INDICATES RECORD WAS SET OR TIED.
MM INDICATES DATA IS MISSING.
T  INDICATES TRACE AMOUNT.




$$
