000
CDUS46 KPQR 271147
CLIAST


CLIMATE REPORT
NATIONAL WEATHER SERVICE PORTLAND OREGON
446 AM PDT FRI MAY 27 2016


...................................

...THE ASTORIA OR CLIMATE SUMMARY FOR MAY 26 2016...

CLIMATE NORMAL PERIOD 1981 TO 2010
CLIMATE RECORD PERIOD 1892 TO 2016


WEATHER ITEM   OBSERVED TIME   RECORD YEAR NORMAL DEPARTURE LAST
                VALUE   (LST)  VALUE       VALUE  FROM      YEAR
                                                  NORMAL
..................................................................
TEMPERATURE (F)
 YESTERDAY
  MAXIMUM         60    232 PM  81    1947  62     -2       65
  MINIMUM         51   1159 PM  37    1998  47      4       51
                                      1973
  AVERAGE         56                        54      2       58

PRECIPITATION (IN)
  YESTERDAY        T             1.17 1895   0.10  -0.10      T
  MONTH TO DATE    0.76                      2.82  -2.06     1.29
  SINCE OCT 1     79.66                     59.88  19.78    52.28
  SINCE JAN 1     37.13                     32.86   4.27    26.66

DEGREE DAYS
 HEATING
  YESTERDAY        9                        11     -2        7
  MONTH TO DATE  237                       322    -85      272
  SINCE MAR 1   1043                      1389   -346     1202
  SINCE JUL 1   3662                      4731  -1069     3742

 COOLING
  YESTERDAY        0                         0      0        0
  MONTH TO DATE    0                         0      0        0
  SINCE MAR 1      3                         0      3        2
  SINCE JAN 1      3                         0      3        2
..................................................................


WIND (MPH)
  HIGHEST WIND SPEED    16   HIGHEST WIND DIRECTION    NW (310)
  HIGHEST GUST SPEED    21   HIGHEST GUST DIRECTION     W (260)
  AVERAGE WIND SPEED     8.2


SKY COVER
  POSSIBLE SUNSHINE  MM
  AVERAGE SKY COVER 1.0


WEATHER CONDITIONS
 THE FOLLOWING WEATHER WAS RECORDED YESTERDAY.
  LIGHT RAIN
  FOG
  HAZE


RELATIVE HUMIDITY (PERCENT)
 HIGHEST    89           500 PM
 LOWEST     62           200 PM
 AVERAGE    76

..........................................................


THE ASTORIA OR CLIMATE NORMALS FOR TODAY
                         NORMAL    RECORD    YEAR
 MAXIMUM TEMPERATURE (F)   62        80      2003
 MINIMUM TEMPERATURE (F)   48        37      1940


SUNRISE AND SUNSET
MAY 27 2016...........SUNRISE   531 AM PDT   SUNSET   855 PM PDT
MAY 28 2016...........SUNRISE   530 AM PDT   SUNSET   856 PM PDT


-  INDICATES NEGATIVE NUMBERS.
R  INDICATES RECORD WAS SET OR TIED.
MM INDICATES DATA IS MISSING.
T  INDICATES TRACE AMOUNT.




$$
