000
CDUS42 KFFC 240023
CLIATL


CLIMATE REPORT
NATIONAL WEATHER SERVICE PEACHTREE CITY GA
823 PM EDT TUE SEP 23 2014


...................................

...THE ATLANTA CLIMATE SUMMARY FOR SEPTEMBER 23 2014...
VALID AS OF 0800 PM LOCAL TIME.

CLIMATE NORMAL PERIOD 1981 TO 2010
CLIMATE RECORD PERIOD 1878 TO 2014


WEATHER ITEM   OBSERVED TIME   RECORD YEAR NORMAL DEPARTURE LAST
                VALUE   (LST)  VALUE       VALUE  FROM      YEAR
                                                  NORMAL
..................................................................
TEMPERATURE (F)
 TODAY
  MAXIMUM         77    303 PM  94    1931  80     -3       82
  MINIMUM         62    710 AM  45    1982  62      0       60
  AVERAGE         70                        71     -1       71

PRECIPITATION (IN)
  TODAY            0.00          2.00 1889   0.15  -0.15     0.00
  MONTH TO DATE    0.66                      3.38  -2.72     2.24
  SINCE SEP 1      0.66                      3.38  -2.72     2.24
  SINCE JAN 1     34.63                     37.21  -2.58    53.28

SNOWFALL (IN)
  TODAY            0.0           0.0  2002   0.0    0.0      0.0
                                      2001
  MONTH TO DATE    0.0                       0.0    0.0      0.0
  SINCE SEP 1      0.0                       0.0    0.0      0.0
  SINCE JUL 1      0.0                       0.0    0.0      0.0
  SNOW DEPTH       0

DEGREE DAYS
 HEATING
  TODAY            0                         1     -1        0
  MONTH TO DATE    0                         3     -3        0
  SINCE SEP 1      0                         3     -3        0
  SINCE JUL 1      0                         3     -3        1

 COOLING
  TODAY            5                         7     -2        6
  MONTH TO DATE  293                       227     66      269
  SINCE SEP 1    293                       227     66      269
  SINCE JAN 1   1831                      1766     65     1651
..................................................................


WIND (MPH)
  RESULTANT WIND SPEED  12   RESULTANT WIND DIRECTION   E (70)
  HIGHEST WIND SPEED    22   HIGHEST WIND DIRECTION     E (70)
  HIGHEST GUST SPEED    25   HIGHEST GUST DIRECTION     E (80)
  AVERAGE WIND SPEED    12.3


SKY COVER
  AVERAGE SKY COVER 0.3


WEATHER CONDITIONS
 THE FOLLOWING WEATHER WAS RECORDED TODAY.
  NO SIGNIFICANT WEATHER WAS OBSERVED.


RELATIVE HUMIDITY (PERCENT)
 HIGHEST    78          1200 AM
 LOWEST     50           100 PM

..........................................................


THE ATLANTA CLIMATE NORMALS FOR TOMORROW
                         NORMAL    RECORD    YEAR
 MAXIMUM TEMPERATURE (F)   80        93      1980
 MINIMUM TEMPERATURE (F)   62        45      1990


SUNRISE AND SUNSET
SEPTEMBER 23 2014.....SUNRISE   726 AM EDT   SUNSET   733 PM EDT
SEPTEMBER 24 2014.....SUNRISE   727 AM EDT   SUNSET   732 PM EDT


-  INDICATES NEGATIVE NUMBERS.
R  INDICATES RECORD WAS SET OR TIED.
MM INDICATES DATA IS MISSING.
T  INDICATES TRACE AMOUNT.




$$
