000
CDUS42 KFFC 270835
CLIATL


CLIMATE REPORT
NATIONAL WEATHER SERVICE PEACHTREE CITY GA
434 AM EDT WED JUL 27 2016


...................................

...THE ATLANTA CLIMATE SUMMARY FOR JULY 26 2016...

CLIMATE NORMAL PERIOD 1981 TO 2010
CLIMATE RECORD PERIOD 1878 TO 2016


WEATHER ITEM   OBSERVED TIME   RECORD YEAR NORMAL DEPARTURE LAST
                VALUE   (LST)  VALUE       VALUE  FROM      YEAR
                                                  NORMAL
..................................................................
TEMPERATURE (F)
 YESTERDAY
  MAXIMUM         96    419 PM  98    2012  89      7       91
                                      1901
  MINIMUM         74    540 AM  59    1911  71      3       74
  AVERAGE         85                        80      5       83

PRECIPITATION (IN)
  YESTERDAY        0.00          1.97 1951   0.16  -0.16     0.00
  MONTH TO DATE    2.42                      4.53  -2.11     4.87
  SINCE JUN 1      5.68                      8.48  -2.80    11.78
  SINCE JAN 1     24.82                     29.19  -4.37    35.50

DEGREE DAYS
 HEATING
  YESTERDAY        0                         0      0        0
  MONTH TO DATE    0                         0      0        0
  SINCE JUN 1      0                         2     -2        0
  SINCE JUL 1      0                         0      0        0

 COOLING
  YESTERDAY       20                        15      5       18
  MONTH TO DATE  489                       390     99      421
  SINCE JUN 1    978                       761    217      867
  SINCE JAN 1   1307                      1011    296     1226
..................................................................


WIND (MPH)
  RESULTANT WIND SPEED   4   RESULTANT WIND DIRECTION   S (200)
  HIGHEST WIND SPEED    16   HIGHEST WIND DIRECTION    SW (220)
  HIGHEST GUST SPEED    20   HIGHEST GUST DIRECTION    SW (240)
  AVERAGE WIND SPEED     5.6


SKY COVER
  AVERAGE SKY COVER 0.2


WEATHER CONDITIONS
 THE FOLLOWING WEATHER WAS RECORDED YESTERDAY.
  NO SIGNIFICANT WEATHER WAS OBSERVED.


RELATIVE HUMIDITY (PERCENT)
 HIGHEST    94           200 AM
 LOWEST     28           400 PM
 AVERAGE    61

..........................................................


THE ATLANTA CLIMATE NORMALS FOR TODAY
                         NORMAL    RECORD    YEAR
 MAXIMUM TEMPERATURE (F)   89       101      1993
 MINIMUM TEMPERATURE (F)   71        61      1962


SUNRISE AND SUNSET
JULY 27 2016..........SUNRISE   647 AM EDT   SUNSET   841 PM EDT
JULY 28 2016..........SUNRISE   647 AM EDT   SUNSET   841 PM EDT


-  INDICATES NEGATIVE NUMBERS.
R  INDICATES RECORD WAS SET OR TIED.
MM INDICATES DATA IS MISSING.
T  INDICATES TRACE AMOUNT.




$$
