000
CDUS42 KFFC 250816
CLIATL


CLIMATE REPORT
NATIONAL WEATHER SERVICE PEACHTREE CITY GA
415 AM EDT TUE APR 25 2017


...................................

...THE ATLANTA CLIMATE SUMMARY FOR APRIL 24 2017...

CLIMATE NORMAL PERIOD 1981 TO 2010
CLIMATE RECORD PERIOD 1878 TO 2017


WEATHER ITEM   OBSERVED TIME   RECORD YEAR NORMAL DEPARTURE LAST
                VALUE   (LST)  VALUE       VALUE  FROM      YEAR
                                                  NORMAL
..................................................................
TEMPERATURE (F)
 YESTERDAY
  MAXIMUM         65    610 PM  93    1925  75    -10       79
  MINIMUM         52    706 AM  34    2005  54     -2       56
  AVERAGE         59                        64     -5       68

PRECIPITATION (IN)
  YESTERDAY        0.08          2.74 1945   0.11  -0.03     0.00
  MONTH TO DATE    5.74                      2.69   3.05     2.49
  SINCE MAR 1      8.42                      7.50   0.92     4.70
  SINCE JAN 1     18.47                     16.37   2.10    17.23

DEGREE DAYS
 HEATING
  YESTERDAY        6                         3      3        0
  MONTH TO DATE   47                       127    -80       95
  SINCE MAR 1    310                       469   -159      265
  SINCE JUL 1   1666                      2724  -1058     1980

 COOLING
  YESTERDAY        0                         2     -2        3
  MONTH TO DATE   90                        36     54       18
  SINCE MAR 1    135                        48     87       56
  SINCE JAN 1    140                        49     91       56
..................................................................


WIND (MPH)
  RESULTANT WIND SPEED   6   RESULTANT WIND DIRECTION   N (10)
  HIGHEST WIND SPEED    17   HIGHEST WIND DIRECTION    NE (60)
  HIGHEST GUST SPEED    20   HIGHEST GUST DIRECTION    NE (60)
  AVERAGE WIND SPEED     9.0


SKY COVER
  AVERAGE SKY COVER 0.9


WEATHER CONDITIONS
 THE FOLLOWING WEATHER WAS RECORDED YESTERDAY.
  LIGHT RAIN
  FOG


RELATIVE HUMIDITY (PERCENT)
 HIGHEST   100           100 AM
 LOWEST     78           400 PM
 AVERAGE    89

..........................................................


THE ATLANTA CLIMATE NORMALS FOR TODAY
                         NORMAL    RECORD    YEAR
 MAXIMUM TEMPERATURE (F)   75        88      1989
                                             1896
 MINIMUM TEMPERATURE (F)   54        32      1910


SUNRISE AND SUNSET
APRIL 25 2017.........SUNRISE   655 AM EDT   SUNSET   817 PM EDT
APRIL 26 2017.........SUNRISE   654 AM EDT   SUNSET   817 PM EDT


-  INDICATES NEGATIVE NUMBERS.
R  INDICATES RECORD WAS SET OR TIED.
MM INDICATES DATA IS MISSING.
T  INDICATES TRACE AMOUNT.




$$
