000
CDUS42 KFFC 270022
CLIATL


CLIMATE REPORT
NATIONAL WEATHER SERVICE PEACHTREE CITY GA
822 PM EDT SUN MAR 26 2017


...................................

...THE ATLANTA CLIMATE SUMMARY FOR MARCH 26 2017...
VALID AS OF 0800 PM LOCAL TIME.

CLIMATE NORMAL PERIOD 1981 TO 2010
CLIMATE RECORD PERIOD 1878 TO 2017


WEATHER ITEM   OBSERVED TIME   RECORD YEAR NORMAL DEPARTURE LAST
                VALUE   (LST)  VALUE       VALUE  FROM      YEAR
                                                  NORMAL
..................................................................
TEMPERATURE (F)
 TODAY
  MAXIMUM         79    329 PM  85    1991  67     12       67
  MINIMUM         58    655 AM  20    1894  46     12       56
  AVERAGE         69                        57     12       62

PRECIPITATION (IN)
  TODAY            0.34          2.25 1901   0.15   0.19     0.02
  MONTH TO DATE    2.28                      4.09  -1.81     1.89
  SINCE MAR 1      2.28                      4.09  -1.81     1.89
  SINCE JAN 1     12.33                     12.96  -0.63    14.42

SNOWFALL (IN)
  TODAY            0.0           T    2013   0.0    0.0      0.0
  MONTH TO DATE    T                         0.7   -0.7       T
  SINCE MAR 1      T                         0.7   -0.7       T
  SINCE JUL 1      T                         2.8   -2.8      0.3
  SNOW DEPTH       0

DEGREE DAYS
 HEATING
  TODAY            0                         9     -9        3
  MONTH TO DATE  263                       302    -39      156
  SINCE MAR 1    263                       302    -39      156
  SINCE JUL 1   1619                      2557   -938     1871

 COOLING
  TODAY            4                         1      3        0
  MONTH TO DATE   18                         2     16       35
  SINCE MAR 1     18                         2     16       35
  SINCE JAN 1     23                         3     20       35
..................................................................


WIND (MPH)
  RESULTANT WIND SPEED   9   RESULTANT WIND DIRECTION   S (190)
  HIGHEST WIND SPEED    18   HIGHEST WIND DIRECTION     S (200)
  HIGHEST GUST SPEED    26   HIGHEST GUST DIRECTION     W (250)
  AVERAGE WIND SPEED    10.1


SKY COVER
  AVERAGE SKY COVER 0.5


WEATHER CONDITIONS
 THE FOLLOWING WEATHER WAS RECORDED TODAY.
  HEAVY RAIN
  RAIN
  LIGHT RAIN
  FOG


RELATIVE HUMIDITY (PERCENT)
 HIGHEST   100           700 AM
 LOWEST     42           400 PM

..........................................................


THE ATLANTA CLIMATE NORMALS FOR TOMORROW
                         NORMAL    RECORD    YEAR
 MAXIMUM TEMPERATURE (F)   68        86      1994
 MINIMUM TEMPERATURE (F)   47        16      1955


SUNRISE AND SUNSET
MARCH 26 2017.........SUNRISE   733 AM EDT   SUNSET   754 PM EDT
MARCH 27 2017.........SUNRISE   732 AM EDT   SUNSET   755 PM EDT


-  INDICATES NEGATIVE NUMBERS.
R  INDICATES RECORD WAS SET OR TIED.
MM INDICATES DATA IS MISSING.
T  INDICATES TRACE AMOUNT.




$$
