000
CDUS42 KFFC 230820
CLIATL


CLIMATE REPORT
NATIONAL WEATHER SERVICE PEACHTREE CITY GA
419 AM EDT WED APR 23 2014


...................................

...THE ATLANTA CLIMATE SUMMARY FOR APRIL 22 2014...

CLIMATE NORMAL PERIOD 1981 TO 2010
CLIMATE RECORD PERIOD 1878 TO 2014


WEATHER ITEM   OBSERVED TIME   RECORD YEAR NORMAL DEPARTURE LAST
                VALUE   (LST)  VALUE       VALUE  FROM      YEAR
                                                  NORMAL
..................................................................
TEMPERATURE (F)
 YESTERDAY
  MAXIMUM         72   1033 AM  89    1987  74     -2       69
  MINIMUM         59    251 AM  31    1978  53      6       50
  AVERAGE         66                        64      2       60

PRECIPITATION (IN)
  YESTERDAY        0.04          2.11 1882   0.11  -0.07     0.00
  MONTH TO DATE    5.37                      2.46   2.91     3.76
  SINCE MAR 1      8.49                      7.27   1.22     8.34
  SINCE JAN 1     15.65                     16.14  -0.49    20.74

DEGREE DAYS
 HEATING
  YESTERDAY        0                         4     -4        5
  MONTH TO DATE  114                       121     -7      107
  SINCE MAR 1    494                       463     31      592
  SINCE JUL 1   2897                      2718    179     2447

 COOLING
  YESTERDAY        1                         2     -1        0
  MONTH TO DATE   21                        32    -11       39
  SINCE MAR 1     21                        44    -23       39
  SINCE JAN 1     23                        45    -22       44
..................................................................


WIND (MPH)
  RESULTANT WIND SPEED   7   RESULTANT WIND DIRECTION   W (280)
  HIGHEST WIND SPEED    16   HIGHEST WIND DIRECTION    NW (300)
  HIGHEST GUST SPEED    21   HIGHEST GUST DIRECTION    NW (310)
  AVERAGE WIND SPEED     7.7


SKY COVER
  AVERAGE SKY COVER 0.6


WEATHER CONDITIONS
 THE FOLLOWING WEATHER WAS RECORDED YESTERDAY.
  LIGHT RAIN
  FOG


RELATIVE HUMIDITY (PERCENT)
 HIGHEST    90           900 PM
 LOWEST     52          1200 AM
 AVERAGE    71

..........................................................


THE ATLANTA CLIMATE NORMALS FOR TODAY
                         NORMAL    RECORD    YEAR
 MAXIMUM TEMPERATURE (F)   74        91      1980
 MINIMUM TEMPERATURE (F)   54        32      1986


SUNRISE AND SUNSET
APRIL 23 2014.........SUNRISE   658 AM EDT   SUNSET   815 PM EDT
APRIL 24 2014.........SUNRISE   657 AM EDT   SUNSET   816 PM EDT


-  INDICATES NEGATIVE NUMBERS.
R  INDICATES RECORD WAS SET OR TIED.
MM INDICATES DATA IS MISSING.
T  INDICATES TRACE AMOUNT.




$$
