000
CDUS42 KFFC 192134
CLIATL


CLIMATE REPORT
NATIONAL WEATHER SERVICE PEACHTREE CITY GA
434 PM EST FRI DEC 19 2014


...................................

...THE ATLANTA CLIMATE SUMMARY FOR DECEMBER 19 2014...
VALID TODAY AS OF 0400 PM LOCAL TIME.

CLIMATE NORMAL PERIOD 1981 TO 2010
CLIMATE RECORD PERIOD 1878 TO 2014


WEATHER ITEM   OBSERVED TIME   RECORD YEAR NORMAL DEPARTURE LAST
                VALUE   (LST)  VALUE       VALUE  FROM      YEAR
                                                  NORMAL
..................................................................
TEMPERATURE (F)
 TODAY
  MAXIMUM         55    250 PM  74    1984  53      2       63
  MINIMUM         38    838 AM  11    1981  36      2       33
                                      1963
                                      1884
  AVERAGE         47                        44      3       48

PRECIPITATION (IN)
  TODAY            0.00          1.52 1967   0.12  -0.12     0.00
  MONTH TO DATE    0.52                      2.46  -1.94     2.99
  SINCE DEC 1      0.52                      2.46  -1.94     2.99
  SINCE JAN 1     42.63                     48.27  -5.64    61.21

SNOWFALL (IN)
  TODAY            0.0           T    2007   0.0    0.0      0.0
  MONTH TO DATE    0.0                       0.1   -0.1      0.0
  SINCE DEC 1      0.0                       0.1   -0.1      0.0
  SINCE JUL 1      0.0                       0.1   -0.1      0.4
  SNOW DEPTH       0

DEGREE DAYS
 HEATING
  TODAY           18                        21     -3       17
  MONTH TO DATE  268                       356    -88      297
  SINCE DEC 1    268                       356    -88      297
  SINCE JUL 1    815                       824     -9      824

 COOLING
  TODAY            0                         0      0        0
  MONTH TO DATE    0                         0      0        7
  SINCE DEC 1      0                         0      0        7
  SINCE JAN 1   1986                      1882    104     1762
..................................................................


WIND (MPH)
  HIGHEST WIND SPEED    12   HIGHEST WIND DIRECTION    NW (310)
  HIGHEST GUST SPEED    14   HIGHEST GUST DIRECTION    NW (330)
  AVERAGE WIND SPEED     6.2


SKY COVER
  POSSIBLE SUNSHINE  MM
  AVERAGE SKY COVER 0.7


WEATHER CONDITIONS
 THE FOLLOWING WEATHER WAS RECORDED TODAY.
  NO SIGNIFICANT WEATHER WAS OBSERVED.


RELATIVE HUMIDITY (PERCENT)
 HIGHEST    82           500 AM
 LOWEST     46           200 PM
 AVERAGE    64

..........................................................


THE ATLANTA CLIMATE NORMALS FOR TOMORROW
                         NORMAL    RECORD    YEAR
 MAXIMUM TEMPERATURE (F)   53        72      1984
                                             1978
                                             1967
 MINIMUM TEMPERATURE (F)   36         9      1981


SUNRISE AND SUNSET
DECEMBER 19 2014......SUNRISE   737 AM EST   SUNSET   533 PM EST
DECEMBER 20 2014......SUNRISE   738 AM EST   SUNSET   533 PM EST


-  INDICATES NEGATIVE NUMBERS.
R  INDICATES RECORD WAS SET OR TIED.
MM INDICATES DATA IS MISSING.
T  INDICATES TRACE AMOUNT.




$$
