000
CDUS44 KEWX 300803
CLIATT


CLIMATE REPORT
NATIONAL WEATHER SERVICE AUSTIN/SAN ANTONIO, TX
202 AM CST FRI JAN 30 2015


...................................

...THE AUSTIN CAMP MABRY CLIMATE SUMMARY FOR JANUARY 29 2015...

CLIMATE NORMAL PERIOD 1981 TO 2010
CLIMATE RECORD PERIOD 1897 TO 2015


WEATHER ITEM   OBSERVED TIME   RECORD YEAR NORMAL DEPARTURE LAST
                VALUE   (LST)  VALUE       VALUE  FROM      YEAR
                                                  NORMAL
..................................................................
TEMPERATURE (F)
 YESTERDAY
  MAXIMUM         79    355 PM  86    1917  63     16       49
  MINIMUM         52    510 AM  16    1951  42     10       27
  AVERAGE         66                        52     14

PRECIPITATION (IN)
  YESTERDAY        T             2.18 1933   0.07  -0.07     0.00
  MONTH TO DATE    4.71                      2.09   2.62     0.45
  SINCE DEC 1      5.77                      4.49   1.28     1.17
  SINCE JAN 1      4.71                      2.09   2.62     0.45

SNOWFALL (IN)
  YESTERDAY        0.0
  MONTH TO DATE    T
  SINCE DEC 1      T
  SINCE JUL 1      T
  SNOW DEPTH       0

DEGREE DAYS
 HEATING
  YESTERDAY        0                        13    -13       27
  MONTH TO DATE  480                       399     81      424
  SINCE DEC 1    789                       799    -10      892
  SINCE JUL 1   1079                      1011     68     1166

 COOLING
  YESTERDAY        1                         0      1        0
  MONTH TO DATE    3                         0      3        0
  SINCE DEC 1     12                        13     -1       15
  SINCE JAN 1      3                         0      3        0
..................................................................


WIND (MPH)
  HIGHEST WIND SPEED    16   HIGHEST WIND DIRECTION     N (20)
  HIGHEST GUST SPEED    25   HIGHEST GUST DIRECTION     N (20)
  AVERAGE WIND SPEED     4.4


SKY COVER
  AVERAGE SKY COVER 0.2


WEATHER CONDITIONS
 THE FOLLOWING WEATHER WAS RECORDED YESTERDAY.
  LIGHT RAIN
  FOG


RELATIVE HUMIDITY (PERCENT)
 HIGHEST   100           700 AM
 LOWEST     35           400 PM
 AVERAGE    68

..........................................................


THE AUSTIN CAMP MABRY CLIMATE NORMALS FOR TODAY
                         NORMAL    RECORD    YEAR
 MAXIMUM TEMPERATURE (F)   63        90      1971
 MINIMUM TEMPERATURE (F)   42         4      1949


SUNRISE AND SUNSET
JANUARY 30 2015.......SUNRISE   723 AM CST   SUNSET   606 PM CST
JANUARY 31 2015.......SUNRISE   722 AM CST   SUNSET   607 PM CST


-  INDICATES NEGATIVE NUMBERS.
R  INDICATES RECORD WAS SET OR TIED.
MM INDICATES DATA IS MISSING.
T  INDICATES TRACE AMOUNT.




$$
