000
CDUS44 KEWX 042352
CLIATT


CLIMATE REPORT
NATIONAL WEATHER SERVICE AUSTIN/SAN ANTONIO, TX
551 PM CST SUN DEC 4 2016


...................................

...THE AUSTIN CAMP MABRY CLIMATE SUMMARY FOR DECEMBER 4 2016...
VALID TODAY AS OF 550 PM LOCAL TIME.

CLIMATE NORMAL PERIOD 1981 TO 2010
CLIMATE RECORD PERIOD 1897 TO 2016


WEATHER ITEM   OBSERVED TIME   RECORD YEAR NORMAL DEPARTURE LAST
                VALUE   (LST)  VALUE       VALUE  FROM      YEAR
                                                  NORMAL
..................................................................
TEMPERATURE (F)
 TODAY
  MAXIMUM         53    313 PM  84    1977  65    -12       63
                                      1954
  MINIMUM         50   1122 AM  23    1898  44      6       37
  AVERAGE         52                        55     -3       50

PRECIPITATION (IN)
  TODAY            0.15          4.32 1913   0.07   0.08     0.00
  MONTH TO DATE    1.66                      0.30   1.36     0.00
  SINCE DEC 1      1.66                      0.30   1.36     0.00
  SINCE JAN 1     37.97                     32.22   5.75    56.96

SNOWFALL (IN)
  TODAY            0.0
  MONTH TO DATE    0.0
  SINCE DEC 1      0.0
  SINCE JUL 1      0.0
  SNOW DEPTH       0

DEGREE DAYS
 HEATING
  TODAY           13                        11      2       15
  MONTH TO DATE   46                        43      3       50
  SINCE DEC 1     46                        43      3       50
  SINCE JUL 1    106                       255   -149      210

 COOLING
  TODAY            0                         1     -1        0
  MONTH TO DATE    0                         4     -4        0
  SINCE DEC 1      0                         4     -4        0
  SINCE JAN 1   3450                      3130    320     3364
..................................................................


WIND (MPH)
  HIGHEST WIND SPEED    13   HIGHEST WIND DIRECTION     N (360)
  HIGHEST GUST SPEED    19   HIGHEST GUST DIRECTION    NE (40)
  AVERAGE WIND SPEED     5.7


SKY COVER
  AVERAGE SKY COVER 1.0


WEATHER CONDITIONS
 THE FOLLOWING WEATHER WAS RECORDED TODAY.
  RAIN
  LIGHT RAIN
  FOG


RELATIVE HUMIDITY (PERCENT)
 HIGHEST    93          1200 AM
 LOWEST     83           300 PM
 AVERAGE    88

..........................................................


THE AUSTIN CAMP MABRY CLIMATE NORMALS FOR TOMORROW
                         NORMAL    RECORD    YEAR
 MAXIMUM TEMPERATURE (F)   65        84      1995
 MINIMUM TEMPERATURE (F)   44        24      1950


SUNRISE AND SUNSET
DECEMBER  4 2016......SUNRISE   712 AM CST   SUNSET   530 PM CST
DECEMBER  5 2016......SUNRISE   713 AM CST   SUNSET   530 PM CST


-  INDICATES NEGATIVE NUMBERS.
R  INDICATES RECORD WAS SET OR TIED.
MM INDICATES DATA IS MISSING.
T  INDICATES TRACE AMOUNT.




$$
