000
CDUS43 KABR 222333
CLIATY


CLIMATE REPORT
NATIONAL WEATHER SERVICE ABERDEEN SD
533 PM CST WED NOV 22 2017


...................................

...THE WATERTOWN SD CLIMATE SUMMARY FOR NOVEMBER 22 2017...
VALID TODAY AS OF 0500 PM LOCAL TIME.

CLIMATE NORMAL PERIOD 1981 TO 2010
CLIMATE RECORD PERIOD 1898 TO 2017


WEATHER ITEM   OBSERVED TIME   RECORD YEAR NORMAL DEPARTURE LAST
                VALUE   (LST)  VALUE       VALUE  FROM      YEAR
                                                  NORMAL
..................................................................
TEMPERATURE (F)
 TODAY
  MAXIMUM         36    335 PM  61    2006  35      1       35
                                      1974
  MINIMUM          8    400 AM -10    1898  17     -9       31
  AVERAGE         22                        26     -4       33

PRECIPITATION (IN)
  TODAY            0.00          0.51 1963   0.02  -0.02     0.01
  MONTH TO DATE    0.08                      0.59  -0.51     0.51
  SINCE SEP 1      7.66                      5.15   2.51     4.78
  SINCE JAN 1     22.87                     21.38   1.49    21.42

SNOWFALL (IN)
  TODAY            0.0
  MONTH TO DATE    1.9
  SINCE OCT 1      1.9
  SINCE JUL 1      1.9
  SNOW DEPTH       0

DEGREE DAYS
 HEATING
  TODAY           43                        39      4       32
  MONTH TO DATE  797                       723     74      493
  SINCE SEP 1   1522                      1550    -28     1084
  SINCE JUL 1   1550                      1607    -57     1110

 COOLING
  TODAY            0                         0      0        0
  MONTH TO DATE    0                         0      0        0
  SINCE SEP 1     65                        41     24       36
  SINCE JAN 1    440                       515    -75      721
..................................................................


WIND (MPH)
  HIGHEST WIND SPEED    26   HIGHEST WIND DIRECTION     S (200)
  HIGHEST GUST SPEED    32   HIGHEST GUST DIRECTION     S (200)
  AVERAGE WIND SPEED    11.5


SKY COVER
  POSSIBLE SUNSHINE  MM
  AVERAGE SKY COVER 0.2


WEATHER CONDITIONS
 THE FOLLOWING WEATHER WAS RECORDED TODAY.
  NO SIGNIFICANT WEATHER WAS OBSERVED.


RELATIVE HUMIDITY (PERCENT)
 HIGHEST    92           600 AM
 LOWEST     44           100 PM
 AVERAGE    68

..........................................................


THE WATERTOWN SD CLIMATE NORMALS FOR TOMORROW
                         NORMAL    RECORD    YEAR
 MAXIMUM TEMPERATURE (F)   34        54      1912
 MINIMUM TEMPERATURE (F)   16       -15      1898


SUNRISE AND SUNSET
NOVEMBER 22 2017......SUNRISE   736 AM CST   SUNSET   454 PM CST
NOVEMBER 23 2017......SUNRISE   737 AM CST   SUNSET   453 PM CST


-  INDICATES NEGATIVE NUMBERS.
R  INDICATES RECORD WAS SET OR TIED.
MM INDICATES DATA IS MISSING.
T  INDICATES TRACE AMOUNT.




$$
