907
CDUS43 KABR 250911
CLIATY


CLIMATE REPORT
NATIONAL WEATHER SERVICE ABERDEEN SD
411 AM CDT WED MAY 25 2016


...................................

...THE WATERTOWN SD CLIMATE SUMMARY FOR MAY 24 2016...

CLIMATE NORMAL PERIOD 1981 TO 2010
CLIMATE RECORD PERIOD 1898 TO 2016


WEATHER ITEM   OBSERVED TIME   RECORD YEAR NORMAL DEPARTURE LAST
                VALUE   (LST)  VALUE       VALUE  FROM      YEAR
                                                  NORMAL
..................................................................
TEMPERATURE (F)
 YESTERDAY
  MAXIMUM         84    542 PM  95    1926  70     14       60
  MINIMUM         53    425 AM  25    2002  48      5       54
  AVERAGE         69                        59     10       57

PRECIPITATION (IN)
  YESTERDAY        0.00          1.62 1973   0.09  -0.09     0.82
  MONTH TO DATE    1.01                      1.98  -0.97     3.49
  SINCE MAR 1      3.53                      5.11  -1.58     4.23
  SINCE JAN 1      4.56                      6.19  -1.63     4.88

DEGREE DAYS
 HEATING
  YESTERDAY        0                         7     -7        8
  MONTH TO DATE  209                       251    -42      263
  SINCE MAR 1   1560                      1991   -431     1745
  SINCE JUL 1   6879                      8402  -1523     8137

 COOLING
  YESTERDAY        4                         1      3        0
  MONTH TO DATE   17                        13      4        0
  SINCE MAR 1     17                        15      2        0
  SINCE JAN 1     17                        15      2        0
..................................................................


WIND (MPH)
  HIGHEST WIND SPEED    15   HIGHEST WIND DIRECTION     W (250)
  HIGHEST GUST SPEED    18   HIGHEST GUST DIRECTION    SW (240)
  AVERAGE WIND SPEED     4.9


SKY COVER
  POSSIBLE SUNSHINE  MM
  AVERAGE SKY COVER 0.0


WEATHER CONDITIONS
 THE FOLLOWING WEATHER WAS RECORDED YESTERDAY.
  FOG


RELATIVE HUMIDITY (PERCENT)
 HIGHEST    93           300 AM
 LOWEST     24           500 PM
 AVERAGE    59

..........................................................


THE WATERTOWN SD CLIMATE NORMALS FOR TODAY
                         NORMAL    RECORD    YEAR
 MAXIMUM TEMPERATURE (F)   70        92      1926
 MINIMUM TEMPERATURE (F)   48        28      1925


SUNRISE AND SUNSET
MAY 25 2016...........SUNRISE   550 AM CDT   SUNSET   902 PM CDT
MAY 26 2016...........SUNRISE   549 AM CDT   SUNSET   903 PM CDT


-  INDICATES NEGATIVE NUMBERS.
R  INDICATES RECORD WAS SET OR TIED.
MM INDICATES DATA IS MISSING.
T  INDICATES TRACE AMOUNT.




$$
