000
CDUS43 KABR 212233
CLIATY


CLIMATE REPORT
NATIONAL WEATHER SERVICE ABERDEEN SD
532 PM CDT FRI JUL 21 2017


...................................

...THE WATERTOWN SD CLIMATE SUMMARY FOR JULY 21 2017...
VALID TODAY AS OF 0500 PM LOCAL TIME.

CLIMATE NORMAL PERIOD 1981 TO 2010
CLIMATE RECORD PERIOD 1898 TO 2017


WEATHER ITEM   OBSERVED TIME   RECORD YEAR NORMAL DEPARTURE LAST
                VALUE   (LST)  VALUE       VALUE  FROM      YEAR
                                                  NORMAL
..................................................................
TEMPERATURE (F)
 TODAY
  MAXIMUM         88    359 PM 110    1934  83      5       95
  MINIMUM         69    417 AM  40    1911  60      9       75
  AVERAGE         79                        71      8       85

PRECIPITATION (IN)
  TODAY            0.00          0.85 1939   0.10  -0.10     0.00
  MONTH TO DATE    1.75                      2.08  -0.33     1.49
  SINCE JUN 1      5.49                      5.66  -0.17     3.02
  SINCE JAN 1     10.44                     12.51  -2.07     8.67

SNOWFALL (IN)
  TODAY            0.0
  MONTH TO DATE    0.0
  SINCE OCT 1     40.7
  SINCE JUL 1      0.0
  SNOW DEPTH       0

DEGREE DAYS
 HEATING
  TODAY            0                         0      0        0
  MONTH TO DATE    1                         8     -7       12
  SINCE JUN 1     49                        86    -37       37
  SINCE JUL 1      1                         8     -7       12

 COOLING
  TODAY           14                         7      7       20
  MONTH TO DATE  158                       140     18      149
  SINCE JUN 1    263                       236     27      348
  SINCE JAN 1    274                       258     16      372
..................................................................


WIND (MPH)
  HIGHEST WIND SPEED    18   HIGHEST WIND DIRECTION     S (190)
  HIGHEST GUST SPEED    26   HIGHEST GUST DIRECTION     S (190)
  AVERAGE WIND SPEED     7.2


SKY COVER
  POSSIBLE SUNSHINE  MM
  AVERAGE SKY COVER 0.1


WEATHER CONDITIONS
 THE FOLLOWING WEATHER WAS RECORDED TODAY.
  NO SIGNIFICANT WEATHER WAS OBSERVED.


RELATIVE HUMIDITY (PERCENT)
 HIGHEST   100           300 AM
 LOWEST     55           200 PM
 AVERAGE    78

..........................................................


THE WATERTOWN SD CLIMATE NORMALS FOR TOMORROW
                         NORMAL    RECORD    YEAR
 MAXIMUM TEMPERATURE (F)   83       106      1934
 MINIMUM TEMPERATURE (F)   60        39      1925


SUNRISE AND SUNSET
JULY 21 2017..........SUNRISE   603 AM CDT   SUNSET   907 PM CDT
JULY 22 2017..........SUNRISE   604 AM CDT   SUNSET   906 PM CDT


-  INDICATES NEGATIVE NUMBERS.
R  INDICATES RECORD WAS SET OR TIED.
MM INDICATES DATA IS MISSING.
T  INDICATES TRACE AMOUNT.




$$
