373
CDUS43 KABR 232236
CLIATY


CLIMATE REPORT
NATIONAL WEATHER SERVICE ABERDEEN SD
535 PM CDT SUN APR 23 2017


...................................

...THE WATERTOWN SD CLIMATE SUMMARY FOR APRIL 23 2017...
VALID TODAY AS OF 0500 PM LOCAL TIME.

CLIMATE NORMAL PERIOD 1981 TO 2010
CLIMATE RECORD PERIOD 1898 TO 2017


WEATHER ITEM   OBSERVED TIME   RECORD YEAR NORMAL DEPARTURE LAST
                VALUE   (LST)  VALUE       VALUE  FROM      YEAR
                                                  NORMAL
..................................................................
TEMPERATURE (F)
 TODAY
  MAXIMUM         69    359 PM  89    1939  60      9       77
  MINIMUM         33    557 AM  11    2013  35     -2       45
  AVERAGE         51                        48      3       61

PRECIPITATION (IN)
  TODAY            0.00          1.65 1932   0.07  -0.07     0.00
  MONTH TO DATE    1.70                      1.44   0.26     1.34
  SINCE MAR 1      2.03                      2.55  -0.52     1.60
  SINCE JAN 1      2.81                      3.63  -0.82     2.63

SNOWFALL (IN)
  TODAY            0.0
  MONTH TO DATE    0.0
  SINCE OCT 1     39.1
  SINCE JUL 1     39.1
  SNOW DEPTH       0

DEGREE DAYS
 HEATING
  TODAY           14                        18     -4        4
  MONTH TO DATE  440                       524    -84      427
  SINCE MAR 1   1517                      1628   -111     1223
  SINCE JUL 1   7118                      8039   -921     6542

 COOLING
  TODAY            0                         0      0        0
  MONTH TO DATE    0                         0      0        0
  SINCE MAR 1      0                         0      0        0
  SINCE JAN 1      0                         0      0        0
..................................................................


WIND (MPH)
  HIGHEST WIND SPEED    26   HIGHEST WIND DIRECTION     S (200)
  HIGHEST GUST SPEED    31   HIGHEST GUST DIRECTION    SW (210)
  AVERAGE WIND SPEED    10.6


SKY COVER
  POSSIBLE SUNSHINE  MM
  AVERAGE SKY COVER 0.0


WEATHER CONDITIONS
 THE FOLLOWING WEATHER WAS RECORDED TODAY.
  NO SIGNIFICANT WEATHER WAS OBSERVED.


RELATIVE HUMIDITY (PERCENT)
 HIGHEST    92           500 AM
 LOWEST     26           300 PM
 AVERAGE    59

..........................................................


THE WATERTOWN SD CLIMATE NORMALS FOR TOMORROW
                         NORMAL    RECORD    YEAR
 MAXIMUM TEMPERATURE (F)   60        87      1962
 MINIMUM TEMPERATURE (F)   36        18      1934


SUNRISE AND SUNSET
APRIL 23 2017.........SUNRISE   630 AM CDT   SUNSET   824 PM CDT
APRIL 24 2017.........SUNRISE   628 AM CDT   SUNSET   826 PM CDT


-  INDICATES NEGATIVE NUMBERS.
R  INDICATES RECORD WAS SET OR TIED.
MM INDICATES DATA IS MISSING.
T  INDICATES TRACE AMOUNT.




$$
