000
CDUS43 KABR 240914
CLIATY


CLIMATE REPORT
NATIONAL WEATHER SERVICE ABERDEEN SD
413 AM CDT SUN MAY 24 2015


...................................

...THE WATERTOWN SD CLIMATE SUMMARY FOR MAY 23 2015...

CLIMATE NORMAL PERIOD 1981 TO 2010
CLIMATE RECORD PERIOD 1898 TO 2015


WEATHER ITEM   OBSERVED TIME   RECORD YEAR NORMAL DEPARTURE LAST
                VALUE   (LST)  VALUE       VALUE  FROM      YEAR
                                                  NORMAL
..................................................................
TEMPERATURE (F)
 YESTERDAY
  MAXIMUM         67   1258 PM  92    1950  69     -2       81
  MINIMUM         46    217 AM  30    1917  47     -1       55
  AVERAGE         57                        58     -1       68

PRECIPITATION (IN)
  YESTERDAY        T             1.75 1965   0.09  -0.09     0.00
  MONTH TO DATE    2.67                      1.89   0.78     1.31
  SINCE MAR 1      3.41                      5.02  -1.61     3.87
  SINCE JAN 1      4.06                      6.10  -2.04     4.30

DEGREE DAYS
 HEATING
  YESTERDAY        8                         7      1        0
  MONTH TO DATE  255                       244     11      330
  SINCE MAR 1   1737                      1984   -247     2307
  SINCE JUL 1   8129                      8395   -266     9273

 COOLING
  YESTERDAY        0                         1     -1        3
  MONTH TO DATE    0                        12    -12        3
  SINCE MAR 1      0                        14    -14        3
  SINCE JAN 1      0                        14    -14        3
..................................................................


WIND (MPH)
  HIGHEST WIND SPEED    20   HIGHEST WIND DIRECTION     S (160)
  HIGHEST GUST SPEED    25   HIGHEST GUST DIRECTION     S (160)
  AVERAGE WIND SPEED     7.9


SKY COVER
  POSSIBLE SUNSHINE  MM
  AVERAGE SKY COVER 0.7


WEATHER CONDITIONS
 THE FOLLOWING WEATHER WAS RECORDED YESTERDAY.
  NO SIGNIFICANT WEATHER WAS OBSERVED.


RELATIVE HUMIDITY (PERCENT)
 HIGHEST    80           300 AM
 LOWEST     45           100 PM
 AVERAGE    63

..........................................................


THE WATERTOWN SD CLIMATE NORMALS FOR TODAY
                         NORMAL    RECORD    YEAR
 MAXIMUM TEMPERATURE (F)   70        95      1926
 MINIMUM TEMPERATURE (F)   48        25      2002


SUNRISE AND SUNSET
MAY 24 2015...........SUNRISE   551 AM CDT   SUNSET   900 PM CDT
MAY 25 2015...........SUNRISE   550 AM CDT   SUNSET   901 PM CDT


-  INDICATES NEGATIVE NUMBERS.
R  INDICATES RECORD WAS SET OR TIED.
MM INDICATES DATA IS MISSING.
T  INDICATES TRACE AMOUNT.




$$
