000
CDUS43 KABR 012229
CLIATY


CLIMATE REPORT
NATIONAL WEATHER SERVICE ABERDEEN SD
528 PM CDT WED OCT 1 2014


...................................

...THE WATERTOWN SD CLIMATE SUMMARY FOR OCTOBER 1 2014...
VALID TODAY AS OF 0500 PM LOCAL TIME.

CLIMATE NORMAL PERIOD 1981 TO 2010
CLIMATE RECORD PERIOD 1898 TO 2014


WEATHER ITEM   OBSERVED TIME   RECORD YEAR NORMAL DEPARTURE LAST
                VALUE   (LST)  VALUE       VALUE  FROM      YEAR
                                                  NORMAL
..................................................................
TEMPERATURE (F)
 TODAY
  MAXIMUM         71    320 PM  91    1951  64      7       70
  MINIMUM         59    546 AM  20    2003  40     19       46
  AVERAGE         65                        52     13       58

PRECIPITATION (IN)
  TODAY            0.00          1.47 2009   0.08  -0.08     0.00
  MONTH TO DATE    0.00                      0.08  -0.08     0.00
  SINCE SEP 1      0.84                      2.72  -1.88     3.12
  SINCE JAN 1     14.46                     18.95  -4.49    19.94

SNOWFALL (IN)
  TODAY            0.0
  MONTH TO DATE    0.0
  SINCE OCT 1      0.0
  SINCE JUL 1      0.0
  SNOW DEPTH       0

DEGREE DAYS
 HEATING
  TODAY            0                        13    -13        7
  MONTH TO DATE    0                        13    -13        7
  SINCE SEP 1    191                       232    -41       92
  SINCE JUL 1    245                       289    -44      143

 COOLING
  TODAY            0                         0      0        0
  MONTH TO DATE    0                         0      0        0
  SINCE SEP 1     36                        39     -3      104
  SINCE JAN 1    369                       513   -144      618
..................................................................


WIND (MPH)
  HIGHEST WIND SPEED    18   HIGHEST WIND DIRECTION     W (270)
  HIGHEST GUST SPEED    26   HIGHEST GUST DIRECTION     S (190)
  AVERAGE WIND SPEED    11.6


SKY COVER
  POSSIBLE SUNSHINE  MM
  AVERAGE SKY COVER 0.5


WEATHER CONDITIONS
 THE FOLLOWING WEATHER WAS RECORDED TODAY.
  FOG


RELATIVE HUMIDITY (PERCENT)
 HIGHEST    97          1200 AM
 LOWEST     44           300 PM
 AVERAGE    71

..........................................................


THE WATERTOWN SD CLIMATE NORMALS FOR TOMORROW
                         NORMAL    RECORD    YEAR
 MAXIMUM TEMPERATURE (F)   63        89      1997
 MINIMUM TEMPERATURE (F)   40        18      1974


SUNRISE AND SUNSET
OCTOBER  1 2014.......SUNRISE   727 AM CDT   SUNSET   709 PM CDT
OCTOBER  2 2014.......SUNRISE   728 AM CDT   SUNSET   707 PM CDT


-  INDICATES NEGATIVE NUMBERS.
R  INDICATES RECORD WAS SET OR TIED.
MM INDICATES DATA IS MISSING.
T  INDICATES TRACE AMOUNT.




$$
