000
CDUS41 KGYX 240937
CLIAUG


CLIMATE REPORT
NATIONAL WEATHER SERVICE GRAY ME
436 AM EST FRI FEB 24 2017


...................................

...THE AUGUSTA CLIMATE SUMMARY FOR FEBRUARY 23 2017...

CLIMATE NORMAL PERIOD 1981 TO 2010
CLIMATE RECORD PERIOD 1948 TO 2017


WEATHER ITEM   OBSERVED TIME   RECORD YEAR NORMAL DEPARTURE LAST
                VALUE   (LST)  VALUE       VALUE  FROM      YEAR
                                                  NORMAL
..................................................................
TEMPERATURE (F)
 YESTERDAY
  MAXIMUM         52    256 PM  59    1990  34     18       30
  MINIMUM         26    545 AM -10    1972  17      9        9
  AVERAGE         39                        25     14       20

PRECIPITATION (IN)
  YESTERDAY        0.00          1.17 1967   0.09  -0.09     0.00
  MONTH TO DATE    3.25                      1.95   1.30     2.05
  SINCE DEC 1      9.96                      7.80   2.16     8.42
  SINCE JAN 1      5.99                      4.56   1.43     4.45

DEGREE DAYS
 HEATING
  YESTERDAY       26                        40    -14       45
  MONTH TO DATE  943                       978    -35      928
  SINCE DEC 1   3366                      3601   -235     3110
  SINCE JUL 1   4684                      5149   -465     4488

 COOLING
  YESTERDAY        0                         0      0        0
  MONTH TO DATE    0                         0      0        0
  SINCE DEC 1      0                         0      0        0
  SINCE JAN 1      0                         0      0        0
..................................................................


WIND (MPH)
  HIGHEST WIND SPEED    16   HIGHEST WIND DIRECTION     S (170)
  HIGHEST GUST SPEED    22   HIGHEST GUST DIRECTION     S (190)
  AVERAGE WIND SPEED     5.0


SKY COVER
  AVERAGE SKY COVER 0.2


WEATHER CONDITIONS
 THE FOLLOWING WEATHER WAS RECORDED YESTERDAY.
  FOG
  FOG W/VISIBILITY <= 1/4 MILE


RELATIVE HUMIDITY (PERCENT)
 HIGHEST    92           600 AM
 LOWEST     54           200 PM
 AVERAGE    73

..........................................................


THE AUGUSTA CLIMATE NORMALS FOR TODAY
                         NORMAL    RECORD    YEAR
 MAXIMUM TEMPERATURE (F)   34        56      2000
 MINIMUM TEMPERATURE (F)   17        -9      2015


SUNRISE AND SUNSET
FEBRUARY 24 2017......SUNRISE   624 AM EST   SUNSET   521 PM EST
FEBRUARY 25 2017......SUNRISE   623 AM EST   SUNSET   522 PM EST


-  INDICATES NEGATIVE NUMBERS.
R  INDICATES RECORD WAS SET OR TIED.
MM INDICATES DATA IS MISSING.
T  INDICATES TRACE AMOUNT.




$$
