000
CDUS41 KGYX 270909
CLIAUG


CLIMATE REPORT
NATIONAL WEATHER SERVICE GRAY ME
409 AM EST SAT DEC 27 2014


...................................

...THE AUGUSTA CLIMATE SUMMARY FOR DECEMBER 26 2014...

CLIMATE NORMAL PERIOD 1981 TO 2010
CLIMATE RECORD PERIOD 1948 TO 2014


WEATHER ITEM   OBSERVED TIME   RECORD YEAR NORMAL DEPARTURE LAST
                VALUE   (LST)  VALUE       VALUE  FROM      YEAR
                                                  NORMAL
..................................................................
TEMPERATURE (F)
 YESTERDAY
  MAXIMUM         46    243 PM  MM      MM  30     16       19
  MINIMUM         36   1159 PM  MM      MM  15     21        6
  AVERAGE         41                        22     19       13

PRECIPITATION (IN)
  YESTERDAY        0.00         MM      MM   0.09  -0.09     0.06
  MONTH TO DATE    4.18                      2.80   1.38     2.21
  SINCE DEC 1      4.18                      2.80   1.38     2.21
  SINCE JAN 1     42.68                     41.44   1.24    41.94

DEGREE DAYS
 HEATING
  YESTERDAY       24                        43    -19       52
  MONTH TO DATE  920                       991    -71     1126
  SINCE DEC 1    920                       991    -71     1126
  SINCE JUL 1   2409                      2539   -130     2635

 COOLING
  YESTERDAY        0                         0      0        0
  MONTH TO DATE    0                         0      0        0
  SINCE DEC 1      0                         0      0        0
  SINCE JAN 1    371                       388    -17      428
..................................................................


WIND (MPH)
  HIGHEST WIND SPEED    23   HIGHEST WIND DIRECTION     W (280)
  HIGHEST GUST SPEED    36   HIGHEST GUST DIRECTION     W (280)
  AVERAGE WIND SPEED     8.5


SKY COVER
  AVERAGE SKY COVER 0.2


WEATHER CONDITIONS
 THE FOLLOWING WEATHER WAS RECORDED YESTERDAY.
  NO SIGNIFICANT WEATHER WAS OBSERVED.


RELATIVE HUMIDITY (PERCENT)
 HIGHEST    64           900 PM
 LOWEST     41          1200 PM
 AVERAGE    53

..........................................................


THE AUGUSTA CLIMATE NORMALS FOR TODAY
                         NORMAL
 MAXIMUM TEMPERATURE (F)   30
 MINIMUM TEMPERATURE (F)   14


SUNRISE AND SUNSET
DECEMBER 27 2014......SUNRISE   714 AM EST   SUNSET   406 PM EST
DECEMBER 28 2014......SUNRISE   714 AM EST   SUNSET   407 PM EST


-  INDICATES NEGATIVE NUMBERS.
R  INDICATES RECORD WAS SET OR TIED.
MM INDICATES DATA IS MISSING.
T  INDICATES TRACE AMOUNT.




$$
