000
CDUS41 KGYX 150802
CLIAUG


CLIMATE REPORT
NATIONAL WEATHER SERVICE GRAY ME
402 AM EDT MON SEP 15 2014


...................................

...THE AUGUSTA CLIMATE SUMMARY FOR SEPTEMBER 14 2014...

CLIMATE NORMAL PERIOD 1981 TO 2010
CLIMATE RECORD PERIOD 1948 TO 2014


WEATHER ITEM   OBSERVED TIME   NORMAL DEPARTURE LAST
                VALUE   (LST)  VALUE  FROM      YEAR
                                      NORMAL
......................................................
TEMPERATURE (F)
 YESTERDAY
  MAXIMUM         61    337 PM  70     -9       69
  MINIMUM         43   1159 PM  51     -8       51
  AVERAGE         52            61     -9       60

PRECIPITATION (IN)
  YESTERDAY        0.00          0.13  -0.13     0.00
  MONTH TO DATE    0.44          1.61  -1.17     6.79
  SINCE SEP 1      0.44          1.61  -1.17     6.79
  SINCE JAN 1     31.07         27.79   3.28    33.93

DEGREE DAYS
 HEATING
  YESTERDAY       13             5      8        5
  MONTH TO DATE   55            50      5       53
  SINCE SEP 1     55            50      5       53
  SINCE JUL 1     74            92    -18       66

 COOLING
  YESTERDAY        0             1     -1        0
  MONTH TO DATE   45            22     23       37
  SINCE SEP 1     45            22     23       37
  SINCE JAN 1    359           379    -20      428
......................................................


WIND (MPH)
  HIGHEST WIND SPEED    16   HIGHEST WIND DIRECTION    NW (330)
  HIGHEST GUST SPEED    23   HIGHEST GUST DIRECTION     N (340)
  AVERAGE WIND SPEED     7.1


SKY COVER
  AVERAGE SKY COVER 0.3


WEATHER CONDITIONS
 THE FOLLOWING WEATHER WAS RECORDED YESTERDAY.
  FOG


RELATIVE HUMIDITY (PERCENT)
 HIGHEST   100          1200 AM
 LOWEST     49           200 PM
 AVERAGE    75

..........................................................


THE AUGUSTA CLIMATE NORMALS FOR TODAY
                         NORMAL
 MAXIMUM TEMPERATURE (F)   70
 MINIMUM TEMPERATURE (F)   51


SUNRISE AND SUNSET
SEPTEMBER 15 2014.....SUNRISE   618 AM EDT   SUNSET   650 PM EDT
SEPTEMBER 16 2014.....SUNRISE   619 AM EDT   SUNSET   648 PM EDT


-  INDICATES NEGATIVE NUMBERS.
R  INDICATES RECORD WAS SET OR TIED.
MM INDICATES DATA IS MISSING.
T  INDICATES TRACE AMOUNT.




$$
