000
CDUS41 KGYX 210801
CLIAUG


CLIMATE REPORT
NATIONAL WEATHER SERVICE GRAY ME
400 AM EDT TUE OCT 21 2014


...................................

...THE AUGUSTA CLIMATE SUMMARY FOR OCTOBER 20 2014...

CLIMATE NORMAL PERIOD 1981 TO 2010
CLIMATE RECORD PERIOD 1948 TO 2014


WEATHER ITEM   OBSERVED TIME   NORMAL DEPARTURE LAST
                VALUE   (LST)  VALUE  FROM      YEAR
                                      NORMAL
......................................................
TEMPERATURE (F)
 YESTERDAY
  MAXIMUM         52    305 PM  56     -4       60
  MINIMUM         37    537 AM  38     -1       45
  AVERAGE         45            47     -2       53

PRECIPITATION (IN)
  YESTERDAY        0.00          0.14  -0.14     0.01
  MONTH TO DATE    2.06          2.76  -0.70     0.94
  SINCE SEP 1      2.65          6.50  -3.85     8.45
  SINCE JAN 1     33.28         32.68   0.60    35.59

DEGREE DAYS
 HEATING
  YESTERDAY       20            18      2       12
  MONTH TO DATE  208           295    -87      188
  SINCE SEP 1    403           473    -70      376
  SINCE JUL 1    422           515    -93      389

 COOLING
  YESTERDAY        0             0      0        0
  MONTH TO DATE    4             0      4        0
  SINCE SEP 1     57            30     27       37
  SINCE JAN 1    371           387    -16      428
......................................................


WIND (MPH)
  HIGHEST WIND SPEED    18   HIGHEST WIND DIRECTION     W (280)
  HIGHEST GUST SPEED    29   HIGHEST GUST DIRECTION     W (290)
  AVERAGE WIND SPEED     6.8


SKY COVER
  AVERAGE SKY COVER 0.4


WEATHER CONDITIONS
 THE FOLLOWING WEATHER WAS RECORDED YESTERDAY.
  HAZE


RELATIVE HUMIDITY (PERCENT)
 HIGHEST    70          1000 PM
 LOWEST     32           200 PM
 AVERAGE    51

..........................................................


THE AUGUSTA CLIMATE NORMALS FOR TODAY
                         NORMAL
 MAXIMUM TEMPERATURE (F)   55
 MINIMUM TEMPERATURE (F)   38


SUNRISE AND SUNSET
OCTOBER 21 2014.......SUNRISE   702 AM EDT   SUNSET   545 PM EDT
OCTOBER 22 2014.......SUNRISE   703 AM EDT   SUNSET   544 PM EDT


-  INDICATES NEGATIVE NUMBERS.
R  INDICATES RECORD WAS SET OR TIED.
MM INDICATES DATA IS MISSING.
T  INDICATES TRACE AMOUNT.




$$
