000
CDUS41 KGYX 220921
CLIAUG


CLIMATE REPORT
NATIONAL WEATHER SERVICE GRAY ME
420 AM EST SUN JAN 22 2017


...................................

...THE AUGUSTA CLIMATE SUMMARY FOR JANUARY 21 2017...

CLIMATE NORMAL PERIOD 1981 TO 2010
CLIMATE RECORD PERIOD 1948 TO 2017


WEATHER ITEM   OBSERVED TIME   RECORD YEAR NORMAL DEPARTURE LAST
                VALUE   (LST)  VALUE       VALUE  FROM      YEAR
                                                  NORMAL
..................................................................
TEMPERATURE (F)
 YESTERDAY
  MAXIMUM         42    206 PM  52    2006  27     15       23
  MINIMUM         32    701 AM -14    1975  10     22       12
  AVERAGE         37                        19     18       18

PRECIPITATION (IN)
  YESTERDAY        0.00          1.76 1979   0.08  -0.08     0.00
  MONTH TO DATE    1.49                      1.76  -0.27     2.37
  SINCE DEC 1      5.46                      5.00   0.46     6.34
  SINCE JAN 1      1.49                      1.76  -0.27     2.37

DEGREE DAYS
 HEATING
  YESTERDAY       28                        46    -18       47
  MONTH TO DATE  827                       957   -130      865
  SINCE DEC 1   2070                      2164    -94     1794
  SINCE JUL 1   3388                      3712   -324     3172

 COOLING
  YESTERDAY        0                         0      0        0
  MONTH TO DATE    0                         0      0        0
  SINCE DEC 1      0                         0      0        0
  SINCE JAN 1      0                         0      0        0
..................................................................


WIND (MPH)
  HIGHEST WIND SPEED     7   HIGHEST WIND DIRECTION    SW (240)
  HIGHEST GUST SPEED    10   HIGHEST GUST DIRECTION    SW (220)
  AVERAGE WIND SPEED     2.3


SKY COVER
  AVERAGE SKY COVER 0.9


WEATHER CONDITIONS
 THE FOLLOWING WEATHER WAS RECORDED YESTERDAY.
  NO SIGNIFICANT WEATHER WAS OBSERVED.


RELATIVE HUMIDITY (PERCENT)
 HIGHEST    78           600 AM
 LOWEST     57           200 PM
 AVERAGE    68

..........................................................


THE AUGUSTA CLIMATE NORMALS FOR TODAY
                         NORMAL    RECORD    YEAR
 MAXIMUM TEMPERATURE (F)   27        49      1957
 MINIMUM TEMPERATURE (F)   10       -15      2005


SUNRISE AND SUNSET
JANUARY 22 2017.......SUNRISE   707 AM EST   SUNSET   435 PM EST
JANUARY 23 2017.......SUNRISE   706 AM EST   SUNSET   437 PM EST


-  INDICATES NEGATIVE NUMBERS.
R  INDICATES RECORD WAS SET OR TIED.
MM INDICATES DATA IS MISSING.
T  INDICATES TRACE AMOUNT.




$$
