000
CDUS41 KGYX 230801
CLIAUG


CLIMATE REPORT
NATIONAL WEATHER SERVICE GRAY ME
401 AM EDT WED JUL 23 2014


...................................

...THE AUGUSTA CLIMATE SUMMARY FOR JULY 22 2014...

CLIMATE NORMAL PERIOD 1981 TO 2010
CLIMATE RECORD PERIOD 1948 TO 2014


WEATHER ITEM   OBSERVED TIME   NORMAL DEPARTURE LAST
                VALUE   (LST)  VALUE  FROM      YEAR
                                      NORMAL
......................................................
TEMPERATURE (F)
 YESTERDAY
  MAXIMUM         84    151 PM  80      4       72
  MINIMUM         59    507 AM  60     -1       58
  AVERAGE         72            70      2       65

PRECIPITATION (IN)
  YESTERDAY        0.00          0.12  -0.12      T
  MONTH TO DATE    4.19          2.39   1.80     1.80
  SINCE JUN 1      9.10          5.95   3.15     8.61
  SINCE JAN 1     23.22         21.84   1.38    20.10

DEGREE DAYS
 HEATING
  YESTERDAY        0             0      0        0
  MONTH TO DATE    2            12    -10        2
  SINCE JUN 1     78           106    -28       80
  SINCE JUL 1      2            12    -10        2

 COOLING
  YESTERDAY        7             5      2        0
  MONTH TO DATE  133           105     28      184
  SINCE JUN 1    192           169     23      261
  SINCE JAN 1    192           178     14      276
......................................................


WIND (MPH)
  HIGHEST WIND SPEED    14   HIGHEST WIND DIRECTION     S (160)
  HIGHEST GUST SPEED    18   HIGHEST GUST DIRECTION     S (160)
  AVERAGE WIND SPEED     5.7


SKY COVER
  AVERAGE SKY COVER 0.0


WEATHER CONDITIONS
 THE FOLLOWING WEATHER WAS RECORDED YESTERDAY.
  NO SIGNIFICANT WEATHER WAS OBSERVED.


RELATIVE HUMIDITY (PERCENT)
 HIGHEST   100          1200 AM
 LOWEST     58          1200 PM
 AVERAGE    79

..........................................................


THE AUGUSTA CLIMATE NORMALS FOR TODAY
                         NORMAL
 MAXIMUM TEMPERATURE (F)   80
 MINIMUM TEMPERATURE (F)   60


SUNRISE AND SUNSET
JULY 23 2014..........SUNRISE   517 AM EDT   SUNSET   814 PM EDT
JULY 24 2014..........SUNRISE   518 AM EDT   SUNSET   813 PM EDT


-  INDICATES NEGATIVE NUMBERS.
R  INDICATES RECORD WAS SET OR TIED.
MM INDICATES DATA IS MISSING.
T  INDICATES TRACE AMOUNT.




$$
