000
CDUS41 KGYX 240815
CLIAUG


CLIMATE REPORT
NATIONAL WEATHER SERVICE GRAY ME
414 AM EDT FRI OCT 24 2014


...................................

...THE AUGUSTA CLIMATE SUMMARY FOR OCTOBER 23 2014...

CLIMATE NORMAL PERIOD 1981 TO 2010
CLIMATE RECORD PERIOD 1948 TO 2014


WEATHER ITEM   OBSERVED TIME   NORMAL DEPARTURE LAST
                VALUE   (LST)  VALUE  FROM      YEAR
                                      NORMAL
......................................................
TEMPERATURE (F)
 YESTERDAY
  MAXIMUM         49   1236 PM  54     -5       52
  MINIMUM         45    510 AM  37      8       35
  AVERAGE         47            46      1       44

PRECIPITATION (IN)
  YESTERDAY        1.53          0.15   1.38     0.00
  MONTH TO DATE    4.70          3.21   1.49     0.99
  SINCE SEP 1      5.29          6.95  -1.66     8.50
  SINCE JAN 1     35.92         33.13   2.79    35.64

DEGREE DAYS
 HEATING
  YESTERDAY       18            19     -1       21
  MONTH TO DATE  264           351    -87      239
  SINCE SEP 1    459           529    -70      427
  SINCE JUL 1    478           571    -93      440

 COOLING
  YESTERDAY        0             0      0        0
  MONTH TO DATE    4             0      4        0
  SINCE SEP 1     57            30     27       37
  SINCE JAN 1    371           387    -16      428
......................................................


WIND (MPH)
  HIGHEST WIND SPEED    26   HIGHEST WIND DIRECTION    NE (30)
  HIGHEST GUST SPEED    37   HIGHEST GUST DIRECTION    NE (30)
  AVERAGE WIND SPEED    18.5


SKY COVER
  AVERAGE SKY COVER 1.0


WEATHER CONDITIONS
 THE FOLLOWING WEATHER WAS RECORDED YESTERDAY.
  HEAVY RAIN
  RAIN
  LIGHT RAIN
  FOG


RELATIVE HUMIDITY (PERCENT)
 HIGHEST   100           400 AM
 LOWEST     92          1200 AM
 AVERAGE    96

..........................................................


THE AUGUSTA CLIMATE NORMALS FOR TODAY
                         NORMAL
 MAXIMUM TEMPERATURE (F)   54
 MINIMUM TEMPERATURE (F)   37


SUNRISE AND SUNSET
OCTOBER 24 2014.......SUNRISE   706 AM EDT   SUNSET   540 PM EDT
OCTOBER 25 2014.......SUNRISE   707 AM EDT   SUNSET   539 PM EDT


-  INDICATES NEGATIVE NUMBERS.
R  INDICATES RECORD WAS SET OR TIED.
MM INDICATES DATA IS MISSING.
T  INDICATES TRACE AMOUNT.




$$
