000
CDUS41 KGYX 120919
CLIAUG


CLIMATE REPORT
NATIONAL WEATHER SERVICE GRAY ME
419 AM EST TUE DEC 12 2017


...................................

...THE AUGUSTA CLIMATE SUMMARY FOR DECEMBER 11 2017...

CLIMATE NORMAL PERIOD 1981 TO 2010
CLIMATE RECORD PERIOD 1948 TO 2017


WEATHER ITEM   OBSERVED TIME   RECORD YEAR NORMAL DEPARTURE LAST
                VALUE   (LST)  VALUE       VALUE  FROM      YEAR
                                                  NORMAL
..................................................................
TEMPERATURE (F)
 YESTERDAY
  MAXIMUM         36    155 PM  60    1966  35      1       26
  MINIMUM         18   1159 PM  -4    1977  21     -3       10
  AVERAGE         27                        28     -1       18

PRECIPITATION (IN)
  YESTERDAY        T             1.55 1993   0.11  -0.11     0.00
  MONTH TO DATE    1.37                      1.32   0.05     1.37
  SINCE DEC 1      1.37                      1.32   0.05     1.37
  SINCE JAN 1     38.98                     39.96  -0.98    32.65

DEGREE DAYS
 HEATING
  YESTERDAY       38                        37      1       47
  MONTH TO DATE  341                       387    -46      399
  SINCE DEC 1    341                       387    -46      399
  SINCE JUL 1   1577                      1935   -358     1717

 COOLING
  YESTERDAY        0                         0      0        0
  MONTH TO DATE    0                         0      0        0
  SINCE DEC 1      0                         0      0        0
  SINCE JAN 1    446                       388     58      530
..................................................................


WIND (MPH)
  HIGHEST WIND SPEED    16   HIGHEST WIND DIRECTION    NW (310)
  HIGHEST GUST SPEED    20   HIGHEST GUST DIRECTION    NW (310)
  AVERAGE WIND SPEED     5.3


SKY COVER
  AVERAGE SKY COVER 0.5


WEATHER CONDITIONS
 THE FOLLOWING WEATHER WAS RECORDED YESTERDAY.
  NO SIGNIFICANT WEATHER WAS OBSERVED.


RELATIVE HUMIDITY (PERCENT)
 HIGHEST    92          1200 AM
 LOWEST     53           500 PM
 AVERAGE    73

..........................................................


THE AUGUSTA CLIMATE NORMALS FOR TODAY
                         NORMAL    RECORD    YEAR
 MAXIMUM TEMPERATURE (F)   35        58      1979
 MINIMUM TEMPERATURE (F)   20        -6      1977


SUNRISE AND SUNSET
DECEMBER 12 2017......SUNRISE   706 AM EST   SUNSET   400 PM EST
DECEMBER 13 2017......SUNRISE   707 AM EST   SUNSET   400 PM EST


-  INDICATES NEGATIVE NUMBERS.
R  INDICATES RECORD WAS SET OR TIED.
MM INDICATES DATA IS MISSING.
T  INDICATES TRACE AMOUNT.




$$
