000
CDUS41 KGYX 222042
CLIAUG


CLIMATE REPORT
NATIONAL WEATHER SERVICE GRAY ME
442 PM EDT THU JUN 22 2017


...................................

...THE AUGUSTA CLIMATE SUMMARY FOR JUNE 22 2017...
VALID TODAY AS OF 0400 PM LOCAL TIME.

CLIMATE NORMAL PERIOD 1981 TO 2010
CLIMATE RECORD PERIOD 1948 TO 2017


WEATHER ITEM   OBSERVED TIME   RECORD YEAR NORMAL DEPARTURE LAST
                VALUE   (LST)  VALUE       VALUE  FROM      YEAR
                                                  NORMAL
..................................................................
TEMPERATURE (F)
 TODAY
  MAXIMUM         80    243 PM  92    2012  76      4       74
  MINIMUM         58    358 AM  45    1963  56      2       53
  AVERAGE         69                        66      3       64

PRECIPITATION (IN)
  TODAY            0.00          1.48 1961   0.11  -0.11     0.10
  MONTH TO DATE    0.63                      2.70  -2.07     2.18
  SINCE JUN 1      0.63                      2.70  -2.07     2.18
  SINCE JAN 1     19.58                     18.59   0.99    15.75

DEGREE DAYS
 HEATING
  TODAY            0                         2     -2        1
  MONTH TO DATE   75                        82     -7       78
  SINCE JUN 1     75                        82     -7       78
  SINCE JUL 1   7001                      7408   -407     6666

 COOLING
  TODAY            4                         3      1        0
  MONTH TO DATE   64                        38     26       15
  SINCE JUN 1     64                        38     26       15
  SINCE JAN 1     75                        47     28       30
..................................................................


WIND (MPH)
  HIGHEST WIND SPEED    15   HIGHEST WIND DIRECTION    NW (320)
  HIGHEST GUST SPEED    24   HIGHEST GUST DIRECTION    NW (310)
  AVERAGE WIND SPEED     6.5


SKY COVER
  AVERAGE SKY COVER 0.2


WEATHER CONDITIONS
 THE FOLLOWING WEATHER WAS RECORDED TODAY.
  NO SIGNIFICANT WEATHER WAS OBSERVED.


RELATIVE HUMIDITY (PERCENT)
 HIGHEST    75           300 AM
 LOWEST     32           200 PM
 AVERAGE    54

..........................................................


THE AUGUSTA CLIMATE NORMALS FOR TOMORROW
                         NORMAL    RECORD    YEAR
 MAXIMUM TEMPERATURE (F)   76        89      1999
 MINIMUM TEMPERATURE (F)   57        48      1991


SUNRISE AND SUNSET
JUNE 22 2017..........SUNRISE   455 AM EDT   SUNSET   827 PM EDT
JUNE 23 2017..........SUNRISE   456 AM EDT   SUNSET   827 PM EDT


-  INDICATES NEGATIVE NUMBERS.
R  INDICATES RECORD WAS SET OR TIED.
MM INDICATES DATA IS MISSING.
T  INDICATES TRACE AMOUNT.




$$
