000
CDUS41 KGYX 040801
CLIAUG


CLIMATE REPORT
NATIONAL WEATHER SERVICE GRAY ME
401 AM EDT WED MAY 4 2016


...................................

...THE AUGUSTA CLIMATE SUMMARY FOR MAY 3 2016...

CLIMATE NORMAL PERIOD 1981 TO 2010
CLIMATE RECORD PERIOD 1948 TO 2016


WEATHER ITEM   OBSERVED TIME   RECORD YEAR NORMAL DEPARTURE LAST
                VALUE   (LST)  VALUE       VALUE  FROM      YEAR
                                                  NORMAL
..................................................................
TEMPERATURE (F)
 YESTERDAY
  MAXIMUM         52    357 PM  91    2001  61     -9       69
  MINIMUM         40    536 AM  28    1966  41     -1       36
  AVERAGE         46                        51     -5       53

PRECIPITATION (IN)
  YESTERDAY        0.00          2.06 1971   0.12  -0.12     0.00
  MONTH TO DATE    0.92                      0.37   0.55     0.00
  SINCE MAR 1      7.14                      7.53  -0.39     5.53
  SINCE JAN 1     13.01                     12.57   0.44     7.80

DEGREE DAYS
 HEATING
  YESTERDAY       19                        14      5       12
  MONTH TO DATE   61                        44     17       42
  SINCE MAR 1   1683                      1705    -22     1884
  SINCE JUL 1   6362                      7048   -686     7511

 COOLING
  YESTERDAY        0                         0      0        0
  MONTH TO DATE    0                         0      0        0
  SINCE MAR 1      0                         0      0        0
  SINCE JAN 1      0                         0      0        0
..................................................................


WIND (MPH)
  HIGHEST WIND SPEED    13   HIGHEST WIND DIRECTION     N (350)
  HIGHEST GUST SPEED    14   HIGHEST GUST DIRECTION     N (350)
  AVERAGE WIND SPEED     4.0


SKY COVER
  AVERAGE SKY COVER 1.0


WEATHER CONDITIONS
 THE FOLLOWING WEATHER WAS RECORDED YESTERDAY.
  NO SIGNIFICANT WEATHER WAS OBSERVED.


RELATIVE HUMIDITY (PERCENT)
 HIGHEST   100          1200 AM
 LOWEST     61          1200 PM
 AVERAGE    81

..........................................................


THE AUGUSTA CLIMATE NORMALS FOR TODAY
                         NORMAL    RECORD    YEAR
 MAXIMUM TEMPERATURE (F)   61        87      1955
 MINIMUM TEMPERATURE (F)   41        29      1986


SUNRISE AND SUNSET
MAY  4 2016...........SUNRISE   525 AM EDT   SUNSET   747 PM EDT
MAY  5 2016...........SUNRISE   524 AM EDT   SUNSET   749 PM EDT


-  INDICATES NEGATIVE NUMBERS.
R  INDICATES RECORD WAS SET OR TIED.
MM INDICATES DATA IS MISSING.
T  INDICATES TRACE AMOUNT.




$$
