000
CDUS44 KEWX 260719
CLIAUS


CLIMATE REPORT
NATIONAL WEATHER SERVICE AUSTIN/SAN ANTONIO, TX
219 AM CDT SAT JUL 26 2014


...................................

...THE AUSTIN BERGSTROM CLIMATE SUMMARY FOR JULY 25 2014...

CLIMATE NORMAL PERIOD 1981 TO 2010
CLIMATE RECORD PERIOD 1943 TO 2014


WEATHER ITEM   OBSERVED TIME   RECORD YEAR NORMAL DEPARTURE LAST
                VALUE   (LST)  VALUE       VALUE  FROM      YEAR
                                                  NORMAL
..................................................................
TEMPERATURE (F)
 YESTERDAY
  MAXIMUM         97    415 PM 103    2011  96      1      100
                                      1964
                                      1954
  MINIMUM         72    525 AM  67    2000  72      0       73
                                      1999
  AVERAGE         85                        84      1       87

PRECIPITATION (IN)
  YESTERDAY        0.00          1.74 2004   0.05  -0.05     0.00
  MONTH TO DATE    2.05                      2.14  -0.09     1.04
  SINCE JUN 1      3.73                      6.77  -3.04     1.79
  SINCE JAN 1     15.55                     20.82  -5.27    17.17

SNOWFALL (IN)
  YESTERDAY        0.0
  MONTH TO DATE    0.0
  SINCE JUN 1      0.0
  SINCE JUL 1      0.0
  SNOW DEPTH       0

DEGREE DAYS
 HEATING
  YESTERDAY        0                         0      0        0
  MONTH TO DATE    0                         0      0        0
  SINCE JUN 1      0                         0      0        0
  SINCE JUL 1      0                         0      0        0

 COOLING
  YESTERDAY       20                        19      1       22
  MONTH TO DATE  435                       459    -24      472
  SINCE JUN 1    942                       940      2     1041
  SINCE JAN 1   1397                      1447    -50     1555
..................................................................


WIND (MPH)
  HIGHEST WIND SPEED    16   HIGHEST WIND DIRECTION     S (170)
  HIGHEST GUST SPEED    22   HIGHEST GUST DIRECTION     S (170)
  AVERAGE WIND SPEED     7.4


SKY COVER
  AVERAGE SKY COVER 0.3


WEATHER CONDITIONS
 THE FOLLOWING WEATHER WAS RECORDED YESTERDAY.
  HAZE


RELATIVE HUMIDITY (PERCENT)
 HIGHEST    93          1200 AM
 LOWEST     38           300 PM
 AVERAGE    66

..........................................................


THE AUSTIN BERGSTROM CLIMATE NORMALS FOR TODAY
                         NORMAL    RECORD    YEAR
 MAXIMUM TEMPERATURE (F)   96       106      1954
 MINIMUM TEMPERATURE (F)   72        69      2004


SUNRISE AND SUNSET
JULY 26 2014..........SUNRISE   646 AM CDT   SUNSET   828 PM CDT
JULY 27 2014..........SUNRISE   646 AM CDT   SUNSET   828 PM CDT


-  INDICATES NEGATIVE NUMBERS.
R  INDICATES RECORD WAS SET OR TIED.
MM INDICATES DATA IS MISSING.
T  INDICATES TRACE AMOUNT.




$$
