000
CDUS44 KEWX 290752
CLIAUS


CLIMATE REPORT
NATIONAL WEATHER SERVICE AUSTIN/SAN ANTONIO, TX
251 AM CDT FRI AUG 29 2014


...................................

...THE AUSTIN BERGSTROM CLIMATE SUMMARY FOR AUGUST 28 2014...

CLIMATE NORMAL PERIOD 1981 TO 2010
CLIMATE RECORD PERIOD 1943 TO 2014


WEATHER ITEM   OBSERVED TIME   RECORD YEAR NORMAL DEPARTURE LAST
                VALUE   (LST)  VALUE       VALUE  FROM      YEAR
                                                  NORMAL
..................................................................
TEMPERATURE (F)
 YESTERDAY
  MAXIMUM         97    222 PM 110    2011  95      2       96
  MINIMUM         70    554 AM  61    2010  70      0       68
  AVERAGE         84                        82      2       82

PRECIPITATION (IN)
  YESTERDAY        0.00          1.41 1974   0.07  -0.07     0.00
  MONTH TO DATE    T                         1.39  -1.39     1.65
  SINCE JUN 1      3.73                      8.41  -4.68     3.84
  SINCE JAN 1     15.55                     22.46  -6.91    19.22

SNOWFALL (IN)
  YESTERDAY        0.0
  MONTH TO DATE    0.0
  SINCE JUN 1      0.0
  SINCE JUL 1      0.0
  SNOW DEPTH       0

DEGREE DAYS
 HEATING
  YESTERDAY        0                         0      0        0
  MONTH TO DATE    0                         0      0        0
  SINCE JUN 1      0                         0      0        0
  SINCE JUL 1      0                         0      0        0

 COOLING
  YESTERDAY       19                        17      2       17
  MONTH TO DATE  582                       524     58      584
  SINCE JUN 1   1647                      1577     70     1758
  SINCE JAN 1   2102                      2084     18     2272
..................................................................


WIND (MPH)
  HIGHEST WIND SPEED    24   HIGHEST WIND DIRECTION     E (110)
  HIGHEST GUST SPEED    28   HIGHEST GUST DIRECTION     E (110)
  AVERAGE WIND SPEED     6.1


SKY COVER
  AVERAGE SKY COVER 0.4


WEATHER CONDITIONS
 THE FOLLOWING WEATHER WAS RECORDED YESTERDAY.
  THUNDERSTORM
  HAZE


RELATIVE HUMIDITY (PERCENT)
 HIGHEST    84           100 AM
 LOWEST     46          1200 PM
 AVERAGE    65

..........................................................


THE AUSTIN BERGSTROM CLIMATE NORMALS FOR TODAY
                         NORMAL    RECORD    YEAR
 MAXIMUM TEMPERATURE (F)   95       108      2011
 MINIMUM TEMPERATURE (F)   70        62      1992


SUNRISE AND SUNSET
AUGUST 29 2014........SUNRISE   706 AM CDT   SUNSET   757 PM CDT
AUGUST 30 2014........SUNRISE   706 AM CDT   SUNSET   756 PM CDT


-  INDICATES NEGATIVE NUMBERS.
R  INDICATES RECORD WAS SET OR TIED.
MM INDICATES DATA IS MISSING.
T  INDICATES TRACE AMOUNT.




$$
