000
CDUS44 KEWX 170751
CLIAUS


CLIMATE REPORT
NATIONAL WEATHER SERVICE AUSTIN/SAN ANTONIO, TX
250 AM CDT THU APR 17 2014


...................................

...THE AUSTIN BERGSTROM CLIMATE SUMMARY FOR APRIL 16 2014...

CLIMATE NORMAL PERIOD 1981 TO 2010
CLIMATE RECORD PERIOD 1943 TO 2014


WEATHER ITEM   OBSERVED TIME   RECORD YEAR NORMAL DEPARTURE LAST
                VALUE   (LST)  VALUE       VALUE  FROM      YEAR
                                                  NORMAL
..................................................................
TEMPERATURE (F)
 YESTERDAY
  MAXIMUM         72    422 PM  95    2006  80     -8       85
  MINIMUM         32R   623 AM  37    2007  55    -23       65
  AVERAGE         52                        67    -15       75

PRECIPITATION (IN)
  YESTERDAY        0.00          2.14 1950   0.07  -0.07      T
  MONTH TO DATE    1.58                      1.05   0.53     3.17
  SINCE MAR 1      2.77                      3.56  -0.79     4.54
  SINCE JAN 1      3.86                      8.16  -4.30     7.89

SNOWFALL (IN)
  YESTERDAY        0.0
  MONTH TO DATE    0.0
  SINCE MAR 1      0.0
  SINCE JUL 1      T
  SNOW DEPTH       0

DEGREE DAYS
 HEATING
  YESTERDAY       13                         2     11        0
  MONTH TO DATE   66                        47     19       58
  SINCE MAR 1    346                       269     77      277
  SINCE JUL 1   2163                      1884    279     1592

 COOLING
  YESTERDAY        0                         4     -4       10
  MONTH TO DATE   62                        55      7       64
  SINCE MAR 1     94                        97     -3      113
  SINCE JAN 1    111                       113     -2      141
..................................................................


WIND (MPH)
  HIGHEST WIND SPEED    22   HIGHEST WIND DIRECTION    SE (140)
  HIGHEST GUST SPEED    29   HIGHEST GUST DIRECTION     S (190)
  AVERAGE WIND SPEED    10.6


SKY COVER
  AVERAGE SKY COVER 0.5


WEATHER CONDITIONS
 THE FOLLOWING WEATHER WAS RECORDED YESTERDAY.
  HAZE


RELATIVE HUMIDITY (PERCENT)
 HIGHEST    92           100 AM
 LOWEST     38           300 PM
 AVERAGE    65

..........................................................


THE AUSTIN BERGSTROM CLIMATE NORMALS FOR TODAY
                         NORMAL    RECORD    YEAR
 MAXIMUM TEMPERATURE (F)   80       100      2006
 MINIMUM TEMPERATURE (F)   55        31      1999


SUNRISE AND SUNSET
APRIL 17 2014.........SUNRISE   701 AM CDT   SUNSET   759 PM CDT
APRIL 18 2014.........SUNRISE   700 AM CDT   SUNSET   800 PM CDT


-  INDICATES NEGATIVE NUMBERS.
R  INDICATES RECORD WAS SET OR TIED.
MM INDICATES DATA IS MISSING.
T  INDICATES TRACE AMOUNT.




$$
