000
CDUS44 KEWX 212358
CLIAUS


CLIMATE REPORT
NATIONAL WEATHER SERVICE AUSTIN/SAN ANTONIO, TX
557 PM CST WED FEB 21 2018


...................................

...THE AUSTIN BERGSTROM CLIMATE SUMMARY FOR FEBRUARY 21 2018...
VALID TODAY AS OF 0500 PM LOCAL TIME.

CLIMATE NORMAL PERIOD 1981 TO 2010
CLIMATE RECORD PERIOD 1943 TO 2018


WEATHER ITEM   OBSERVED TIME   RECORD YEAR NORMAL DEPARTURE LAST
                VALUE   (LST)  VALUE       VALUE  FROM      YEAR
                                                  NORMAL
..................................................................
TEMPERATURE (F)
 TODAY
  MAXIMUM         71    201 AM 101    1996  66      5       80
  MINIMUM         40    359 PM  30    1978  41     -1       49
  AVERAGE         56                        53      3       65

PRECIPITATION (IN)
  TODAY            0.24          3.90 1958   0.08   0.16     0.00
  MONTH TO DATE    0.53                      1.70  -1.17     2.65
  SINCE DEC 1      4.43                      6.11  -1.68    10.41
  SINCE JAN 1      0.78                      3.90  -3.12     7.30

SNOWFALL (IN)
  TODAY           MM
  MONTH TO DATE    T
  SINCE DEC 1      1.3
  SINCE JUL 1      1.3
  SNOW DEPTH       0

DEGREE DAYS
 HEATING
  TODAY            9                        12     -3        0
  MONTH TO DATE  251                       292    -41       91
  SINCE DEC 1   1268                      1249     19      755
  SINCE JUL 1   1475                      1534    -59      849

 COOLING
  TODAY            0                         1     -1        0
  MONTH TO DATE   24                         1     23       63
  SINCE DEC 1     36                        16     20      127
  SINCE JAN 1     24                         6     18       85
..................................................................


WIND (MPH)
  HIGHEST WIND SPEED    26   HIGHEST WIND DIRECTION    NE (30)
  HIGHEST GUST SPEED    30   HIGHEST GUST DIRECTION    NE (30)
  AVERAGE WIND SPEED    16.5


SKY COVER
  AVERAGE SKY COVER 0.9


WEATHER CONDITIONS
 THE FOLLOWING WEATHER WAS RECORDED TODAY.
  THUNDERSTORM
  RAIN
  LIGHT RAIN
  FOG


RELATIVE HUMIDITY (PERCENT)
 HIGHEST   100          1000 AM
 LOWEST     90           200 AM
 AVERAGE    95

..........................................................


THE AUSTIN BERGSTROM CLIMATE NORMALS FOR TOMORROW
                         NORMAL    RECORD    YEAR
 MAXIMUM TEMPERATURE (F)   66        98      1996
 MINIMUM TEMPERATURE (F)   41        25      1978


SUNRISE AND SUNSET
FEBRUARY 21 2018......SUNRISE   705 AM CST   SUNSET   624 PM CST
FEBRUARY 22 2018......SUNRISE   704 AM CST   SUNSET   625 PM CST


-  INDICATES NEGATIVE NUMBERS.
R  INDICATES RECORD WAS SET OR TIED.
MM INDICATES DATA IS MISSING.
T  INDICATES TRACE AMOUNT.




$$
