000
CDUS44 KEWX 310809
CLIAUS


CLIMATE REPORT
NATIONAL WEATHER SERVICE AUSTIN/SAN ANTONIO, TX
309 AM CDT MON AUG 31 2015


...................................

...THE AUSTIN BERGSTROM CLIMATE SUMMARY FOR AUGUST 30 2015...

CLIMATE NORMAL PERIOD 1981 TO 2010
CLIMATE RECORD PERIOD 1943 TO 2015


WEATHER ITEM   OBSERVED TIME   RECORD YEAR NORMAL DEPARTURE LAST
                VALUE   (LST)  VALUE       VALUE  FROM      YEAR
                                                  NORMAL
..................................................................
TEMPERATURE (F)
 YESTERDAY
  MAXIMUM         92    351 PM 104    2013  95     -3       95
                                      2011
                                      2000
  MINIMUM         70   1132 PM  62    1986  70      0       72
  AVERAGE         81                        82     -1       84

PRECIPITATION (IN)
  YESTERDAY        0.00          2.66 1953   0.10  -0.10     0.00
  MONTH TO DATE    0.63                      1.93  -1.30      T
  SINCE JUN 1      3.85                      9.00  -5.15     3.73
  SINCE JAN 1     29.42                     22.61   6.81    15.55

SNOWFALL (IN)
  YESTERDAY        0.0
  MONTH TO DATE    0.0
  SINCE JUN 1      0.0
  SINCE JUL 1      0.0
  SNOW DEPTH       0

DEGREE DAYS
 HEATING
  YESTERDAY        0                         0      0        0
  MONTH TO DATE    0                         0      0        0
  SINCE JUN 1      0                         0      0        0
  SINCE JUL 1      0                         0      0        0

 COOLING
  YESTERDAY       16                        17     -1       19
  MONTH TO DATE  587                       558     29      621
  SINCE JUN 1   1585                      1611    -26     1686
  SINCE JAN 1   2078                      2118    -40     2141
..................................................................


WIND (MPH)
  HIGHEST WIND SPEED    15   HIGHEST WIND DIRECTION    SE (150)
  HIGHEST GUST SPEED    20   HIGHEST GUST DIRECTION    SE (150)
  AVERAGE WIND SPEED     4.0


SKY COVER
  AVERAGE SKY COVER 0.8


WEATHER CONDITIONS
 THE FOLLOWING WEATHER WAS RECORDED YESTERDAY.
  NO SIGNIFICANT WEATHER WAS OBSERVED.


RELATIVE HUMIDITY (PERCENT)
 HIGHEST    84           500 AM
 LOWEST     38           100 PM
 AVERAGE    61

..........................................................


THE AUSTIN BERGSTROM CLIMATE NORMALS FOR TODAY
                         NORMAL    RECORD    YEAR
 MAXIMUM TEMPERATURE (F)   94       106      2000
 MINIMUM TEMPERATURE (F)   70        62      2006


SUNRISE AND SUNSET
AUGUST 31 2015........SUNRISE   707 AM CDT   SUNSET   755 PM CDT
SEPTEMBER  1 2015.....SUNRISE   707 AM CDT   SUNSET   754 PM CDT


-  INDICATES NEGATIVE NUMBERS.
R  INDICATES RECORD WAS SET OR TIED.
MM INDICATES DATA IS MISSING.
T  INDICATES TRACE AMOUNT.




$$
