000
CDUS44 KEWX 292251
CLIAUS


CLIMATE REPORT
NATIONAL WEATHER SERVICE AUSTIN/SAN ANTONIO, TX
550 PM CDT MON JUN 29 2015


...................................

...THE AUSTIN BERGSTROM CLIMATE SUMMARY FOR JUNE 29 2015...
VALID TODAY AS OF 550 PM LOCAL TIME.

CLIMATE NORMAL PERIOD 1981 TO 2010
CLIMATE RECORD PERIOD 1943 TO 2015


WEATHER ITEM   OBSERVED TIME   RECORD YEAR NORMAL DEPARTURE LAST
                VALUE   (LST)  VALUE       VALUE  FROM      YEAR
                                                  NORMAL
..................................................................
TEMPERATURE (F)
 TODAY
  MAXIMUM         92    310 PM 107    2013  94     -2       96
  MINIMUM         71    525 AM  63    1985  71      0       76
  AVERAGE         82                        82      0       86

PRECIPITATION (IN)
  TODAY            0.00          3.13 2004   0.16  -0.16     0.00
  MONTH TO DATE    2.58                      4.47  -1.89     1.68
  SINCE JUN 1      2.58                      4.47  -1.89     1.68
  SINCE JAN 1     28.15                     18.08  10.07    13.50

SNOWFALL (IN)
  TODAY            0.0
  MONTH TO DATE    0.0
  SINCE JUN 1      0.0
  SINCE JUL 1      T
  SNOW DEPTH       0

DEGREE DAYS
 HEATING
  TODAY            0                         0      0        0
  MONTH TO DATE    0                         0      0        0
  SINCE JUN 1      0                         0      0        0
  SINCE JUL 1   1979                      1903     76     2187

 COOLING
  TODAY           17                        17      0       21
  MONTH TO DATE  414                       463    -49      486
  SINCE JUN 1    414                       463    -49      486
  SINCE JAN 1    907                       970    -63      941
..................................................................


WIND (MPH)
  HIGHEST WIND SPEED    15   HIGHEST WIND DIRECTION    SW (220)
  HIGHEST GUST SPEED    20   HIGHEST GUST DIRECTION     S (190)
  AVERAGE WIND SPEED     7.8


SKY COVER
  AVERAGE SKY COVER 0.5


WEATHER CONDITIONS
 THE FOLLOWING WEATHER WAS RECORDED TODAY.
  FOG


RELATIVE HUMIDITY (PERCENT)
 HIGHEST   100          1200 AM
 LOWEST     52           200 PM
 AVERAGE    76

..........................................................


THE AUSTIN BERGSTROM CLIMATE NORMALS FOR TOMORROW
                         NORMAL    RECORD    YEAR
 MAXIMUM TEMPERATURE (F)   94       100      2005
                                             1980
                                             1956
 MINIMUM TEMPERATURE (F)   71        63      1985


SUNRISE AND SUNSET
JUNE 29 2015..........SUNRISE   632 AM CDT   SUNSET   836 PM CDT
JUNE 30 2015..........SUNRISE   632 AM CDT   SUNSET   836 PM CDT


-  INDICATES NEGATIVE NUMBERS.
R  INDICATES RECORD WAS SET OR TIED.
MM INDICATES DATA IS MISSING.
T  INDICATES TRACE AMOUNT.




$$
