000
CDUS43 KGRB 290636
CLIAUW


CLIMATE REPORT
NATIONAL WEATHER SERVICE GREEN BAY
1235 AM CST THU JAN 29 2015


...................................

...THE WAUSAU WI CLIMATE SUMMARY FOR JANUARY 28 2015...

CLIMATE NORMAL PERIOD 1981 TO 2010
CLIMATE RECORD PERIOD 1896 TO 2015


WEATHER ITEM   OBSERVED TIME   RECORD YEAR NORMAL DEPARTURE LAST
                VALUE   (LST)  VALUE       VALUE  FROM      YEAR
                                                  NORMAL
..................................................................
TEMPERATURE (F)
 YESTERDAY
  MAXIMUM         29    428 PM  46    1906  24      5       -4
  MINIMUM         23    525 AM -31    1915   6     17      -21
  AVERAGE         26                        15     11

PRECIPITATION (IN)
  YESTERDAY        0.00          0.48 1949   0.04  -0.04     0.00
  MONTH TO DATE    0.58                      0.93  -0.35     1.17
  SINCE DEC 1      1.98                      2.29  -0.31     2.74
  SINCE JAN 1      0.58                      0.93  -0.35     1.17

SNOWFALL (IN)
  YESTERDAY        0.0           4.7  1957   0.5   -0.5      0.0
  MONTH TO DATE    9.4                      12.3   -2.9     18.5
  SINCE JUL 1     40.4                      34.5    5.9     47.2
  SNOW DEPTH       9

DEGREE DAYS
 HEATING
  YESTERDAY       39                        50    -11       77
  MONTH TO DATE 1416                      1417     -1     1658
  SINCE DEC 1   2740                      2844   -104     3321
  SINCE JUL 1   4823                      4703    120     5131

 COOLING
  YESTERDAY        0                         0      0        0
  MONTH TO DATE    0                         0      0        0
  SINCE DEC 1      0                         0      0        0
  SINCE JAN 1      0                         0      0        0
..................................................................


WIND (MPH)
  HIGHEST WIND SPEED    21   HIGHEST WIND DIRECTION    SE (150)
  HIGHEST GUST SPEED    25   HIGHEST GUST DIRECTION    SE (150)
  AVERAGE WIND SPEED    10.4


SKY COVER
  POSSIBLE SUNSHINE  MM
  AVERAGE SKY COVER 0.7


WEATHER CONDITIONS
 THE FOLLOWING WEATHER WAS RECORDED YESTERDAY.
  FOG
  HAZE


RELATIVE HUMIDITY (PERCENT)
 HIGHEST    88          1200 AM
 LOWEST     69           500 PM
 AVERAGE    79

..........................................................


THE WAUSAU WI CLIMATE NORMALS FOR TODAY
                         NORMAL    RECORD    YEAR
 MAXIMUM TEMPERATURE (F)   24        46      1906
 MINIMUM TEMPERATURE (F)    6       -30      1951
                                             1915


SUNRISE AND SUNSET
JANUARY 29 2015.......SUNRISE   722 AM CST   SUNSET   502 PM CST
JANUARY 30 2015.......SUNRISE   721 AM CST   SUNSET   503 PM CST


-  INDICATES NEGATIVE NUMBERS.
R  INDICATES RECORD WAS SET OR TIED.
MM INDICATES DATA IS MISSING.
T  INDICATES TRACE AMOUNT.




$$
