000
CDUS43 KGRB 060753
CLIAUW


CLIMATE REPORT
NATIONAL WEATHER SERVICE GREEN BAY
151 AM CST SAT FEB 6 2016


...................................

...THE WAUSAU WI CLIMATE SUMMARY FOR FEBRUARY 5 2016...

CLIMATE NORMAL PERIOD 1981 TO 2010
CLIMATE RECORD PERIOD 1896 TO 2016


WEATHER ITEM   OBSERVED TIME   RECORD YEAR NORMAL DEPARTURE LAST
                VALUE   (LST)  VALUE       VALUE  FROM      YEAR
                                                  NORMAL
..................................................................
TEMPERATURE (F)
 YESTERDAY
  MAXIMUM         28    249 PM  52    1991  25      3       16
  MINIMUM         11    807 AM -31    1899   7      4      -12
  AVERAGE         20                        16      4

PRECIPITATION (IN)
  YESTERDAY        T             0.51 1971   0.03  -0.03     0.00
  MONTH TO DATE    0.42                      0.15   0.27     0.02
  SINCE DEC 1      6.21                      2.53   3.68     2.00
  SINCE JAN 1      1.26                      1.17   0.09     0.60

SNOWFALL (IN)
  YESTERDAY        T            13.0  1908   0.4   -0.4      0.0
  MONTH TO DATE    5.7                       1.9    3.8      0.6
  SINCE JUL 1     21.1                      37.6  -16.5     41.0
  SNOW DEPTH      11

DEGREE DAYS
 HEATING
  YESTERDAY       45                        49     -4       63
  MONTH TO DATE  212                       245    -33      298
  SINCE DEC 1   2720                      3236   -516     3172
  SINCE JUL 1   4126                      5095   -969     5255

 COOLING
  YESTERDAY        0                         0      0        0
  MONTH TO DATE    0                         0      0        0
  SINCE DEC 1      0                         0      0        0
  SINCE JAN 1      0                         0      0        0
..................................................................


WIND (MPH)
  HIGHEST WIND SPEED    12   HIGHEST WIND DIRECTION    SW (230)
  HIGHEST GUST SPEED    16   HIGHEST GUST DIRECTION    SW (230)
  AVERAGE WIND SPEED     5.2


SKY COVER
  POSSIBLE SUNSHINE  MM
  AVERAGE SKY COVER 0.5


WEATHER CONDITIONS
 THE FOLLOWING WEATHER WAS RECORDED YESTERDAY.
  LIGHT SNOW
  FOG


RELATIVE HUMIDITY (PERCENT)
 HIGHEST    88           700 AM
 LOWEST     50           200 PM
 AVERAGE    69

..........................................................


THE WAUSAU WI CLIMATE NORMALS FOR TODAY
                         NORMAL    RECORD    YEAR
 MAXIMUM TEMPERATURE (F)   26        43      2005
                                             2002
                                             1998
 MINIMUM TEMPERATURE (F)    8       -28      1899


SUNRISE AND SUNSET
FEBRUARY  6 2016......SUNRISE   713 AM CST   SUNSET   513 PM CST
FEBRUARY  7 2016......SUNRISE   711 AM CST   SUNSET   515 PM CST


-  INDICATES NEGATIVE NUMBERS.
R  INDICATES RECORD WAS SET OR TIED.
MM INDICATES DATA IS MISSING.
T  INDICATES TRACE AMOUNT.

$$
