000
CDUS43 KGRB 302135
CLIAUW


CLIMATE REPORT
NATIONAL WEATHER SERVICE GREEN BAY
435 PM CDT THU JUL 30 2015


...................................

...THE WAUSAU WI CLIMATE SUMMARY FOR JULY 30 2015...
VALID TODAY AS OF 0400 PM LOCAL TIME.

CLIMATE NORMAL PERIOD 1981 TO 2010
CLIMATE RECORD PERIOD 1896 TO 2015


WEATHER ITEM   OBSERVED TIME   RECORD YEAR NORMAL DEPARTURE LAST
                VALUE   (LST)  VALUE       VALUE  FROM      YEAR
                                                  NORMAL
..................................................................
TEMPERATURE (F)
 TODAY
  MAXIMUM         85    253 PM  99    1933  80      5       74
  MINIMUM         64    544 AM  41    1902  59      5       51
  AVERAGE         75                        69      6       63

PRECIPITATION (IN)
  TODAY            0.00          2.20 1919   0.13  -0.13     0.01
  MONTH TO DATE    3.08                      3.70  -0.62     2.56
  SINCE JUN 1      7.64                      8.01  -0.37     8.07
  SINCE JAN 1     18.37                     17.92   0.45    19.51

SNOWFALL (IN)
  TODAY            0.0           0.0    MM   0.0             0.0
  MONTH TO DATE    0.0                       0.0             0.0
  SINCE JUN 1      0.0                       0.0             0.0
  SINCE JUL 1      0.0                       0.0             0.0
  SNOW DEPTH       0

DEGREE DAYS
 HEATING
  TODAY            0                         1     -1        2
  MONTH TO DATE   18                        30    -12       39
  SINCE JUN 1     79                       119    -40       61
  SINCE JUL 1     18                        30    -12       39

 COOLING
  TODAY           10                         5      5        0
  MONTH TO DATE  157                       150      7       81
  SINCE JAN 1    222                       254    -32      216
..................................................................


WIND (MPH)
  HIGHEST WIND SPEED    24   HIGHEST WIND DIRECTION     W (290)
  HIGHEST GUST SPEED    31   HIGHEST GUST DIRECTION     W (290)
  AVERAGE WIND SPEED    14.9


SKY COVER
  POSSIBLE SUNSHINE  MM
  AVERAGE SKY COVER 0.2


WEATHER CONDITIONS
 THE FOLLOWING WEATHER WAS RECORDED TODAY.
  NO SIGNIFICANT WEATHER WAS OBSERVED.


RELATIVE HUMIDITY (PERCENT)
 HIGHEST    73           400 AM
 LOWEST     34           100 PM
 AVERAGE    54

..........................................................


THE WAUSAU WI CLIMATE NORMALS FOR TOMORROW
                         NORMAL    RECORD    YEAR
 MAXIMUM TEMPERATURE (F)   80        98      2006
 MINIMUM TEMPERATURE (F)   59        45      1962
                                             1952
                                             1902


SUNRISE AND SUNSET
JULY 30 2015..........SUNRISE   542 AM CDT   SUNSET   828 PM CDT
JULY 31 2015..........SUNRISE   543 AM CDT   SUNSET   826 PM CDT


-  INDICATES NEGATIVE NUMBERS.
R  INDICATES RECORD WAS SET OR TIED.
MM INDICATES DATA IS MISSING.
T  INDICATES TRACE AMOUNT.




$$
