000
CDUS43 KGRB 290624
CLIAUW


CLIMATE REPORT
NATIONAL WEATHER SERVICE GREEN BAY
124 AM CDT FRI JUL 29 2016


...................................

...THE WAUSAU WI CLIMATE SUMMARY FOR JULY 28 2016...

CLIMATE NORMAL PERIOD 1981 TO 2010
CLIMATE RECORD PERIOD 1896 TO 2016


WEATHER ITEM   OBSERVED TIME   RECORD YEAR NORMAL DEPARTURE LAST
                VALUE   (LST)  VALUE       VALUE  FROM      YEAR
                                                  NORMAL
..................................................................
TEMPERATURE (F)
 YESTERDAY
  MAXIMUM         68    722 PM  96    1931  80    -12       85
                                      1916
  MINIMUM         60   1224 PM  47    2013  59      1       64
  AVERAGE         64                        69     -5

PRECIPITATION (IN)
  YESTERDAY        0.62          3.36 1953   0.13   0.49     0.00
  MONTH TO DATE    4.60                      3.44   1.16     3.08
  SINCE JUN 1      9.82                      7.75   2.07     7.64
  SINCE JAN 1     21.48                     17.66   3.82    18.37

SNOWFALL (IN)
  YESTERDAY        0.0           0.0    MM   0.0    0.0      0.0
  MONTH TO DATE    0.0                       0.0    0.0      0.0
  SINCE JUL 1      0.0                       0.0    0.0      0.0
  SNOW DEPTH       0

DEGREE DAYS
 HEATING
  YESTERDAY        1                         1      0        0
  MONTH TO DATE    9                        28    -19       18
  SINCE JUN 1     39                       117    -78       79
  SINCE JUL 1      9                        28    -19       18

 COOLING
  YESTERDAY        0                         5     -5       10
  MONTH TO DATE  165                       140     25      136
  SINCE JUN 1    269                       225     44      183
  SINCE JAN 1    316                       244     72      201
..................................................................


WIND (MPH)
  HIGHEST WIND SPEED    12   HIGHEST WIND DIRECTION    NE (60)
  HIGHEST GUST SPEED    17   HIGHEST GUST DIRECTION     E (80)
  AVERAGE WIND SPEED     4.4


SKY COVER
  POSSIBLE SUNSHINE  MM
  AVERAGE SKY COVER 1.0


WEATHER CONDITIONS
 THE FOLLOWING WEATHER WAS RECORDED YESTERDAY.
  HEAVY RAIN
  RAIN
  LIGHT RAIN
  FOG


RELATIVE HUMIDITY (PERCENT)
 HIGHEST    97           700 AM
 LOWEST     78           300 PM
 AVERAGE    88

..........................................................


THE WAUSAU WI CLIMATE NORMALS FOR TODAY
                         NORMAL    RECORD    YEAR
 MAXIMUM TEMPERATURE (F)   80        97      1916
 MINIMUM TEMPERATURE (F)   59        44      1952


SUNRISE AND SUNSET
JULY 29 2016..........SUNRISE   541 AM CDT   SUNSET   828 PM CDT
JULY 30 2016..........SUNRISE   542 AM CDT   SUNSET   827 PM CDT


-  INDICATES NEGATIVE NUMBERS.
R  INDICATES RECORD WAS SET OR TIED.
MM INDICATES DATA IS MISSING.
T  INDICATES TRACE AMOUNT.




$$
