000
CDUS43 KGRB 220755
CLIAUW


CLIMATE REPORT
NATIONAL WEATHER SERVICE GREEN BAY
154 AM CST SUN JAN 22 2017


...................................

...THE WAUSAU WI CLIMATE SUMMARY FOR JANUARY 21 2017...

CLIMATE NORMAL PERIOD 1981 TO 2010
CLIMATE RECORD PERIOD 1896 TO 2017


WEATHER ITEM   OBSERVED TIME   RECORD YEAR NORMAL DEPARTURE LAST
                VALUE   (LST)  VALUE       VALUE  FROM      YEAR
                                                  NORMAL
..................................................................
TEMPERATURE (F)
 YESTERDAY
  MAXIMUM         36    252 PM  46    1908  23     13       26
  MINIMUM         32    506 AM -27    1963   6     26       17
  AVERAGE         34                        14     20

PRECIPITATION (IN)
  YESTERDAY        T             1.02 1917   0.03  -0.03      T
  MONTH TO DATE    1.83                      0.71   1.12     0.61
  SINCE DEC 1      4.49                      2.07   2.42     5.56
  SINCE JAN 1      1.83                      0.71   1.12     0.61

SNOWFALL (IN)
  YESTERDAY        0.0          10.2  1917   0.5   -0.5      0.1
  MONTH TO DATE   11.8                       9.2    2.6      3.7
  SINCE JUL 1     39.0                      31.4    7.6     13.3
  SNOW DEPTH      10

DEGREE DAYS
 HEATING
  YESTERDAY       31                        51    -20       43
  MONTH TO DATE 1068                      1065      3     1079
  SINCE DEC 1   2485                      2492     -7     2113
  SINCE JUL 1   3763                      4351   -588     3519

 COOLING
  YESTERDAY        0                         0      0        0
  MONTH TO DATE    0                         0      0        0
  SINCE DEC 1      0                         0      0        0
  SINCE JAN 1      0                         0      0        0
..................................................................


WIND (MPH)
  HIGHEST WIND SPEED    14   HIGHEST WIND DIRECTION     E (90)
  HIGHEST GUST SPEED    18   HIGHEST GUST DIRECTION     E (90)
  AVERAGE WIND SPEED     5.6


SKY COVER
  POSSIBLE SUNSHINE  MM
  AVERAGE SKY COVER 1.0


WEATHER CONDITIONS
 THE FOLLOWING WEATHER WAS RECORDED YESTERDAY.
  LIGHT RAIN
  FOG
  FOG W/VISIBILITY <= 1/4 MILE


RELATIVE HUMIDITY (PERCENT)
 HIGHEST   100          1200 AM
 LOWEST    100          1200 AM
 AVERAGE   100

..........................................................


THE WAUSAU WI CLIMATE NORMALS FOR TODAY
                         NORMAL    RECORD    YEAR
 MAXIMUM TEMPERATURE (F)   23        48      1964
 MINIMUM TEMPERATURE (F)    6       -28      1963


SUNRISE AND SUNSET
JANUARY 22 2017.......SUNRISE   728 AM CST   SUNSET   453 PM CST
JANUARY 23 2017.......SUNRISE   727 AM CST   SUNSET   454 PM CST


-  INDICATES NEGATIVE NUMBERS.
R  INDICATES RECORD WAS SET OR TIED.
MM INDICATES DATA IS MISSING.
T  INDICATES TRACE AMOUNT.




$$
