000
CDUS43 KGRB 310734
CLIAUW


CLIMATE REPORT
NATIONAL WEATHER SERVICE GREEN BAY
229 AM CDT MON AUG 31 2015


...................................

...THE WAUSAU WI CLIMATE SUMMARY FOR AUGUST 30 2015...

CLIMATE NORMAL PERIOD 1981 TO 2010
CLIMATE RECORD PERIOD 1896 TO 2015


WEATHER ITEM   OBSERVED TIME   RECORD YEAR NORMAL DEPARTURE LAST
                VALUE   (LST)  VALUE       VALUE  FROM      YEAR
                                                  NORMAL
..................................................................
TEMPERATURE (F)
 YESTERDAY
  MAXIMUM         78    343 PM  93    2012  75      3       74
                                      1908
  MINIMUM         51    551 AM  32    1915  55     -4       62
  AVERAGE         65                        65      0

PRECIPITATION (IN)
  YESTERDAY        0.00          1.94 1941   0.13  -0.13     0.90
  MONTH TO DATE    3.62                      4.03  -0.41     7.05
  SINCE JUN 1     11.26                     12.17  -0.91    15.16
  SINCE JAN 1     21.99                     22.08  -0.09    26.60

SNOWFALL (IN)
  YESTERDAY        0.0           0.0    MM   0.0    0.0      0.0
  MONTH TO DATE    0.0                       0.0    0.0      0.0
  SINCE JUL 1      0.0                       0.0    0.0      0.0
  SNOW DEPTH       0

DEGREE DAYS
 HEATING
  YESTERDAY        0                         3     -3        0
  MONTH TO DATE   44                        40      4       15
  SINCE JUN 1    123                       152    -29       76
  SINCE JUL 1     62                        63     -1       54

 COOLING
  YESTERDAY        0                         2     -2        3
  MONTH TO DATE  104                       114    -10      102
  SINCE JUN 1    315                       355    -40      296
  SINCE JAN 1    333                       374    -41      321
..................................................................


WIND (MPH)
  HIGHEST WIND SPEED    13   HIGHEST WIND DIRECTION     S (180)
  HIGHEST GUST SPEED    15   HIGHEST GUST DIRECTION     S (180)
  AVERAGE WIND SPEED     4.8


SKY COVER
  POSSIBLE SUNSHINE  MM
  AVERAGE SKY COVER 0.5


WEATHER CONDITIONS
 THE FOLLOWING WEATHER WAS RECORDED YESTERDAY.
  FOG
  FOG W/VISIBILITY <= 1/4 MILE


RELATIVE HUMIDITY (PERCENT)
 HIGHEST   100          1200 AM
 LOWEST     60           300 PM
 AVERAGE    80

..........................................................


THE WAUSAU WI CLIMATE NORMALS FOR TODAY
                         NORMAL    RECORD    YEAR
 MAXIMUM TEMPERATURE (F)   75        93      1898
 MINIMUM TEMPERATURE (F)   54        35      1915


SUNRISE AND SUNSET
AUGUST 31 2015........SUNRISE   619 AM CDT   SUNSET   738 PM CDT
SEPTEMBER  1 2015.....SUNRISE   620 AM CDT   SUNSET   736 PM CDT


-  INDICATES NEGATIVE NUMBERS.
R  INDICATES RECORD WAS SET OR TIED.
MM INDICATES DATA IS MISSING.
T  INDICATES TRACE AMOUNT.




$$
