000
CDUS43 KGRB 190659
CLIAUW


CLIMATE REPORT
NATIONAL WEATHER SERVICE GREEN BAY
158 AM CDT SAT AUG 19 2017


...................................

...THE WAUSAU WI CLIMATE SUMMARY FOR AUGUST 18 2017...

CLIMATE NORMAL PERIOD 1981 TO 2010
CLIMATE RECORD PERIOD 1896 TO 2017


WEATHER ITEM   OBSERVED TIME   RECORD YEAR NORMAL DEPARTURE LAST
                VALUE   (LST)  VALUE       VALUE  FROM      YEAR
                                                  NORMAL
..................................................................
TEMPERATURE (F)
 YESTERDAY
  MAXIMUM         69    111 PM  94    1947  78     -9       84
                                      1916
  MINIMUM         61   1210 AM  38    1950  57      4       60
  AVERAGE         65                        67     -2

PRECIPITATION (IN)
  YESTERDAY        T             2.03 1990   0.13  -0.13     0.00
  MONTH TO DATE    2.42                      2.47  -0.05     2.39
  SINCE JUN 1     12.33                     10.61   1.72    12.21
  SINCE JAN 1     28.12                     20.52   7.60    23.87

SNOWFALL (IN)
  YESTERDAY        0.0           0.0    MM   0.0    0.0      0.0
  MONTH TO DATE    0.0                       0.0    0.0      0.0
  SINCE JUL 1      0.0                       0.0    0.0      0.0
  SNOW DEPTH       0

DEGREE DAYS
 HEATING
  YESTERDAY        0                         1     -1        0
  MONTH TO DATE   19                        18      1        0
  SINCE JUN 1     76                       130    -54       39
  SINCE JUL 1     22                        41    -19        9

 COOLING
  YESTERDAY        0                         4     -4        7
  MONTH TO DATE   26                        78    -52      126
  SINCE JUN 1    255                       319    -64      401
  SINCE JAN 1    256                       338    -82      448
..................................................................


WIND (MPH)
  HIGHEST WIND SPEED    17   HIGHEST WIND DIRECTION    NW (300)
  HIGHEST GUST SPEED    23   HIGHEST GUST DIRECTION     W (290)
  AVERAGE WIND SPEED     9.6


SKY COVER
  POSSIBLE SUNSHINE  MM
  AVERAGE SKY COVER 0.6


WEATHER CONDITIONS
 THE FOLLOWING WEATHER WAS RECORDED YESTERDAY.
  LIGHT RAIN
  FOG


RELATIVE HUMIDITY (PERCENT)
 HIGHEST    93           200 AM
 LOWEST     66           100 PM
 AVERAGE    80

..........................................................


THE WAUSAU WI CLIMATE NORMALS FOR TODAY
                         NORMAL    RECORD    YEAR
 MAXIMUM TEMPERATURE (F)   78        95      1955
 MINIMUM TEMPERATURE (F)   57        41      1897


SUNRISE AND SUNSET
AUGUST 19 2017........SUNRISE   605 AM CDT   SUNSET   758 PM CDT
AUGUST 20 2017........SUNRISE   607 AM CDT   SUNSET   756 PM CDT


-  INDICATES NEGATIVE NUMBERS.
R  INDICATES RECORD WAS SET OR TIED.
MM INDICATES DATA IS MISSING.
T  INDICATES TRACE AMOUNT.




$$
