000
CDUS43 KGRB 090807
CLIAUW


CLIMATE REPORT
NATIONAL WEATHER SERVICE GREEN BAY
205 AM CST FRI DEC 9 2016


...................................

...THE WAUSAU WI CLIMATE SUMMARY FOR DECEMBER 8 2016...

CLIMATE NORMAL PERIOD 1981 TO 2010
CLIMATE RECORD PERIOD 1896 TO 2016


WEATHER ITEM   OBSERVED TIME   RECORD YEAR NORMAL DEPARTURE LAST
                VALUE   (LST)  VALUE       VALUE  FROM      YEAR
                                                  NORMAL
..................................................................
TEMPERATURE (F)
 YESTERDAY
  MAXIMUM         26    123 PM  52    1946  29     -3       42
  MINIMUM         14    254 AM -17    1927  14      0       35
  AVERAGE         20                        21     -1

PRECIPITATION (IN)
  YESTERDAY       MM             0.35 1963   0.05  MM         T
  MONTH TO DATE    0.39                      0.40  -0.01     0.29
  SINCE DEC 1      0.39                      0.40  -0.01     0.29
  SINCE JAN 1     34.71                     31.45   3.26    32.64

SNOWFALL (IN)
  YESTERDAY       MM             4.5  2009   0.4   MM        0.0
                                      1947
  MONTH TO DATE    4.9                       3.4    1.5      1.4
  SINCE JUL 1      8.0                      11.7   -3.7      1.6
  SNOW DEPTH      MM

DEGREE DAYS
 HEATING
  YESTERDAY       45                        44      1       26
  MONTH TO DATE  299                       338    -39      238
  SINCE DEC 1    299                       338    -39      238
  SINCE JUL 1   1577                      2197   -620     1644

 COOLING
  YESTERDAY        0                         0      0        0
  MONTH TO DATE    0                         0      0        0
  SINCE DEC 1      0                         0      0        0
  SINCE JAN 1    512                       407    105      435
..................................................................


WIND (MPH)
  HIGHEST WIND SPEED    21   HIGHEST WIND DIRECTION     W (270)
  HIGHEST GUST SPEED    27   HIGHEST GUST DIRECTION     W (270)
  AVERAGE WIND SPEED    12.6


SKY COVER
  POSSIBLE SUNSHINE  MM
  AVERAGE SKY COVER 0.9


WEATHER CONDITIONS
 THE FOLLOWING WEATHER WAS RECORDED YESTERDAY.
  LIGHT SNOW
  FOG


RELATIVE HUMIDITY (PERCENT)
 HIGHEST    88           700 AM
 LOWEST     68          1200 PM
 AVERAGE    78

..........................................................


THE WAUSAU WI CLIMATE NORMALS FOR TODAY
                         NORMAL    RECORD    YEAR
 MAXIMUM TEMPERATURE (F)   28        50      1946
 MINIMUM TEMPERATURE (F)   14       -20      1927


SUNRISE AND SUNSET
DECEMBER  9 2016......SUNRISE   725 AM CST   SUNSET   417 PM CST
DECEMBER 10 2016......SUNRISE   726 AM CST   SUNSET   417 PM CST


-  INDICATES NEGATIVE NUMBERS.
R  INDICATES RECORD WAS SET OR TIED.
MM INDICATES DATA IS MISSING.
T  INDICATES TRACE AMOUNT.

$$
