000
CDUS43 KGRB 010628
CLIAUW


CLIMATE REPORT
NATIONAL WEATHER SERVICE GREEN BAY
128 AM CDT SAT OCT 1 2016


...................................

...THE WAUSAU WI CLIMATE SUMMARY FOR SEPTEMBER 30 2016...

CLIMATE NORMAL PERIOD 1981 TO 2010
CLIMATE RECORD PERIOD 1896 TO 2016


WEATHER ITEM   OBSERVED TIME   RECORD YEAR NORMAL DEPARTURE LAST
                VALUE   (LST)  VALUE       VALUE  FROM      YEAR
                                                  NORMAL
..................................................................
TEMPERATURE (F)
 YESTERDAY
  MAXIMUM         70    153 PM  85    1897  62      8       62
  MINIMUM         49    449 AM  18    1899  42      7       36
  AVERAGE         60                        52      8

PRECIPITATION (IN)
  YESTERDAY        0.00          2.06 1981   0.12  -0.12     0.00
  MONTH TO DATE    4.77                      3.90   0.87     5.21
  SINCE SEP 1      4.77                      3.90   0.87     5.21
  SINCE JAN 1     30.12                     26.11   4.01    27.20

SNOWFALL (IN)
  YESTERDAY        0.0           0.0    MM   0.0    0.0      0.0
  MONTH TO DATE    0.0                       0.0    0.0      0.0
  SINCE JUL 1      0.0                       0.0    0.0      0.0
  SNOW DEPTH       0

DEGREE DAYS
 HEATING
  YESTERDAY        5                        13     -8       16
  MONTH TO DATE   97                       227   -130       92
  SINCE SEP 1     97                       227   -130       92
  SINCE JUL 1    119                       293   -174      154

 COOLING
  YESTERDAY        0                         0      0        0
  MONTH TO DATE   24                        30     -6       97
  SINCE SEP 1     24                        30     -6       97
  SINCE JAN 1    511                       405    106      435
..................................................................


WIND (MPH)
  HIGHEST WIND SPEED    16   HIGHEST WIND DIRECTION     E (80)
  HIGHEST GUST SPEED    21   HIGHEST GUST DIRECTION     E (80)
  AVERAGE WIND SPEED     6.5


SKY COVER
  POSSIBLE SUNSHINE  MM
  AVERAGE SKY COVER 0.6


WEATHER CONDITIONS
 THE FOLLOWING WEATHER WAS RECORDED YESTERDAY.
  NO SIGNIFICANT WEATHER WAS OBSERVED.


RELATIVE HUMIDITY (PERCENT)
 HIGHEST    89           100 AM
 LOWEST     51          1200 PM
 AVERAGE    70

..........................................................


THE WAUSAU WI CLIMATE NORMALS FOR TODAY
                         NORMAL    RECORD    YEAR
 MAXIMUM TEMPERATURE (F)   62        91      1976
 MINIMUM TEMPERATURE (F)   42        25      1947


SUNRISE AND SUNSET
OCTOBER  1 2016.......SUNRISE   657 AM CDT   SUNSET   638 PM CDT
OCTOBER  2 2016.......SUNRISE   658 AM CDT   SUNSET   636 PM CDT


-  INDICATES NEGATIVE NUMBERS.
R  INDICATES RECORD WAS SET OR TIED.
MM INDICATES DATA IS MISSING.
T  INDICATES TRACE AMOUNT.




$$
