000
CDUS43 KGRB 280653
CLIAUW


CLIMATE REPORT
NATIONAL WEATHER SERVICE GREEN BAY
153 AM CDT SUN AUG 28 2016


...................................

...THE WAUSAU WI CLIMATE SUMMARY FOR AUGUST 27 2016...

CLIMATE NORMAL PERIOD 1981 TO 2010
CLIMATE RECORD PERIOD 1896 TO 2016


WEATHER ITEM   OBSERVED TIME   RECORD YEAR NORMAL DEPARTURE LAST
                VALUE   (LST)  VALUE       VALUE  FROM      YEAR
                                                  NORMAL
..................................................................
TEMPERATURE (F)
 YESTERDAY
  MAXIMUM         66   1207 PM  97    1973  76    -10       75
  MINIMUM         58    621 AM  36    1915  55      3       47
  AVERAGE         62                        66     -4

PRECIPITATION (IN)
  YESTERDAY        0.09          1.05 1980   0.12  -0.03     0.00
  MONTH TO DATE    3.87                      3.65   0.22     3.60
  SINCE JUN 1     13.69                     11.79   1.90    11.24
  SINCE JAN 1     25.35                     21.70   3.65    21.97

SNOWFALL (IN)
  YESTERDAY        0.0           0.0    MM   0.0    0.0      0.0
  MONTH TO DATE    0.0                       0.0    0.0      0.0
  SINCE JUL 1      0.0                       0.0    0.0      0.0
  SNOW DEPTH       0

DEGREE DAYS
 HEATING
  YESTERDAY        3                         2      1        4
  MONTH TO DATE   12                        33    -21       39
  SINCE JUN 1     51                       145    -94      118
  SINCE JUL 1     21                        56    -35       57

 COOLING
  YESTERDAY        0                         3     -3        0
  MONTH TO DATE  149                       106     43      104
  SINCE JUN 1    424                       347     77      315
  SINCE JAN 1    471                       366    105      333
..................................................................


WIND (MPH)
  HIGHEST WIND SPEED    13   HIGHEST WIND DIRECTION    SE (120)
  HIGHEST GUST SPEED    17   HIGHEST GUST DIRECTION    SE (120)
  AVERAGE WIND SPEED     6.7


SKY COVER
  POSSIBLE SUNSHINE  MM
  AVERAGE SKY COVER 0.8


WEATHER CONDITIONS
 THE FOLLOWING WEATHER WAS RECORDED YESTERDAY.
  LIGHT RAIN
  FOG


RELATIVE HUMIDITY (PERCENT)
 HIGHEST   100           200 AM
 LOWEST     73          1200 PM
 AVERAGE    87

..........................................................


THE WAUSAU WI CLIMATE NORMALS FOR TODAY
                         NORMAL    RECORD    YEAR
 MAXIMUM TEMPERATURE (F)   76        94      1984
 MINIMUM TEMPERATURE (F)   55        39      1934


SUNRISE AND SUNSET
AUGUST 28 2016........SUNRISE   616 AM CDT   SUNSET   742 PM CDT
AUGUST 29 2016........SUNRISE   618 AM CDT   SUNSET   740 PM CDT


-  INDICATES NEGATIVE NUMBERS.
R  INDICATES RECORD WAS SET OR TIED.
MM INDICATES DATA IS MISSING.
T  INDICATES TRACE AMOUNT.




$$
