000
CDUS42 KGSP 260632
CLIAVL

CLIMATE REPORT
NATIONAL WEATHER SERVICE GREENVILLE-SPARTANBURG SC
232 AM EDT FRI MAY 26 2017


...................................

...THE ASHEVILLE NC CLIMATE SUMMARY FOR MAY 25 2017...

CLIMATE NORMAL PERIOD 1981 TO 2010
CLIMATE RECORD PERIOD 1869 TO 2017


WEATHER ITEM   OBSERVED TIME   RECORD YEAR NORMAL DEPARTURE LAST
                VALUE   (LST)  VALUE       VALUE  FROM      YEAR
                                                  NORMAL
..................................................................
TEMPERATURE (F)
 YESTERDAY
  MAXIMUM         66    539 PM  89    1896  77    -11       81
  MINIMUM         51    543 AM  39    1925  54     -3       50
  AVERAGE         59                        65     -6       66

PRECIPITATION (IN)
  YESTERDAY        0.00          1.11 1939   0.12  -0.12      T
  MONTH TO DATE    6.86                      2.90   3.96     1.55
  SINCE MAR 1     18.43                     10.06   8.37     5.61
  SINCE JAN 1     22.85                     17.49   5.36    14.59

SNOWFALL (IN)
  YESTERDAY        0.0           T    1979   0.0             0.0
  MONTH TO DATE    0.0                       0.0             0.0
  SINCE MAR 1      2.1                       2.6              T
  SINCE JUL 1      9.4                       9.9            13.9
  SNOW DEPTH       0

DEGREE DAYS
 HEATING
  YESTERDAY        6                         2      4        0
  MONTH TO DATE   69                        99    -30       93
  SINCE MAR 1    728                       954   -226      709
  SINCE JUL 1   3122                      4171  -1049     3456

 COOLING
  YESTERDAY        0                         3     -3        1
  MONTH TO DATE   48                        35     13       26
  SINCE MAR 1     76                        43     33       42
  SINCE JAN 1     76                        43     33       42
..................................................................


WIND (MPH)
  HIGHEST WIND SPEED    16   HIGHEST WIND DIRECTION    NW (300)
  HIGHEST GUST SPEED    24   HIGHEST GUST DIRECTION     W (290)
  AVERAGE WIND SPEED     8.2


SKY COVER
  POSSIBLE SUNSHINE  MM
  AVERAGE SKY COVER 0.5


WEATHER CONDITIONS
 THE FOLLOWING WEATHER WAS RECORDED YESTERDAY.
  NO SIGNIFICANT WEATHER WAS OBSERVED.


RELATIVE HUMIDITY (PERCENT)
 HIGHEST    93           200 AM
 LOWEST     44          1100 AM
 AVERAGE    69

..........................................................


THE ASHEVILLE NC CLIMATE NORMALS FOR TODAY
                         NORMAL    RECORD    YEAR
 MAXIMUM TEMPERATURE (F)   77        88      1989
                                             1916
 MINIMUM TEMPERATURE (F)   54        34      1925


SUNRISE AND SUNSET
MAY 26 2017...........SUNRISE   619 AM EDT   SUNSET   836 PM EDT
MAY 27 2017...........SUNRISE   618 AM EDT   SUNSET   837 PM EDT


-  INDICATES NEGATIVE NUMBERS.
R  INDICATES RECORD WAS SET OR TIED.
MM INDICATES DATA IS MISSING.
T  INDICATES TRACE AMOUNT.




$$
