000
CDUS42 KGSP 280630
CLIAVL

CLIMATE REPORT
NATIONAL WEATHER SERVICE GREENVILLE-SPARTANBURG SC
126 AM EST WED JAN 28 2015


...................................

...THE ASHEVILLE NC CLIMATE SUMMARY FOR JANUARY 27 2015...

CLIMATE NORMAL PERIOD 1981 TO 2010
CLIMATE RECORD PERIOD 1869 TO 2015


WEATHER ITEM   OBSERVED TIME   RECORD YEAR NORMAL DEPARTURE LAST
                VALUE   (LST)  VALUE       VALUE  FROM      YEAR
                                                  NORMAL
..................................................................
TEMPERATURE (F)
 YESTERDAY
  MAXIMUM         36    123 PM  80    1999  48    -12       52
  MINIMUM         27   1159 PM   2    1986  27      0       22
  AVERAGE         32                        38     -6       37

PRECIPITATION (IN)
  YESTERDAY        T             1.76 1998   0.12  -0.12     0.00
  MONTH TO DATE    3.06                      3.18  -0.12     2.19
  SINCE DEC 1      5.46                      6.77  -1.31     9.86
  SINCE JAN 1      3.06                      3.18  -0.12     2.19

SNOWFALL (IN)
  YESTERDAY        T            11.9  1998   0.1             0.0
  MONTH TO DATE    T                         3.6             0.2
  SINCE DEC 1      T                         4.5             0.2
  SINCE JUL 1      3.2                       4.6             0.4
  SNOW DEPTH       0

DEGREE DAYS
 HEATING
  YESTERDAY       33                        28      5       28
  MONTH TO DATE  744                       756    -12      890
  SINCE DEC 1   1383                      1550   -167     1587
  SINCE JUL 1   2298                      2417   -119     2470

 COOLING
  YESTERDAY        0                         0      0        0
  MONTH TO DATE    0                         0      0        0
  SINCE DEC 1      0                         0      0        0
  SINCE JAN 1      0                         0      0        0
..................................................................


WIND (MPH)
  HIGHEST WIND SPEED    29   HIGHEST WIND DIRECTION     N (340)
  HIGHEST GUST SPEED    37   HIGHEST GUST DIRECTION    NW (330)
  AVERAGE WIND SPEED    14.6


SKY COVER
  POSSIBLE SUNSHINE  MM
  AVERAGE SKY COVER 0.7


WEATHER CONDITIONS
 THE FOLLOWING WEATHER WAS RECORDED YESTERDAY.
  LIGHT SNOW


RELATIVE HUMIDITY (PERCENT)
 HIGHEST    78           800 AM
 LOWEST     56           100 PM
 AVERAGE    67

..........................................................


THE ASHEVILLE NC CLIMATE NORMALS FOR TODAY
                         NORMAL    RECORD    YEAR
 MAXIMUM TEMPERATURE (F)   48        75      1914
 MINIMUM TEMPERATURE (F)   27        -2      1986
                                             1897


SUNRISE AND SUNSET
JANUARY 28 2015.......SUNRISE   733 AM EST   SUNSET   554 PM EST
JANUARY 29 2015.......SUNRISE   732 AM EST   SUNSET   555 PM EST


-  INDICATES NEGATIVE NUMBERS.
R  INDICATES RECORD WAS SET OR TIED.
MM INDICATES DATA IS MISSING.
T  INDICATES TRACE AMOUNT.

$$
07
