000
CDUS42 KGSP 070713
CLIAVL

CLIMATE REPORT
NATIONAL WEATHER SERVICE GREENVILLE-SPARTANBURG SC
310 AM EDT TUE JUL 7 2015

...................................

...THE ASHEVILLE NC CLIMATE SUMMARY FOR JULY 6 2015...

CLIMATE NORMAL PERIOD 1981 TO 2010
CLIMATE RECORD PERIOD 1869 TO 2015


WEATHER ITEM   OBSERVED TIME   RECORD YEAR NORMAL DEPARTURE LAST
                VALUE   (LST)  VALUE       VALUE  FROM      YEAR
                                                  NORMAL
..................................................................
TEMPERATURE (F)
 YESTERDAY
  MAXIMUM         84    308 PM  93    1993  84      0       80
                                      1953
  MINIMUM         64    452 AM  51    1933  63      1       54
  AVERAGE         74                        74      0       67

PRECIPITATION (IN)
  YESTERDAY        0.00          1.35 2008   0.13  -0.13     0.00
  MONTH TO DATE    0.37                      0.85  -0.48      T
  SINCE JUN 1      6.79                      5.50   1.29     5.39
  SINCE JAN 1     21.04                     23.75  -2.71    21.90

SNOWFALL (IN)
  YESTERDAY        0.0           0.0    MM   0.0             0.0
  MONTH TO DATE    0.0                       0.0             0.0
  SINCE JUN 1      0.0                       0.0             0.0
  SINCE JUL 1      0.0                       0.0             0.0
  SNOW DEPTH       0

DEGREE DAYS
 HEATING
  YESTERDAY        0                         0      0        0
  MONTH TO DATE    0                         0      0        0
  SINCE JUN 1      0                        14    -14        0
  SINCE JUL 1      0                         0      0        0

 COOLING
  YESTERDAY        9                         9      0        2
  MONTH TO DATE   43                        50     -7       41
  SINCE JUN 1    306                       227     79      267
  SINCE JAN 1    428                       285    143      348
..................................................................


WIND (MPH)
  HIGHEST WIND SPEED    15   HIGHEST WIND DIRECTION     N (340)
  HIGHEST GUST SPEED    19   HIGHEST GUST DIRECTION    NW (330)
  AVERAGE WIND SPEED     3.9


SKY COVER
  POSSIBLE SUNSHINE  MM
  AVERAGE SKY COVER 0.4


WEATHER CONDITIONS
 THE FOLLOWING WEATHER WAS RECORDED YESTERDAY.
  THUNDERSTORM


RELATIVE HUMIDITY (PERCENT)
 HIGHEST    93           100 AM
 LOWEST     51           300 PM
 AVERAGE    72

..........................................................


THE ASHEVILLE NC CLIMATE NORMALS FOR TODAY
                         NORMAL    RECORD    YEAR
 MAXIMUM TEMPERATURE (F)   84        95      1993
 MINIMUM TEMPERATURE (F)   63        50      1972


SUNRISE AND SUNSET
JULY  7 2015..........SUNRISE   622 AM EDT   SUNSET   848 PM EDT
JULY  8 2015..........SUNRISE   622 AM EDT   SUNSET   848 PM EDT


-  INDICATES NEGATIVE NUMBERS.
R  INDICATES RECORD WAS SET OR TIED.
MM INDICATES DATA IS MISSING.
T  INDICATES TRACE AMOUNT.

$$
