000
CDUS42 KGSP 012035
CLIAVL

CLIMATE REPORT
NATIONAL WEATHER SERVICE GREENVILLE-SPARTANBURG SC
430 PM EDT SAT AUG 1 2015


...................................

...THE ASHEVILLE NC CLIMATE SUMMARY FOR AUGUST 1 2015...VALID TODAY
AS OF 430 PM LOCAL TIME.

CLIMATE NORMAL PERIOD 1981 TO 2010
CLIMATE RECORD PERIOD 1869 TO 2015


WEATHER ITEM   OBSERVED TIME   RECORD YEAR NORMAL DEPARTURE LAST
                VALUE   (LST)  VALUE       VALUE  FROM      YEAR
                                                  NORMAL
..................................................................
TEMPERATURE (F)
 TODAY
  MAXIMUM         87    257 PM  92    1988  84      3       73
                                      1987
                                      1931
  MINIMUM         64    614 AM  49    1997  64      0       62
                                      1895
  AVERAGE         76                        74      2       68

PRECIPITATION (IN)
  TODAY            0.00          1.97 1948   0.13  -0.13     0.14
  MONTH TO DATE    0.00                      0.13  -0.13     0.14
  SINCE JUN 1      9.08                      9.09  -0.01    10.46
  SINCE JAN 1     23.33                     27.34  -4.01    26.97

SNOWFALL (IN)
  TODAY            0.0           0.0    MM   0.0    0.0      0.0
  MONTH TO DATE    0.0                       0.0    0.0      0.0
  SINCE JUN 1      0.0                       0.0    0.0      0.0
  SINCE JUL 1      0.0                       0.0    0.0      0.0
  SNOW DEPTH       0

DEGREE DAYS
 HEATING
  TODAY            0                         0      0        0
  MONTH TO DATE    0                         0      0        0
  SINCE JUN 1      0                        14    -14        2
  SINCE JUL 1      0                         0      0        2

 COOLING
  TODAY           11                         9      2        3
  MONTH TO DATE   11                         9      2        3
  SINCE JUN 1    614                       461    153      437
  SINCE JAN 1    736                       519    217      518
..................................................................


WIND (MPH)
  HIGHEST WIND SPEED    20   HIGHEST WIND DIRECTION    NW (330)
  HIGHEST GUST SPEED    28   HIGHEST GUST DIRECTION    NW (330)
  AVERAGE WIND SPEED     9.7


SKY COVER
  POSSIBLE SUNSHINE  MM
  AVERAGE SKY COVER 0.3


WEATHER CONDITIONS
 THE FOLLOWING WEATHER WAS RECORDED TODAY.
  NO SIGNIFICANT WEATHER WAS OBSERVED.


RELATIVE HUMIDITY (PERCENT)
 HIGHEST    78           600 AM
 LOWEST     29           200 PM
 AVERAGE    54

..........................................................


THE ASHEVILLE NC CLIMATE NORMALS FOR TOMORROW
                         NORMAL    RECORD    YEAR
 MAXIMUM TEMPERATURE (F)   84        93      2006
                                             1942
 MINIMUM TEMPERATURE (F)   64        48      1895


SUNRISE AND SUNSET
AUGUST  1 2015........SUNRISE   639 AM EDT   SUNSET   834 PM EDT
AUGUST  2 2015........SUNRISE   639 AM EDT   SUNSET   833 PM EDT


-  INDICATES NEGATIVE NUMBERS.
R  INDICATES RECORD WAS SET OR TIED.
MM INDICATES DATA IS MISSING.
T  INDICATES TRACE AMOUNT.




$$
