000
CDUS41 KBGM 280545
CLIAVP


CLIMATE REPORT
NATIONAL WEATHER SERVICE BINGHAMTON NY
144 AM EDT FRI APR 28 2017


...................................

...THE AVOCA PA CLIMATE SUMMARY FOR APRIL 27 2017...

CLIMATE NORMAL PERIOD 1981 TO 2010
CLIMATE RECORD PERIOD 1901 TO 2017


WEATHER ITEM   OBSERVED TIME   RECORD YEAR NORMAL DEPARTURE LAST
                VALUE   (LST)  VALUE       VALUE  FROM      YEAR
                                                  NORMAL
..................................................................
TEMPERATURE (F)
 YESTERDAY
  MAXIMUM         80    255 PM  93    2009  64     16       63
  MINIMUM         56    349 AM  28    2002  42     14       40
  AVERAGE         68                        53     15       52

PRECIPITATION (IN)
  YESTERDAY        T             1.57 1979   0.11  -0.11     0.00
  MONTH TO DATE    2.91                      2.99  -0.08     2.53
  SINCE MAR 1      8.36                      5.54   2.82     4.31
  SINCE JAN 1     14.59                      9.94   4.65    10.11

SNOWFALL (IN)
  YESTERDAY        0.0           0.6  1967   0.1   -0.1      0.0
  MONTH TO DATE    0.1                       3.1   -3.0      2.2
  SINCE MAR 1     30.7                      12.1   18.6      3.5
  SINCE JUL 1     55.5                      46.0    9.5     15.5

DEGREE DAYS
 HEATING
  YESTERDAY        0                        12    -12       13
  MONTH TO DATE  282                       461   -179      461
  SINCE MAR 1   1217                      1332   -115     1092
  SINCE JUL 1   4972                      5938   -966     4662

 COOLING
  YESTERDAY        3                         0      3        0
  MONTH TO DATE   13                         0     13        1
  SINCE MAR 1     13                         0     13        1
  SINCE JAN 1     13                         0     13        1
..................................................................


WIND (MPH)
  HIGHEST WIND SPEED    16   HIGHEST WIND DIRECTION     S (190)
  HIGHEST GUST SPEED    25   HIGHEST GUST DIRECTION    SW (210)
  AVERAGE WIND SPEED     5.5


SKY COVER
  AVERAGE SKY COVER 0.6



RELATIVE HUMIDITY (PERCENT)
 HIGHEST    93           100 AM
 LOWEST     49           300 PM
 AVERAGE    71

..........................................................


THE AVOCA PA CLIMATE NORMALS FOR TODAY
                         NORMAL    RECORD    YEAR
 MAXIMUM TEMPERATURE (F)   64        91      1990
 MINIMUM TEMPERATURE (F)   42        27      1972


SUNRISE AND SUNSET
APRIL 28 2017.........SUNRISE   604 AM EDT   SUNSET   757 PM EDT
APRIL 29 2017.........SUNRISE   603 AM EDT   SUNSET   759 PM EDT


-  INDICATES NEGATIVE NUMBERS.
R  INDICATES RECORD WAS SET OR TIED.
MM INDICATES DATA IS MISSING.
T  INDICATES TRACE AMOUNT.




$$
