429
CDUS41 KBGM 250553
CLIAVP


CLIMATE REPORT
NATIONAL WEATHER SERVICE BINGHAMTON NY
153 AM EDT SUN JUN 25 2017


...................................

...THE AVOCA PA CLIMATE SUMMARY FOR JUNE 24 2017...

CLIMATE NORMAL PERIOD 1981 TO 2010
CLIMATE RECORD PERIOD 1901 TO 2017


WEATHER ITEM   OBSERVED TIME   RECORD YEAR NORMAL DEPARTURE LAST
                VALUE   (LST)  VALUE       VALUE  FROM      YEAR
                                                  NORMAL
..................................................................
TEMPERATURE (F)
 YESTERDAY
  MAXIMUM         85    246 PM  94    1923  80      5       83
                                      1908
  MINIMUM         62   1159 PM  46    1925  59      3       55
                                      1902
  AVERAGE         74                        69      5       69

PRECIPITATION (IN)
  YESTERDAY        0.12          0.92 1989   0.13  -0.01     0.00
  MONTH TO DATE    3.28                      3.27   0.01     1.52
  SINCE JUN 1      3.28                      3.27   0.01     1.52
  SINCE JAN 1     21.61                     17.07   4.54    14.34

SNOWFALL (IN)
  YESTERDAY        0.0           0.0  1995   0.0    0.0      0.0
  MONTH TO DATE    0.0                       0.0    0.0      0.0
  SINCE JUN 1      0.0                       0.0    0.0      0.0
  SINCE JUL 1     55.5                      46.2    9.3     15.5

DEGREE DAYS
 HEATING
  YESTERDAY        0                         1     -1        0
  MONTH TO DATE   41                        51    -10       24
  SINCE JUN 1     41                        51    -10       24
  SINCE JUL 1   5232                      6252  -1020     4966

 COOLING
  YESTERDAY        9                         5      4        4
  MONTH TO DATE  129                        84     45       99
  SINCE JUN 1    129                        84     45       99
  SINCE JAN 1    181                       121     60      171
..................................................................


WIND (MPH)
  HIGHEST WIND SPEED    20   HIGHEST WIND DIRECTION    NW (330)
  HIGHEST GUST SPEED    29   HIGHEST GUST DIRECTION     N (340)
  AVERAGE WIND SPEED     8.1


SKY COVER
  AVERAGE SKY COVER 0.4



RELATIVE HUMIDITY (PERCENT)
 HIGHEST   100           400 AM
 LOWEST     37           200 PM
 AVERAGE    69

..........................................................


THE AVOCA PA CLIMATE NORMALS FOR TODAY
                         NORMAL    RECORD    YEAR
 MAXIMUM TEMPERATURE (F)   80        95      1952
                                             1943
 MINIMUM TEMPERATURE (F)   59        41      1979


SUNRISE AND SUNSET
JUNE 25 2017..........SUNRISE   531 AM EDT   SUNSET   840 PM EDT
JUNE 26 2017..........SUNRISE   531 AM EDT   SUNSET   840 PM EDT


-  INDICATES NEGATIVE NUMBERS.
R  INDICATES RECORD WAS SET OR TIED.
MM INDICATES DATA IS MISSING.
T  INDICATES TRACE AMOUNT.




$$
