000
CDUS41 KBGM 280532
CLIAVP


CLIMATE REPORT
NATIONAL WEATHER SERVICE BINGHAMTON NY
131 AM EDT THU AUG 28 2014


...................................

...THE AVOCA PA CLIMATE SUMMARY FOR AUGUST 27 2014...

CLIMATE NORMAL PERIOD 1981 TO 2010
CLIMATE RECORD PERIOD 1901 TO 2014


WEATHER ITEM   OBSERVED TIME   RECORD YEAR NORMAL DEPARTURE LAST
                VALUE   (LST)  VALUE       VALUE  FROM      YEAR
                                                  NORMAL
..................................................................
TEMPERATURE (F)
 YESTERDAY
  MAXIMUM         88    239 PM  96    1948  78     10       86
  MINIMUM         60    513 AM  44    1910  58      2       67
                                      1904
  AVERAGE         74                        68      6       77

PRECIPITATION (IN)
  YESTERDAY        0.33          1.85 1987   0.10   0.23     0.01
  MONTH TO DATE    3.80                      3.00   0.80     1.30
  SINCE JUN 1      8.45                     10.82  -2.37     8.45
  SINCE JAN 1     21.16                     24.62  -3.46    18.22

SNOWFALL (IN)
  YESTERDAY        0.0           0.0  1995   0.0    0.0      0.0
  MONTH TO DATE    0.0                       0.0    0.0      0.0
  SINCE JUN 1      0.0                       0.0    0.0      0.0
  SINCE JUL 1      0.0                       0.0    0.0      0.0

DEGREE DAYS
 HEATING
  YESTERDAY        0                         1     -1        0
  MONTH TO DATE    7                        10     -3        8
  SINCE JUN 1     20                        72    -52       30
  SINCE JUL 1      9                        18     -9        9

 COOLING
  YESTERDAY        9                         4      5       12
  MONTH TO DATE  143                       147     -4      128
  SINCE JUN 1    537                       470     67      593
  SINCE JAN 1    578                       507     71      657
..................................................................


WIND (MPH)
  HIGHEST WIND SPEED    14   HIGHEST WIND DIRECTION     N (20)
  HIGHEST GUST SPEED    17   HIGHEST GUST DIRECTION     N (10)
  AVERAGE WIND SPEED     3.9


SKY COVER
  AVERAGE SKY COVER 0.4



RELATIVE HUMIDITY (PERCENT)
 HIGHEST    90           100 AM
 LOWEST     46           200 PM
 AVERAGE    68

..........................................................


THE AVOCA PA CLIMATE NORMALS FOR TODAY
                         NORMAL    RECORD    YEAR
 MAXIMUM TEMPERATURE (F)   78        95      1948
 MINIMUM TEMPERATURE (F)   58        44      1957


SUNRISE AND SUNSET
AUGUST 28 2014........SUNRISE   625 AM EDT   SUNSET   742 PM EDT
AUGUST 29 2014........SUNRISE   626 AM EDT   SUNSET   741 PM EDT


-  INDICATES NEGATIVE NUMBERS.
R  INDICATES RECORD WAS SET OR TIED.
MM INDICATES DATA IS MISSING.
T  INDICATES TRACE AMOUNT.




$$
