000
CDUS41 KBGM 302116
CLIAVP


CLIMATE REPORT
NATIONAL WEATHER SERVICE BINGHAMTON NY
516 PM EDT TUE AUG 30 2016


...................................

...THE AVOCA PA CLIMATE SUMMARY FOR AUGUST 30 2016...
VALID TODAY AS OF 0500 PM LOCAL TIME.

CLIMATE NORMAL PERIOD 1981 TO 2010
CLIMATE RECORD PERIOD 1901 TO 2016


WEATHER ITEM   OBSERVED TIME   RECORD YEAR NORMAL DEPARTURE LAST
                VALUE   (LST)  VALUE       VALUE  FROM      YEAR
                                                  NORMAL
..................................................................
TEMPERATURE (F)
 TODAY
  MAXIMUM         83    336 PM  96    1953  78      5       88
  MINIMUM         57    557 AM  41    1986  58     -1       62
                                      1934
  AVERAGE         70                        68      2       75

PRECIPITATION (IN)
  TODAY            0.00          0.98 1955   0.11  -0.11     0.00
  MONTH TO DATE    3.07                      3.31  -0.24     2.36
  SINCE JUN 1      8.74                     11.13  -2.39    11.21
  SINCE JAN 1     21.56                     24.93  -3.37    20.77

SNOWFALL (IN)
  TODAY            0.0           0.0  1995   0.0    0.0      0.0
  MONTH TO DATE    0.0                       0.0    0.0      0.0
  SINCE JUN 1      0.0                       0.0    0.0      0.0
  SINCE JUL 1      0.0                       0.0    0.0      0.0

DEGREE DAYS
 HEATING
  TODAY            0                         1     -1        0
  MONTH TO DATE    1                        13    -12        0
  SINCE JUN 1     25                        75    -50       24
  SINCE JUL 1      1                        21    -20        0

 COOLING
  TODAY            5                         4      1       10
  MONTH TO DATE  292                       159    133      209
  SINCE JUN 1    785                       482    303      617
  SINCE JAN 1    857                       519    338      765
..................................................................


WIND (MPH)
  HIGHEST WIND SPEED    12   HIGHEST WIND DIRECTION     W (250)
  HIGHEST GUST SPEED    14   HIGHEST GUST DIRECTION     W (270)
  AVERAGE WIND SPEED     4.9


SKY COVER
  AVERAGE SKY COVER 0.0


WEATHER CONDITIONS
 THE FOLLOWING WEATHER WAS RECORDED TODAY.
  NO SIGNIFICANT WEATHER WAS OBSERVED.


RELATIVE HUMIDITY (PERCENT)
 HIGHEST    93           400 AM
 LOWEST     42           200 PM
 AVERAGE    68

..........................................................


THE AVOCA PA CLIMATE NORMALS FOR TOMORROW
                         NORMAL    RECORD    YEAR
 MAXIMUM TEMPERATURE (F)   78        95      1953
                                             1932
 MINIMUM TEMPERATURE (F)   57        41      1934


SUNRISE AND SUNSET
AUGUST 30 2016........SUNRISE   628 AM EDT   SUNSET   738 PM EDT
AUGUST 31 2016........SUNRISE   629 AM EDT   SUNSET   737 PM EDT


-  INDICATES NEGATIVE NUMBERS.
R  INDICATES RECORD WAS SET OR TIED.
MM INDICATES DATA IS MISSING.
T  INDICATES TRACE AMOUNT.

$$
