687
CDUS41 KBGM 300216
CLIAVP


CLIMATE REPORT
NATIONAL WEATHER SERVICE BINGHAMTON NY
1016 PM EDT FRI APR 29 2016


...................................

...THE AVOCA PA CLIMATE SUMMARY FOR APRIL 29 2016...
VALID AS OF 1000 PM LOCAL TIME.

CLIMATE NORMAL PERIOD 1981 TO 2010
CLIMATE RECORD PERIOD 1901 TO 2016


WEATHER ITEM   OBSERVED TIME   RECORD YEAR NORMAL DEPARTURE LAST
                VALUE   (LST)  VALUE       VALUE  FROM      YEAR
                                                  NORMAL
..................................................................
TEMPERATURE (F)
 TODAY
  MAXIMUM         55   1040 AM  85    1974  65    -10       73
                                      1962
  MINIMUM         44    859 PM  28    2001  43      1       41
                                      1909
  AVERAGE         50                        54     -4       57

PRECIPITATION (IN)
  TODAY            0.07          1.55 1909   0.11  -0.04     0.00
  MONTH TO DATE    2.69                      3.22  -0.53     2.88
  SINCE MAR 1      4.47                      5.77  -1.30     4.84
  SINCE JAN 1     10.27                     10.17   0.10     7.84

SNOWFALL (IN)
  TODAY            0.0           0.0    MM   0.1   -0.1      0.0
  MONTH TO DATE    2.2                       3.2   -1.0       T
  SINCE MAR 1      3.5                      12.2   -8.7      9.0
  SINCE JUL 1     15.5                      46.1  -30.6     51.4

DEGREE DAYS
 HEATING
  TODAY           15                        12      3        8
  MONTH TO DATE  493                       485      8      447
  SINCE MAR 1   1124                      1356   -232     1442
  SINCE JUL 1   4694                      5962  -1268     6139

 COOLING
  TODAY            0                         0      0        0
  MONTH TO DATE    1                         0      1        0
  SINCE MAR 1      1                         0      1        0
  SINCE JAN 1      1                         0      1        0
..................................................................


WIND (MPH)
  HIGHEST WIND SPEED    12   HIGHEST WIND DIRECTION    SE (120)
  HIGHEST GUST SPEED    18   HIGHEST GUST DIRECTION     S (180)
  AVERAGE WIND SPEED     2.5


SKY COVER
  AVERAGE SKY COVER 1.0


WEATHER CONDITIONS
 THE FOLLOWING WEATHER WAS RECORDED TODAY.
  RAIN
  LIGHT RAIN
  FOG
  HAZE


RELATIVE HUMIDITY (PERCENT)
 HIGHEST    92           100 AM
 LOWEST     45          1100 AM
 AVERAGE    69

..........................................................


THE AVOCA PA CLIMATE NORMALS FOR TOMORROW
                         NORMAL    RECORD    YEAR
 MAXIMUM TEMPERATURE (F)   65        86      1942
                                             1903
 MINIMUM TEMPERATURE (F)   43        30      2012
                                             2008


SUNRISE AND SUNSET
APRIL 29 2016.........SUNRISE   602 AM EDT   SUNSET   759 PM EDT
APRIL 30 2016.........SUNRISE   601 AM EDT   SUNSET   800 PM EDT


-  INDICATES NEGATIVE NUMBERS.
R  INDICATES RECORD WAS SET OR TIED.
MM INDICATES DATA IS MISSING.
T  INDICATES TRACE AMOUNT.

$$
