000
CDUS41 KBGM 290553
CLIAVP


CLIMATE REPORT
NATIONAL WEATHER SERVICE BINGHAMTON NY
152 AM EDT SAT AUG 29 2015


...................................

...THE AVOCA PA CLIMATE SUMMARY FOR AUGUST 28 2015...

CLIMATE NORMAL PERIOD 1981 TO 2010
CLIMATE RECORD PERIOD 1901 TO 2015


WEATHER ITEM   OBSERVED TIME   RECORD YEAR NORMAL DEPARTURE LAST
                VALUE   (LST)  VALUE       VALUE  FROM      YEAR
                                                  NORMAL
..................................................................
TEMPERATURE (F)
 YESTERDAY
  MAXIMUM         77    434 PM  95    1948  78     -1       75
  MINIMUM         54    609 AM  44    1957  58     -4       54
  AVERAGE         66                        68     -2       65

PRECIPITATION (IN)
  YESTERDAY        0.00          3.23 2011   0.10  -0.10     0.00
  MONTH TO DATE    2.36                      3.10  -0.74     3.80
  SINCE JUN 1     11.21                     10.92   0.29     8.45
  SINCE JAN 1     20.77                     24.72  -3.95    21.16

SNOWFALL (IN)
  YESTERDAY        0.0           T    1993   0.0    0.0      0.0
  MONTH TO DATE    0.0                       0.0    0.0      0.0
  SINCE JUN 1      0.0                       0.0    0.0      0.0
  SINCE JUL 1      0.0                       0.0    0.0      0.0

DEGREE DAYS
 HEATING
  YESTERDAY        0                         1     -1        0
  MONTH TO DATE    0                        11    -11        7
  SINCE JUN 1     24                        73    -49       20
  SINCE JUL 1      0                        19    -19        9

 COOLING
  YESTERDAY        1                         4     -3        0
  MONTH TO DATE  195                       151     44      143
  SINCE JUN 1    603                       474    129      537
  SINCE JAN 1    751                       511    240      578
..................................................................


WIND (MPH)
  HIGHEST WIND SPEED    13   HIGHEST WIND DIRECTION     N (360)
  HIGHEST GUST SPEED    16   HIGHEST GUST DIRECTION    NW (330)
  AVERAGE WIND SPEED     4.5


SKY COVER
  AVERAGE SKY COVER 0.3



RELATIVE HUMIDITY (PERCENT)
 HIGHEST    89           400 AM
 LOWEST     40           400 PM
 AVERAGE    65

..........................................................


THE AVOCA PA CLIMATE NORMALS FOR TODAY
                         NORMAL    RECORD    YEAR
 MAXIMUM TEMPERATURE (F)   78        95      1953
 MINIMUM TEMPERATURE (F)   58        38      1982


SUNRISE AND SUNSET
AUGUST 29 2015........SUNRISE   626 AM EDT   SUNSET   741 PM EDT
AUGUST 30 2015........SUNRISE   627 AM EDT   SUNSET   739 PM EDT


-  INDICATES NEGATIVE NUMBERS.
R  INDICATES RECORD WAS SET OR TIED.
MM INDICATES DATA IS MISSING.
T  INDICATES TRACE AMOUNT.




$$
