000
CDUS41 KBGM 220528
CLIAVP


CLIMATE REPORT
NATIONAL WEATHER SERVICE BINGHAMTON NY
126 AM EDT SUN OCT 22 2017


...................................

...THE AVOCA PA CLIMATE SUMMARY FOR OCTOBER 21 2017...

CLIMATE NORMAL PERIOD 1981 TO 2010
CLIMATE RECORD PERIOD 1901 TO 2017


WEATHER ITEM   OBSERVED TIME   RECORD YEAR NORMAL DEPARTURE LAST
                VALUE   (LST)  VALUE       VALUE  FROM      YEAR
                                                  NORMAL
..................................................................
TEMPERATURE (F)
 YESTERDAY
  MAXIMUM         74    351 PM  81    1979  59     15       77
                                      1920
  MINIMUM         40    657 AM  22    1972  39      1       50
  AVERAGE         57                        49      8       64

PRECIPITATION (IN)
  YESTERDAY        0.00          4.01 1995   0.11  -0.11     0.19
  MONTH TO DATE    1.49                      2.35  -0.86     0.96
  SINCE SEP 1      3.21                      6.42  -3.21     3.96
  SINCE JAN 1     33.33                     31.45   1.88    25.52

SNOWFALL (IN)
  YESTERDAY        0.0           T    1989   0.0    0.0      0.0
                                      1974
                                      1972
  MONTH TO DATE    0.0                       0.0    0.0      0.0
  SINCE SEP 1      0.0                       0.0    0.0      0.0
  SINCE JUL 1      0.0                       0.0    0.0      0.0

DEGREE DAYS
 HEATING
  YESTERDAY        8                        16     -8        1
  MONTH TO DATE  116                       266   -150      140
  SINCE SEP 1    208                       402   -194      199
  SINCE JUL 1    225                       428   -203      200

 COOLING
  YESTERDAY        0                         0      0        0
  MONTH TO DATE   37                         0     37        5
  SINCE SEP 1    165                        52    113      132
  SINCE JAN 1    804                       576    228      998
..................................................................


WIND (MPH)
  HIGHEST WIND SPEED     9   HIGHEST WIND DIRECTION     W (250)
  HIGHEST GUST SPEED    12   HIGHEST GUST DIRECTION    SW (240)
  AVERAGE WIND SPEED     3.5


SKY COVER
  AVERAGE SKY COVER 0.0



RELATIVE HUMIDITY (PERCENT)
 HIGHEST    92           700 AM
 LOWEST     27           300 PM
 AVERAGE    60

..........................................................


THE AVOCA PA CLIMATE NORMALS FOR TODAY
                         NORMAL    RECORD    YEAR
 MAXIMUM TEMPERATURE (F)   59        83      1979
 MINIMUM TEMPERATURE (F)   39        22      1940


SUNRISE AND SUNSET
OCTOBER 22 2017.......SUNRISE   723 AM EDT   SUNSET   611 PM EDT
OCTOBER 23 2017.......SUNRISE   724 AM EDT   SUNSET   610 PM EDT


-  INDICATES NEGATIVE NUMBERS.
R  INDICATES RECORD WAS SET OR TIED.
MM INDICATES DATA IS MISSING.
T  INDICATES TRACE AMOUNT.

$$
