000
CDUS43 KGRR 041333
CLIAZO


CLIMATE REPORT
NATIONAL WEATHER SERVICE GRAND RAPIDS, MI
932 AM EDT TUE AUG 4 2015


...................................

...THE KALAMAZOO MI CLIMATE SUMMARY FOR AUGUST 4 2015...
VALID AS OF 0900 AM LOCAL TIME.

CLIMATE NORMAL PERIOD 1981 TO 2010
CLIMATE RECORD PERIOD 1998 TO 2015


WEATHER ITEM   OBSERVED TIME   NORMAL DEPARTURE LAST
                VALUE   (LST)  VALUE  FROM      YEAR
                                      NORMAL
......................................................
TEMPERATURE (F)
 TODAY
  MAXIMUM         71    759 AM  82    -11       85
  MINIMUM         58    628 AM  62     -4       61
  AVERAGE         65            72     -7       73

PRECIPITATION (IN)
  TODAY            0.00          0.09  -0.09     0.02
  MONTH TO DATE    0.83          0.36   0.47     0.08
  SINCE JUN 1      8.69          7.64   1.05     6.90
  SINCE JAN 1     18.40         20.08  -1.68    15.32

DEGREE DAYS
 HEATING
  TODAY            0             0      0        0
  MONTH TO DATE    0             0      0        0
  SINCE JUN 1     30            53    -23       42
  SINCE JUL 1      9             5      4       23

 COOLING
  TODAY            0             7     -7        8
  MONTH TO DATE   26            28     -2       23
  SINCE JUN 1    298           413   -115      314
  SINCE JAN 1    365           454    -89      368
......................................................


WIND (MPH)
  RESULTANT WIND SPEED   3   RESULTANT WIND DIRECTION  SW (230)
  HIGHEST WIND SPEED     7   HIGHEST WIND DIRECTION    SW (240)
  HIGHEST GUST SPEED     8   HIGHEST GUST DIRECTION    SW (230)
  AVERAGE WIND SPEED     3.3


SKY COVER
  AVERAGE SKY COVER 0.1


WEATHER CONDITIONS
 THE FOLLOWING WEATHER WAS RECORDED TODAY.
  NO SIGNIFICANT WEATHER WAS OBSERVED.


RELATIVE HUMIDITY (PERCENT)
 HIGHEST    84           700 AM
 LOWEST     72           100 AM
 AVERAGE    78

..........................................................


THE KALAMAZOO MI CLIMATE NORMALS FOR TOMORROW
                         NORMAL
 MAXIMUM TEMPERATURE (F)   82
 MINIMUM TEMPERATURE (F)   62


SUNRISE AND SUNSET
AUGUST  4 2015........SUNRISE   638 AM EDT   SUNSET   858 PM EDT
AUGUST  5 2015........SUNRISE   639 AM EDT   SUNSET   857 PM EDT


-  INDICATES NEGATIVE NUMBERS.
R  INDICATES RECORD WAS SET OR TIED.
MM INDICATES DATA IS MISSING.
T  INDICATES TRACE AMOUNT.




$$
