000
CDUS43 KGRR 270515
CLIAZO


CLIMATE REPORT
NATIONAL WEATHER SERVICE GRAND RAPIDS, MI
115 AM EDT FRI MAR 27 2015


...................................

...THE KALAMAZOO MI CLIMATE SUMMARY FOR MARCH 26 2015...

CLIMATE NORMAL PERIOD 1981 TO 2010
CLIMATE RECORD PERIOD 1998 TO 2015


WEATHER ITEM   OBSERVED TIME   NORMAL DEPARTURE LAST
                VALUE   (LST)  VALUE  FROM      YEAR
                                      NORMAL
......................................................
TEMPERATURE (F)
 YESTERDAY
  MAXIMUM         42   1240 PM  50     -8       34
  MINIMUM         30   1159 PM  31     -1        9
  AVERAGE         36            41     -5       22

PRECIPITATION (IN)
  YESTERDAY        T             0.07  -0.07      T
  MONTH TO DATE    0.27          1.87  -1.60     1.11
  SINCE MAR 1      0.27          1.87  -1.60     1.11
  SINCE JAN 1      1.80          5.11  -3.31     3.64

DEGREE DAYS
 HEATING
  YESTERDAY       29            24      5       43
  MONTH TO DATE  809           768     41     1035
  SINCE MAR 1    809           768     41     1035
  SINCE JUL 1   6095          5541    554     6203

 COOLING
  YESTERDAY        0             0      0        0
  MONTH TO DATE    0             0      0        0
  SINCE MAR 1      0             0      0        0
  SINCE JAN 1      0             0      0        0
......................................................


WIND (MPH)
  RESULTANT WIND SPEED  11   RESULTANT WIND DIRECTION  NW (310)
  HIGHEST WIND SPEED    22   HIGHEST WIND DIRECTION    NW (310)
  HIGHEST GUST SPEED    25   HIGHEST GUST DIRECTION     W (290)
  AVERAGE WIND SPEED    11.8


SKY COVER
  AVERAGE SKY COVER 0.8


WEATHER CONDITIONS
 THE FOLLOWING WEATHER WAS RECORDED YESTERDAY.
  LIGHT SNOW


RELATIVE HUMIDITY (PERCENT)
 HIGHEST    85           100 AM
 LOWEST     46          1200 PM
 AVERAGE    66

..........................................................


THE KALAMAZOO MI CLIMATE NORMALS FOR TODAY
                         NORMAL
 MAXIMUM TEMPERATURE (F)   51
 MINIMUM TEMPERATURE (F)   31


SUNRISE AND SUNSET
MARCH 27 2015.........SUNRISE   734 AM EDT   SUNSET   802 PM EDT
MARCH 28 2015.........SUNRISE   732 AM EDT   SUNSET   803 PM EDT


-  INDICATES NEGATIVE NUMBERS.
R  INDICATES RECORD WAS SET OR TIED.
MM INDICATES DATA IS MISSING.
T  INDICATES TRACE AMOUNT.




$$
