000
CDUS43 KGRR 031336
CLIAZO


CLIMATE REPORT
NATIONAL WEATHER SERVICE GRAND RAPIDS, MI
932 AM EDT TUE MAY 3 2016


...................................

...THE KALAMAZOO MI CLIMATE SUMMARY FOR MAY 3 2016...
VALID AS OF 0900 AM LOCAL TIME.

CLIMATE NORMAL PERIOD 1981 TO 2010
CLIMATE RECORD PERIOD 1998 TO 2016


WEATHER ITEM   OBSERVED TIME   NORMAL DEPARTURE LAST
                VALUE   (LST)  VALUE  FROM      YEAR
                                      NORMAL
......................................................
TEMPERATURE (F)
 TODAY
  MAXIMUM         53    759 AM  66    -13       80
  MINIMUM         39    609 AM  44     -5       49
  AVERAGE         46            55     -9       65

PRECIPITATION (IN)
  TODAY            0.00          0.12  -0.12     0.00
  MONTH TO DATE    0.42          0.35   0.07     0.00
  SINCE MAR 1      6.51          5.68   0.83     2.36
  SINCE JAN 1      8.07          8.92  -0.85     3.89

DEGREE DAYS
 HEATING
  TODAY           19            10      9        0
  MONTH TO DATE   50            32     18       15
  SINCE MAR 1   1260          1402   -142     1430
  SINCE JUL 1   5308          6175   -867     6716

 COOLING
  TODAY            0             0      0        0
  MONTH TO DATE    0             0      0        0
  SINCE MAR 1      2             4     -2        0
  SINCE JAN 1      2             4     -2        0
......................................................


WIND (MPH)
  RESULTANT WIND SPEED   1   RESULTANT WIND DIRECTION  NW (330)
  HIGHEST WIND SPEED     6   HIGHEST WIND DIRECTION     N (340)
  HIGHEST GUST SPEED     8   HIGHEST GUST DIRECTION     N (340)
  AVERAGE WIND SPEED     0.5


SKY COVER
  AVERAGE SKY COVER 0.4


WEATHER CONDITIONS
 THE FOLLOWING WEATHER WAS RECORDED TODAY.
  FOG
  FOG W/VISIBILITY <= 1/4 MILE


RELATIVE HUMIDITY (PERCENT)
 HIGHEST    92           600 AM
 LOWEST     66           800 AM
 AVERAGE    79

..........................................................


THE KALAMAZOO MI CLIMATE NORMALS FOR TOMORROW
                         NORMAL
 MAXIMUM TEMPERATURE (F)   67
 MINIMUM TEMPERATURE (F)   44


SUNRISE AND SUNSET
MAY  3 2016...........SUNRISE   634 AM EDT   SUNSET   844 PM EDT
MAY  4 2016...........SUNRISE   633 AM EDT   SUNSET   845 PM EDT


-  INDICATES NEGATIVE NUMBERS.
R  INDICATES RECORD WAS SET OR TIED.
MM INDICATES DATA IS MISSING.
T  INDICATES TRACE AMOUNT.




$$

63
