000
CDUS43 KGRR 192124
CLIAZO


CLIMATE REPORT
NATIONAL WEATHER SERVICE GRAND RAPIDS, MI
524 PM EDT SAT APR 19 2014


...................................

...THE KALAMAZOO MI CLIMATE SUMMARY FOR APRIL 19 2014...
VALID TODAY AS OF 0500 PM LOCAL TIME.

CLIMATE NORMAL PERIOD 1981 TO 2010
CLIMATE RECORD PERIOD 9999 TO 9999


WEATHER ITEM   OBSERVED TIME   RECORD YEAR NORMAL DEPARTURE LAST
                VALUE   (LST)  VALUE       VALUE  FROM      YEAR
                                                  NORMAL
..................................................................
TEMPERATURE (F)
 TODAY
  MAXIMUM         63    359 PM  MM      MM  61      2       59
  MINIMUM         36    703 AM  MM      MM  40     -4       33
  AVERAGE         50                        50      0       46

PRECIPITATION (IN)
  TODAY            0.00         MM      MM   0.09  -0.09     0.35
  MONTH TO DATE    1.29                      1.86  -0.57     4.98
  SINCE MAR 1      2.54                      4.11  -1.57     5.66
  SINCE JAN 1      5.07                      7.35  -2.28    10.32

DEGREE DAYS
 HEATING
  TODAY           15                        15      0       19
  MONTH TO DATE  371                       346     25      384
  SINCE MAR 1   1530                      1230    300     1404
  SINCE JUL 1   6698                      6003    695     5954

 COOLING
  TODAY            0                         0      0        0
  MONTH TO DATE    0                         0      0        0
  SINCE MAR 1      0                         0      0        0
  SINCE JAN 1      0                         0      0        0
..................................................................


WIND (MPH)
  RESULTANT WIND SPEED   6   RESULTANT WIND DIRECTION   E (90)
  HIGHEST WIND SPEED    14   HIGHEST WIND DIRECTION     E (90)
  HIGHEST GUST SPEED    19   HIGHEST GUST DIRECTION    SE (130)
  AVERAGE WIND SPEED     7.1



WEATHER CONDITIONS
 THE FOLLOWING WEATHER WAS RECORDED TODAY.
  NO SIGNIFICANT WEATHER WAS OBSERVED.


RELATIVE HUMIDITY (PERCENT)
 HIGHEST    82           500 AM
 LOWEST     25           300 PM
 AVERAGE    54

..........................................................




SUNRISE AND SUNSET
APRIL 19 2014.........SUNRISE   655 AM EDT   SUNSET   828 PM EDT
APRIL 20 2014.........SUNRISE   654 AM EDT   SUNSET   829 PM EDT


-  INDICATES NEGATIVE NUMBERS.
R  INDICATES RECORD WAS SET OR TIED.
MM INDICATES DATA IS MISSING.
T  INDICATES TRACE AMOUNT.




$$
