552
CDUS41 KBOX 110533
CLIBDL


CLIMATE REPORT
NATIONAL WEATHER SERVICE TAUNTON MA
1233 AM EST SUN DEC 11 2016


...................................

...THE HARTFORD CT CLIMATE SUMMARY FOR DECEMBER 10 2016...

CLIMATE NORMAL PERIOD 1981 TO 2010
CLIMATE RECORD PERIOD 1904 TO 2016


WEATHER ITEM   OBSERVED TIME   RECORD YEAR NORMAL DEPARTURE LAST
                VALUE   (LST)  VALUE       VALUE  FROM      YEAR
                                                  NORMAL
..................................................................
TEMPERATURE (F)
 YESTERDAY
  MAXIMUM         33    223 PM  67    1946  42     -9       60
  MINIMUM         13   1136 PM   1    1964  25    -12       39
                                      1958
  AVERAGE         23                        34    -11       50

PRECIPITATION (IN)
  YESTERDAY        0.00          1.63 1936   0.12  -0.12     0.01
  MONTH TO DATE    0.50                      1.23  -0.73     0.59
  SINCE DEC 1      0.50                      1.23  -0.73     0.59
  SINCE JAN 1     30.49                     43.64 -13.15    35.55

SNOWFALL (IN)
  YESTERDAY        0.0           3.9  1945   0.2   -0.2      0.0
  MONTH TO DATE    0.5                       1.8   -1.3      0.0
  SINCE DEC 1      0.5                       1.8   -1.3      0.0
  SINCE JUL 1      2.0                       3.8   -1.8       T
  SNOW DEPTH       0

DEGREE DAYS
 HEATING
  YESTERDAY       42                        32     10       15
  MONTH TO DATE  288                       298    -10      240
  SINCE DEC 1    288                       298    -10      240
  SINCE JUL 1   1325                      1505   -180     1224

 COOLING
  YESTERDAY        0                         0      0        0
  MONTH TO DATE    0                         0      0        0
  SINCE DEC 1      0                         0      0        0
  SINCE JAN 1   1068                       756    312      964
..................................................................


WIND (MPH)
  RESULTANT WIND SPEED   7   RESULTANT WIND DIRECTION  NW (300)
  HIGHEST WIND SPEED    20   HIGHEST WIND DIRECTION     W (290)
  HIGHEST GUST SPEED    26   HIGHEST GUST DIRECTION    NW (300)
  AVERAGE WIND SPEED     6.8


SKY COVER
  POSSIBLE SUNSHINE  MM
  AVERAGE SKY COVER 0.3


WEATHER CONDITIONS
 THE FOLLOWING WEATHER WAS RECORDED YESTERDAY.
  NO SIGNIFICANT WEATHER WAS OBSERVED.


RELATIVE HUMIDITY (PERCENT)
 HIGHEST    80          1100 PM
 LOWEST     36           300 PM
 AVERAGE    58

..........................................................


THE HARTFORD CT CLIMATE NORMALS FOR TODAY
                         NORMAL    RECORD    YEAR
 MAXIMUM TEMPERATURE (F)   41        64      1966
 MINIMUM TEMPERATURE (F)   25        -6      1958


SUNRISE AND SUNSET
DECEMBER 11 2016......SUNRISE   709 AM EST   SUNSET   420 PM EST
DECEMBER 12 2016......SUNRISE   710 AM EST   SUNSET   420 PM EST


-  INDICATES NEGATIVE NUMBERS.
R  INDICATES RECORD WAS SET OR TIED.
MM INDICATES DATA IS MISSING.
T  INDICATES TRACE AMOUNT.




$$
