000
CDUS41 KBOX 210556
CLIBDL


CLIMATE REPORT
NATIONAL WEATHER SERVICE TAUNTON MA
1251 AM EST SAT JAN 21 2017


...................................

...THE HARTFORD CT CLIMATE SUMMARY FOR JANUARY 20 2017...

CLIMATE NORMAL PERIOD 1981 TO 2010
CLIMATE RECORD PERIOD 1904 TO 2017


WEATHER ITEM   OBSERVED TIME   RECORD YEAR NORMAL DEPARTURE LAST
                VALUE   (LST)  VALUE       VALUE  FROM      YEAR
                                                  NORMAL
..................................................................
TEMPERATURE (F)
 YESTERDAY
  MAXIMUM         42    226 PM  60    1951  34      8       35
  MINIMUM         35    710 AM -13    1971  17     18       19
  AVERAGE         39                        26     13       27

PRECIPITATION (IN)
  YESTERDAY        0.01          1.41 1978   0.11  -0.10     0.00
  MONTH TO DATE    2.03                      2.07  -0.04     1.86
  SINCE DEC 1      4.76                      5.51  -0.75     6.11
  SINCE JAN 1      2.03                      2.07  -0.04     1.86

SNOWFALL (IN)
  YESTERDAY        0.0          14.1  1978   0.4   -0.4      0.0
  MONTH TO DATE    4.1                       7.8   -3.7      0.4
  SINCE DEC 1     14.3                      15.2   -0.9      1.4
  SINCE JUL 1     15.8                      17.2   -1.4      1.4
  SNOW DEPTH       0

DEGREE DAYS
 HEATING
  YESTERDAY       26                        39    -13       38
  MONTH TO DATE  676                       777   -101      705
  SINCE DEC 1   1686                      1814   -128     1375
  SINCE JUL 1   2723                      3021   -298     2359

 COOLING
  YESTERDAY        0                         0      0        0
  MONTH TO DATE    0                         0      0        0
  SINCE DEC 1      0                         0      0        0
  SINCE JAN 1      0                         0      0        0
..................................................................


WIND (MPH)
  RESULTANT WIND SPEED   2   RESULTANT WIND DIRECTION   S (180)
  HIGHEST WIND SPEED    10   HIGHEST WIND DIRECTION     S (180)
  HIGHEST GUST SPEED    13   HIGHEST GUST DIRECTION     S (200)
  AVERAGE WIND SPEED     3.7


SKY COVER
  POSSIBLE SUNSHINE  MM
  AVERAGE SKY COVER 1.0


WEATHER CONDITIONS
 THE FOLLOWING WEATHER WAS RECORDED YESTERDAY.
  LIGHT RAIN
  FOG


RELATIVE HUMIDITY (PERCENT)
 HIGHEST    89           600 AM
 LOWEST     65           200 PM
 AVERAGE    77

..........................................................


THE HARTFORD CT CLIMATE NORMALS FOR TODAY
                         NORMAL    RECORD    YEAR
 MAXIMUM TEMPERATURE (F)   34        61      2006
 MINIMUM TEMPERATURE (F)   17       -13      1961


SUNRISE AND SUNSET
JANUARY 21 2017.......SUNRISE   713 AM EST   SUNSET   452 PM EST
JANUARY 22 2017.......SUNRISE   712 AM EST   SUNSET   453 PM EST


-  INDICATES NEGATIVE NUMBERS.
R  INDICATES RECORD WAS SET OR TIED.
MM INDICATES DATA IS MISSING.
T  INDICATES TRACE AMOUNT.




$$
