000
CDUS41 KBOX 020555
CLIBDL


CLIMATE REPORT
NATIONAL WEATHER SERVICE TAUNTON MA
144 AM EDT THU OCT 2 2014


...................................

...THE HARTFORD CT CLIMATE SUMMARY FOR OCTOBER 1 2014...

CLIMATE NORMAL PERIOD 1981 TO 2010
CLIMATE RECORD PERIOD 1904 TO 2014


WEATHER ITEM   OBSERVED TIME   RECORD YEAR NORMAL DEPARTURE LAST
                VALUE   (LST)  VALUE       VALUE  FROM      YEAR
                                                  NORMAL
..................................................................
TEMPERATURE (F)
 YESTERDAY
  MAXIMUM         63    206 PM  89    1927  69     -6       79
  MINIMUM         58   1159 PM  30    1992  46     12       43
  AVERAGE         61                        58      3       61

PRECIPITATION (IN)
  YESTERDAY        0.47          2.26 2010   0.15   0.32     0.00
  MONTH TO DATE    0.47                      0.15   0.32     0.00
  SINCE SEP 1      2.09                      4.03  -1.94     3.58
  SINCE JAN 1     34.06                     34.30  -0.24    41.58

SNOWFALL (IN)
  YESTERDAY        0.0           T    1981   0.0    0.0      0.0
  MONTH TO DATE    0.0                       0.0    0.0      0.0
  SINCE SEP 1      0.0                       0.0    0.0      0.0
  SINCE JUL 1      0.0                       0.0    0.0      0.0
  SNOW DEPTH       0

DEGREE DAYS
 HEATING
  YESTERDAY        4                         8     -4        4
  MONTH TO DATE    4                         8     -4        4
  SINCE SEP 1     88                       118    -30      135
  SINCE JUL 1     90                       130    -40      137

 COOLING
  YESTERDAY        0                         1     -1        0
  MONTH TO DATE    0                         1     -1        0
  SINCE SEP 1     97                        75     22       65
  SINCE JAN 1    756                       750      6      889
..................................................................


WIND (MPH)
  RESULTANT WIND SPEED   8   RESULTANT WIND DIRECTION   N (10)
  HIGHEST WIND SPEED    15   HIGHEST WIND DIRECTION     N (10)
  HIGHEST GUST SPEED    18   HIGHEST GUST DIRECTION     N (360)
  AVERAGE WIND SPEED     8.2


SKY COVER
  POSSIBLE SUNSHINE  MM
  AVERAGE SKY COVER 0.9


WEATHER CONDITIONS
 THE FOLLOWING WEATHER WAS RECORDED YESTERDAY.
  RAIN
  LIGHT RAIN
  FOG


RELATIVE HUMIDITY (PERCENT)
 HIGHEST    93          1100 PM
 LOWEST     84           900 AM
 AVERAGE    89

..........................................................


THE HARTFORD CT CLIMATE NORMALS FOR TODAY
                         NORMAL    RECORD    YEAR
 MAXIMUM TEMPERATURE (F)   69        91      1927
 MINIMUM TEMPERATURE (F)   46        32      1960


SUNRISE AND SUNSET
OCTOBER  2 2014.......SUNRISE   649 AM EDT   SUNSET   631 PM EDT
OCTOBER  3 2014.......SUNRISE   650 AM EDT   SUNSET   629 PM EDT


-  INDICATES NEGATIVE NUMBERS.
R  INDICATES RECORD WAS SET OR TIED.
MM INDICATES DATA IS MISSING.
T  INDICATES TRACE AMOUNT.




$$
