000
CDUS41 KBOX 060553
CLIBDL


CLIMATE REPORT
NATIONAL WEATHER SERVICE TAUNTON MA
152 AM EDT MON JUL 6 2015


...................................

...THE HARTFORD CT CLIMATE SUMMARY FOR JULY 5 2015...

CLIMATE NORMAL PERIOD 1981 TO 2010
CLIMATE RECORD PERIOD 1904 TO 2015


WEATHER ITEM   OBSERVED TIME   RECORD YEAR NORMAL DEPARTURE LAST
                VALUE   (LST)  VALUE       VALUE  FROM      YEAR
                                                  NORMAL
..................................................................
TEMPERATURE (F)
 YESTERDAY
  MAXIMUM         86    251 PM  99    1999  84      2       82
  MINIMUM         54    500 AM  46    1979  62     -8       61
  AVERAGE         70                        73     -3       72

PRECIPITATION (IN)
  YESTERDAY        0.00          1.40 1956   0.12  -0.12     0.00
  MONTH TO DATE    0.83                      0.58   0.25     1.64
  SINCE JUN 1      7.51                      4.93   2.58     3.35
  SINCE JAN 1     21.08                     22.74  -1.66    25.36

SNOWFALL (IN)
  YESTERDAY        0.0           0.0  2002   0.0    0.0      0.0
                                      2001
                                      2000
  MONTH TO DATE    0.0                       0.0    0.0      0.0
  SINCE JUN 1      0.0                       0.0    0.0      0.0
  SINCE JUL 1      0.0                       0.0    0.0      0.0
  SNOW DEPTH       0

DEGREE DAYS
 HEATING
  YESTERDAY        0                         0      0        0
  MONTH TO DATE    1                         0      1        0
  SINCE JUN 1     49                        40      9        6
  SINCE JUL 1      1                         0      1        0

 COOLING
  YESTERDAY        5                         8     -3        7
  MONTH TO DATE   20                        40    -20       62
  SINCE JUN 1    152                       184    -32      210
  SINCE JAN 1    269                       223     46      242
..................................................................


WIND (MPH)
  RESULTANT WIND SPEED   1   RESULTANT WIND DIRECTION  SW (230)
  HIGHEST WIND SPEED    10   HIGHEST WIND DIRECTION    NW (320)
  HIGHEST GUST SPEED    14   HIGHEST GUST DIRECTION    SW (220)
  AVERAGE WIND SPEED     3.6


SKY COVER
  POSSIBLE SUNSHINE  MM
  AVERAGE SKY COVER 0.1


WEATHER CONDITIONS
 THE FOLLOWING WEATHER WAS RECORDED YESTERDAY.
  FOG
  HAZE


RELATIVE HUMIDITY (PERCENT)
 HIGHEST    93           200 AM
 LOWEST     40           300 PM
 AVERAGE    67

..........................................................


THE HARTFORD CT CLIMATE NORMALS FOR TODAY
                         NORMAL    RECORD    YEAR
 MAXIMUM TEMPERATURE (F)   84       102      2010
 MINIMUM TEMPERATURE (F)   62        48      1962


SUNRISE AND SUNSET
JULY  6 2015..........SUNRISE   522 AM EDT   SUNSET   829 PM EDT
JULY  7 2015..........SUNRISE   523 AM EDT   SUNSET   828 PM EDT


-  INDICATES NEGATIVE NUMBERS.
R  INDICATES RECORD WAS SET OR TIED.
MM INDICATES DATA IS MISSING.
T  INDICATES TRACE AMOUNT.




$$
