809
CDUS41 KOKX 180620
CLIBDR


CLIMATE REPORT
NATIONAL WEATHER SERVICE NEW YORK NY
119 AM EST WED JAN 18 2017


...................................

...THE BRIDGEPORT CT CLIMATE SUMMARY FOR JANUARY 17 2017...

CLIMATE NORMAL PERIOD 1981 TO 2010
CLIMATE RECORD PERIOD 1948 TO 2017


WEATHER ITEM   OBSERVED TIME   RECORD YEAR NORMAL DEPARTURE LAST
                VALUE   (LST)  VALUE       VALUE  FROM      YEAR
                                                  NORMAL
..................................................................
TEMPERATURE (F)
 YESTERDAY
  MAXIMUM         42   1044 AM  55    1949  37      5       43
  MINIMUM         36    701 AM  -3    1982  23     13       28
  AVERAGE         39                        30      9       36

PRECIPITATION (IN)
  YESTERDAY        0.17          0.77 1994   0.11   0.06     0.04
  MONTH TO DATE    1.88                      1.78   0.10     1.55
  SINCE DEC 1      5.31                      5.11   0.20     6.49
  SINCE JAN 1      1.88                      1.78   0.10     1.55

SNOWFALL (IN)
  YESTERDAY        0.0           5.2  1985   0.3   -0.3      0.7
  MONTH TO DATE    8.5                       4.4    4.1      0.8
  SINCE OCT 1     14.5                      10.2    4.3      1.5
  SINCE JUL 1     14.5                      10.2    4.3      1.5
  SNOW DEPTH       T

DEGREE DAYS
 HEATING
  YESTERDAY       26                        35     -9       29
  MONTH TO DATE  520                       591    -71      511
  SINCE DEC 1   1357                      1510   -153     1055
  SINCE JUL 1   2085                      2484   -399     1799

 COOLING
  YESTERDAY        0                         0      0        0
  MONTH TO DATE    0                         0      0        0
  SINCE DEC 1      0                         0      0        0
  SINCE JAN 1      0                         0      0        0
..................................................................


WIND (MPH)
  HIGHEST WIND SPEED    17   HIGHEST WIND DIRECTION     E (90)
  HIGHEST GUST SPEED    21   HIGHEST GUST DIRECTION     E (90)
  AVERAGE WIND SPEED     6.8


SKY COVER
  AVERAGE SKY COVER 0.9


WEATHER CONDITIONS
 THE FOLLOWING WEATHER WAS RECORDED YESTERDAY.
  RAIN
  LIGHT RAIN
  FOG
  HAZE


RELATIVE HUMIDITY (PERCENT)
 HIGHEST    85          1000 PM
 LOWEST     57          1000 AM
 AVERAGE    71

..........................................................


THE BRIDGEPORT CT CLIMATE NORMALS FOR TODAY
                         NORMAL    RECORD    YEAR
 MAXIMUM TEMPERATURE (F)   37        60      2006
 MINIMUM TEMPERATURE (F)   23        -5      1982


SUNRISE AND SUNSET
JANUARY 18 2017.......SUNRISE   714 AM EST   SUNSET   452 PM EST
JANUARY 19 2017.......SUNRISE   714 AM EST   SUNSET   454 PM EST


-  INDICATES NEGATIVE NUMBERS.
R  INDICATES RECORD WAS SET OR TIED.
MM INDICATES DATA IS MISSING.
T  INDICATES TRACE AMOUNT.




$$
