636
CDAK48 PAFC 071313
CLIBET

CLIMATE REPORT
NATIONAL WEATHER SERVICE ANCHORAGE, AK
411 AM AKST WED DEC 7 2016


...................................

...THE BETHEL CLIMATE SUMMARY FOR DECEMBER 6 2016...

CLIMATE NORMAL PERIOD 1981 TO 2010
CLIMATE RECORD PERIOD 1948 TO 2016


WEATHER ITEM   OBSERVED TIME   RECORD YEAR NORMAL DEPARTURE LAST
                VALUE   (LST)  VALUE       VALUE  FROM      YEAR
                                                  NORMAL
..................................................................
TEMPERATURE (F)
 YESTERDAY
  MAXIMUM          1    702 PM  48    2013  19    -18        8
  MINIMUM        -12    348 AM -27    1975   6    -18        0
  AVERAGE         -5                        12    -17        4

PRECIPITATION (IN)
  YESTERDAY        T             0.40 1983   0.04  -0.04     0.00
  MONTH TO DATE    T                         0.25  -0.25      T
  SINCE DEC 1      T                         0.25  -0.25      T
  SINCE JAN 1     15.30                     17.67  -2.37    17.77

SNOWFALL (IN)
  YESTERDAY        T             2.3  1954   0.4   -0.4      0.0
  MONTH TO DATE    T                         2.4   -2.4       T
  SINCE DEC 1      T                         2.4   -2.4       T
  SINCE JUL 1      3.6                      20.3  -16.7      9.4
  SNOW DEPTH       2

DEGREE DAYS
 HEATING
  YESTERDAY       70                        53     17       61
  MONTH TO DATE  435                       313    122      371
  SINCE DEC 1    435                       313    122      371
  SINCE JUL 1   3663                      4036   -373     3583

 COOLING
  YESTERDAY        0                         0      0        0
  MONTH TO DATE    0                         0      0        0
  SINCE DEC 1      0                         0      0        0
  SINCE JAN 1     13                         4      9       11
..................................................................


WIND (MPH)
  RESULTANT WIND SPEED  15   RESULTANT WIND DIRECTION   N (0)
  HIGHEST WIND SPEED    25   HIGHEST WIND DIRECTION     N (20)
  HIGHEST GUST SPEED    35   HIGHEST GUST DIRECTION     N (10)
  AVERAGE WIND SPEED    16.3



WEATHER CONDITIONS
 THE FOLLOWING WEATHER WAS RECORDED YESTERDAY.
  LIGHT SNOW
  FOG
  HAZE


RELATIVE HUMIDITY (PERCENT)
 HIGHEST    91
 LOWEST     72
 AVERAGE    82

..........................................................


THE BETHEL CLIMATE NORMALS FOR TODAY
                         NORMAL    RECORD    YEAR
 MAXIMUM TEMPERATURE (F)   19        46      2009
 MINIMUM TEMPERATURE (F)    6       -31      1975


SUNRISE AND SUNSET
DECEMBER  7 2016......SUNRISE  1042 AM AKST  SUNSET   436 PM AKST
DECEMBER  8 2016......SUNRISE  1044 AM AKST  SUNSET   435 PM AKST

CIVIL TWILIGHT
DECEMBER 7 2016         START    944 AM GMT     END    535 PM GMT
DECEMBER 8 2016         START    945 AM GMT     END    535 PM GMT



-  INDICATES NEGATIVE NUMBERS.
R  INDICATES RECORD WAS SET OR TIED.
MM INDICATES DATA IS MISSING.
T  INDICATES TRACE AMOUNT.




$$
&&
------------------------------------------------------
AMOUNT OF DAYLIGHT TODAY  (HOUR:MIN)........ 5:54
GAIN/LOSS SINCE YESTERDAY (HOUR:MIN:SEC)....-0:02:34

$$
