937
CDAK48 PABE 011234
CLIBET

CLIMATE REPORT
NATIONAL WEATHER SERVICE BETHEL, AK
434 AM AKDT SUN MAY 1 2016

...................................
...THE BETHEL AP CLIMATE SUMMARY FOR APRIL 30 2016...

CLIMATE NORMAL PERIOD  1981 TO  2010
CLIMATE RECORD PERIOD  1923 TO  2016

WEATHER ITEM   OBSERVED TIME    RECORD YEAR NORMAL DEPARTURE LAST
               VALUE    (LST)   VALUE       VALUE  FROM      YEAR
                                                   NORMAL
...................................................................
TEMPERATURE
YESTERDAY
 MAXIMUM            57  0455 PM    63  2004     43      14     53
 MINIMUM            30  0458 AM     5  1971     27       3     31
 AVERAGE            44                          35       9     42

PRECIPITATION
(INCHES)
 YESTERDAY        0.00           0.46  2002   0.03   -0.03      T
 MONTH TO DATE    0.67                        0.74   -0.07   1.06
 SINCE MAR 1      1.42                        1.45   -0.03   1.56
 SINCE JAN 1      1.81                        2.95   -1.14   2.60

SNOWFALL
(INCHES)
 YESTERDAY         0.0            2.4  1949    0.1    -0.1    0.0
 MONTH TO DATE     0.4                         5.7    -5.3    9.8
 SINCE MAR 1       2.9                        13.9   -11.0   16.6
 SINCE JUL 1      29.4                        59.7   -30.3   42.1
 SNOW DEPTH (IN)     0                                          0

DEGREE DAYS
 HEATING
  YESTERDAY         21                          30      -9     23
  MONTH TO DATE    698                        1142    -444   1034
  SINCE MAR 1     2051                        2686    -635   2404
  SINCE JUL 1     9500                       11432   -1932  10190

 COOLING
  YESTERDAY          0                           0       0      0
  MONTH TO DATE      0                           0       0      0
  SINCE MAR 1        0                           0       0      0
  SINCE JAN 1        0                           0       0      0
...................................................................

WIND (MPH)
 HIGHEST WIND SPEED    25     HIGHEST WIND DIRECTION     10
 HIGHEST GUST SPEED    33     HIGHEST GUST DIRECTION    360
 AVERAGE WIND SPEED  13.7

WEATHER CONDITIONS
 THE FOLLOWING WEATHER WAS RECORDED YESTERDAY.
 NO SIGNIFICANT WEATHER WAS OBSERVED.

...................................................................

THE BETHEL CLIMATE NORMALS FOR TODAY
                           NORMAL    RECORD   YEAR
 MAXIMUM TEMPERATURE (F)     44        64     2004
 MINIMUM TEMPERATURE (F)     28         3     1924

SUNRISE AND SUNSET
 MAY 1 2016..........SUNRISE  6:39 AM      SUNSET 10:52 PM
 MAY 2 2016..........SUNRISE  6:36 AM      SUNSET 10:55 PM

-  INDICATES NEGATIVE NUMBERS.
R  INDICATES RECORD HAS BEEN SET OR TIED.
MM INDICATES DATA IS MISSING.
T  INDICATES TRACE OF PRECIPITATION.

&&
-------------------------------------------------------------------

AMOUNT OF DAYLIGHT TODAY  (HOUR:MIN)........16 HOURS 13 MINUTES
GAIN SINCE YESTERDAY (HOUR:MIN:SEC)....+0:05:25

$$
CR MAY 16
