000
CDAK48 PABE 021131
CLIBET

CLIMATE REPORT
NATIONAL WEATHER SERVICE BETHEL, AK
331 AM AKDT TUE JUN 2 2015

...................................
...THE BETHEL AP CLIMATE SUMMARY FOR JUNE 1 2015...

CLIMATE NORMAL PERIOD  1981 TO  2010
CLIMATE RECORD PERIOD  1923 TO  2015

WEATHER ITEM   OBSERVED TIME    RECORD YEAR NORMAL DEPARTURE LAST
               VALUE    (LST)   VALUE       VALUE  FROM      YEAR
                                                   NORMAL
...................................................................
TEMPERATURE
YESTERDAY
 MAXIMUM            71  0236 PM    73  1993     57      14     45
 MINIMUM            53  1159 PM    28  1960     39      14     37
 AVERAGE            62                          48      14     41

PRECIPITATION
(INCHES)
 YESTERDAY        0.05           0.62  1967   0.04    0.01   0.05
 MONTH TO DATE    0.05                        0.04    0.01   0.05
 SINCE JUN 1      0.05                        0.04    0.01   0.05
 SINCE JAN 1      4.45                        4.13    0.32   3.09

SNOWFALL
(INCHES)
 YESTERDAY         0.0            0.8  1985    0.0     0.0    0.0
 MONTH TO DATE     0.0                         0.0     0.0    0.0
 SINCE JUN 1       0.0                         0.0     0.0    0.0
 SINCE JUL 1      42.1                        61.8   -19.7   27.8
 SNOW DEPTH (IN)     0                                          0

DEGREE DAYS
 HEATING
  YESTERDAY          3                          17     -14     24
  MONTH TO DATE      3                          17     -14     24
  SINCE JUN 1        3                          17     -14     24
  SINCE JUL 1    10744                       12165   -1421  10691

 COOLING
  YESTERDAY          0                           0       0      0
  MONTH TO DATE      0                           0       0      0
  SINCE JUN 1        0                           0       0      0
  SINCE JAN 1        0                           0       0      0
...................................................................

WIND (MPH)
 HIGHEST WIND SPEED    20     HIGHEST WIND DIRECTION    130
 HIGHEST GUST SPEED    23     HIGHEST GUST DIRECTION    140
 AVERAGE WIND SPEED   5.7

SKY COVER
  POSSIBLE SUNSHINE    MM          AVERAGE SKY COVER     MM

WEATHER CONDITIONS
 THE FOLLOWING WEATHER WAS RECORDED YESTERDAY.
  THUNDER
 RAIN


RELATIVE HUMIDITY
 HIGHEST RH     MM PERCENT       MM
 LOWEST  RH     MM PERCENT       MM
 AVERAGE RH     MM PERCENT       MM
...................................................................

THE BETHEL CLIMATE NORMALS FOR TODAY
                           NORMAL    RECORD   YEAR
 MAXIMUM TEMPERATURE (F)     57        75     1993
 MINIMUM TEMPERATURE (F)     39        28     1933

SUNRISE AND SUNSET
 JUN 2 2015..........SUNRISE  5:27 AM      SUNSET 12:06 AM
 JUN 3 2015..........SUNRISE  5:26 AM      SUNSET 12:07 AM

-  INDICATES NEGATIVE NUMBERS.
R  INDICATES RECORD HAS BEEN SET OR TIED.
MM INDICATES DATA IS MISSING.
T  INDICATES TRACE OF PRECIPITATION.

&&
-------------------------------------------------------------------

AMOUNT OF DAYLIGHT TODAY  (HOUR:MIN)........18 HOURS 39 MINUTES
GAIN/LOSS SINCE YESTERDAY (HOUR:MIN:SEC)....+0:03:25

$$
DAC
