000
CDAK48 PABE 301231
CLIBET

CLIMATE REPORT
NATIONAL WEATHER SERVICE BETHEL, AK
431 AM AKDT MON MAY 30 2016

...................................
...THE BETHEL AP CLIMATE SUMMARY FOR MAY 29 2016...

CLIMATE NORMAL PERIOD  1981 TO  2010
CLIMATE RECORD PERIOD  1923 TO  2016

WEATHER ITEM   OBSERVED TIME    RECORD YEAR NORMAL DEPARTURE LAST
               VALUE    (LST)   VALUE       VALUE  FROM      YEAR
                                                   NORMAL
...................................................................
TEMPERATURE
YESTERDAY
 MAXIMUM           R76  0703 PM    76  2016     56      20     62
 MINIMUM            45  0534 AM    25  1962     38       7     43
 AVERAGE            61                          47      14     53

PRECIPITATION
(INCHES)
 YESTERDAY        0.00           0.11  1971   0.05   -0.05      T
 MONTH TO DATE    1.44                        1.06    0.38   1.80
 SINCE MAR 1      2.86                        2.51    0.35   3.36
 SINCE JAN 1      3.25                        4.01   -0.76   4.40

SNOWFALL
(INCHES)
 YESTERDAY         0.0              T  2009    0.1    -0.1    0.0
 MONTH TO DATE     0.0                         2.1    -2.1      T
 SINCE MAR 1       2.9                        16.0   -13.1   16.6
 SINCE JUL 1      29.4                        61.8   -32.4   42.1
 SNOW DEPTH (IN)     0                                          0

DEGREE DAYS
 HEATING
  YESTERDAY          4                          18     -14     12
  MONTH TO DATE    469                         681    -212    550
  SINCE MAR 1     2520                        3367    -847   2954
  SINCE JUL 1     9969                       12113   -2144  10740

 COOLING
  YESTERDAY          0                           0       0      0
  MONTH TO DATE      0                           0       0      0
  SINCE MAR 1        0                           0       0      0
  SINCE JAN 1        0                           0       0      0
...................................................................

WIND (MPH)
 HIGHEST WIND SPEED    20     HIGHEST WIND DIRECTION    210
 HIGHEST GUST SPEED    23     HIGHEST GUST DIRECTION    220
 AVERAGE WIND SPEED   7.1

WEATHER CONDITIONS
 THE FOLLOWING WEATHER WAS RECORDED YESTERDAY.
 FOG

...................................................................

THE BETHEL CLIMATE NORMALS FOR TODAY
                           NORMAL    RECORD   YEAR
 MAXIMUM TEMPERATURE (F)     56        76     1993
 MINIMUM TEMPERATURE (F)     38        26     2009

SUNRISE AND SUNSET
 MAY 30 2016..........SUNRISE  5:31 AM      SUNSET 12:01 AM
 MAY 31 2016..........SUNRISE  5:29 AM      SUNSET 12:03 AM

-  INDICATES NEGATIVE NUMBERS.
R  INDICATES RECORD HAS BEEN SET OR TIED.
MM INDICATES DATA IS MISSING.
T  INDICATES TRACE OF PRECIPITATION.

&&
-------------------------------------------------------------------

AMOUNT OF DAYLIGHT TODAY  (HOUR:MIN)........18 HOURS 30 MINUTES
GAIN SINCE YESTERDAY (HOUR:MIN:SEC)....+0:02:44

$$
CR MAY 16
