946
CDAK48 PAFC 251509
CLIBET


CLIMATE REPORT
NATIONAL WEATHER SERVICE ANCHORAGE, AK
608 AM AKST SUN FEB 25 2018


...................................

...THE BETHEL CLIMATE SUMMARY FOR FEBRUARY 24 2018...

CLIMATE NORMAL PERIOD 1981 TO 2010
CLIMATE RECORD PERIOD 1948 TO 2018


WEATHER ITEM   OBSERVED TIME   RECORD YEAR NORMAL DEPARTURE LAST
                VALUE   (LST)  VALUE       VALUE  FROM      YEAR
                                                  NORMAL
..................................................................
TEMPERATURE (F)
 YESTERDAY
  MAXIMUM         31    123 AM  44    1947  20     11       34
  MINIMUM          8   1159 PM -29    1976   6      2       26
                                      1926
  AVERAGE         20                        13      7       30

PRECIPITATION (IN)
  YESTERDAY        0.01          0.74 1989   0.03  -0.02     0.00
  MONTH TO DATE    1.25                      0.62   0.63     0.57
  SINCE SEP 1     11.33                      8.52   2.81     6.92
  SINCE JAN 1      1.55                      1.40   0.15     1.78

SNOWFALL (IN)
  YESTERDAY       MM             3.7  1996   0.3   MM        0.0
  MONTH TO DATE    6.1                       5.8    0.3      5.4
  SINCE SEP 1     25.8                      44.7  -18.9     26.3
  SINCE JUL 1     25.8                      44.7  -18.9     26.3
  SNOW DEPTH       4

DEGREE DAYS
 HEATING
  YESTERDAY       45                        52     -7       35
  MONTH TO DATE  995                      1302   -307     1517
  SINCE DEC 1   3885                      4806   -921     4854
  SINCE JUL 1   7051                      8529  -1478     8082

 COOLING
  YESTERDAY        0                         0      0        0
  MONTH TO DATE    0                         0      0        0
  SINCE DEC 1      0                         0      0        0
  SINCE JAN 1      0                         0      0        0
..................................................................


WIND (MPH)
  RESULTANT WIND SPEED  14   RESULTANT WIND DIRECTION   W (250)
  HIGHEST WIND SPEED    35   HIGHEST WIND DIRECTION    SW (230)
  HIGHEST GUST SPEED    42   HIGHEST GUST DIRECTION    SW (230)
  AVERAGE WIND SPEED    16.1



WEATHER CONDITIONS
 THE FOLLOWING WEATHER WAS RECORDED YESTERDAY.
  LIGHT SNOW
  FOG


RELATIVE HUMIDITY (PERCENT)
 HIGHEST    92
 LOWEST     76
 AVERAGE    84

..........................................................


THE BETHEL CLIMATE NORMALS FOR TODAY
                         NORMAL    RECORD    YEAR
 MAXIMUM TEMPERATURE (F)   20        46      1947
 MINIMUM TEMPERATURE (F)    6       -39      1954


SUNRISE AND SUNSET
FEBRUARY 25 2018......SUNRISE   858 AM AKST  SUNSET   703 PM AKST
FEBRUARY 26 2018......SUNRISE   855 AM AKST  SUNSET   706 PM AKST


-  INDICATES NEGATIVE NUMBERS.
R  INDICATES RECORD WAS SET OR TIED.
MM INDICATES DATA IS MISSING.
T  INDICATES TRACE AMOUNT.




$$
