401
CDAK48 PAFC 201304
CLIBET

CLIMATE REPORT
NATIONAL WEATHER SERVICE ANCHORAGE, AK
402 AM AKST MON FEB 20 2017


...................................

...THE BETHEL CLIMATE SUMMARY FOR FEBRUARY 19 2017...

CLIMATE NORMAL PERIOD 1981 TO 2010
CLIMATE RECORD PERIOD 1948 TO 2017


WEATHER ITEM   OBSERVED TIME   RECORD YEAR NORMAL DEPARTURE LAST
                VALUE   (LST)  VALUE       VALUE  FROM      YEAR
                                                  NORMAL
..................................................................
TEMPERATURE (F)
 YESTERDAY
  MAXIMUM         -7    521 PM  47    1934  19    -26       17
  MINIMUM        -30    703 AM -32    1932   5    -35        5
  AVERAGE        -18                        12    -30       11

PRECIPITATION (IN)
  YESTERDAY        0.00          0.20 1951   0.03  -0.03     0.00
  MONTH TO DATE    0.29                      0.49  -0.20     0.11
  SINCE DEC 1      2.26                      2.39  -0.13     1.58
  SINCE JAN 1      1.50                      1.27   0.23     0.34

SNOWFALL (IN)
  YESTERDAY        0.0           2.0  1951   0.2   -0.2      0.0
  MONTH TO DATE    2.1                       4.5   -2.4      0.8
  SINCE DEC 1     19.4                      25.5   -6.1     17.1
  SINCE JUL 1     23.0                      43.4  -20.4     26.5
  SNOW DEPTH       9

DEGREE DAYS
 HEATING
  YESTERDAY       83                        53     30       54
  MONTH TO DATE 1261                      1040    221      857
  SINCE DEC 1   4598                      4544     54     3657
  SINCE JUL 1   7826                      8267   -441     6869

 COOLING
  YESTERDAY        0                         0      0        0
  MONTH TO DATE    0                         0      0        0
  SINCE DEC 1      0                         0      0        0
  SINCE JAN 1      0                         0      0        0
..................................................................


WIND (MPH)
  RESULTANT WIND SPEED   5   RESULTANT WIND DIRECTION  SW (230)
  HIGHEST WIND SPEED    10   HIGHEST WIND DIRECTION    SW (240)
  HIGHEST GUST SPEED    12   HIGHEST GUST DIRECTION    SW (220)
  AVERAGE WIND SPEED     6.1



WEATHER CONDITIONS
 THE FOLLOWING WEATHER WAS RECORDED YESTERDAY.
  FOG
  HAZE


RELATIVE HUMIDITY (PERCENT)
 HIGHEST    92
 LOWEST     74
 AVERAGE    83

..........................................................


THE BETHEL CLIMATE NORMALS FOR TODAY
                         NORMAL    RECORD    YEAR
 MAXIMUM TEMPERATURE (F)   19        44      2015
                                             1934
 MINIMUM TEMPERATURE (F)    5       -33      1954


SUNRISE AND SUNSET
FEBRUARY 20 2017......SUNRISE   912 AM AKST  SUNSET   651 PM AKST
FEBRUARY 21 2017......SUNRISE   909 AM AKST  SUNSET   653 PM AKST

CIVIL TWILIGHT
FEBRUARY 20 2017        START    829 AM GMT     END    735 PM GMT
FEBRUARY 21 2017        START    826 AM GMT     END    738 PM GMT



-  INDICATES NEGATIVE NUMBERS.
R  INDICATES RECORD WAS SET OR TIED.
MM INDICATES DATA IS MISSING.
T  INDICATES TRACE AMOUNT.




$$
&&
------------------------------------------------------
AMOUNT OF DAYLIGHT TODAY  (HOUR:MIN)........ 9:39
GAIN/LOSS SINCE YESTERDAY (HOUR:MIN:SEC)....+0:05:35
