000
CDAK48 PABE 270907
CLIBET

CLIMATE REPORT
NATIONAL WEATHER SERVICE BETHEL, AK
107 AM AKDT SAT AUG 27 2016

...................................
...THE BETHEL AP CLIMATE SUMMARY FOR AUGUST 26 2016...

CLIMATE NORMAL PERIOD  1981 TO  2010
CLIMATE RECORD PERIOD  1948 TO  2016

WEATHER ITEM   OBSERVED TIME    RECORD YEAR NORMAL DEPARTURE LAST
               VALUE    (LST)   VALUE       VALUE  FROM      YEAR
                                                   NORMAL
...................................................................
TEMPERATURE
YESTERDAY
 MAXIMUM            64  0624 PM    78  1981     59       5     54
 MINIMUM            49  0507 AM    28  1984     46       3     49
 AVERAGE            57                          52       5     52

PRECIPITATION
(INCHES)
 YESTERDAY        0.00           1.06  1955   0.11   -0.11   0.59
 MONTH TO DATE    3.29                        2.75    0.54   2.78
 SINCE JUN 1      7.75                        6.83    0.92   5.14
 SINCE JAN 1     11.01                       10.92    0.09   9.54

SNOWFALL
(INCHES)
 YESTERDAY         0.0            0.0  2016    0.0     0.0    0.0
 MONTH TO DATE     0.0                         0.0     0.0    0.0
 SINCE JUN 1       0.0                         0.0     0.0    0.0
 SINCE JUL 1       0.0                         0.0     0.0    0.0
 SNOW DEPTH (IN)     0                                          0

DEGREE DAYS
 HEATING
  YESTERDAY          8                          13      -5     13
  MONTH TO DATE    180                         291    -111    280
  SINCE JUN 1      637                         952    -315    759
  SINCE JUL 1      365                         575    -210    521

 COOLING
  YESTERDAY          0                           0       0      0
  MONTH TO DATE      0                           0       0      0
  SINCE JUN 1       13                           0      13     11
  SINCE JAN 1       13                           0      13     11
...................................................................

WIND (MPH)
 HIGHEST WIND SPEED    10     HIGHEST WIND DIRECTION    290
 HIGHEST GUST SPEED    19     HIGHEST GUST DIRECTION    300
 AVERAGE WIND SPEED   4.3

SKY COVER
  POSSIBLE SUNSHINE    MM          AVERAGE SKY COVER     MM

WEATHER CONDITIONS
 THE FOLLOWING WEATHER WAS RECORDED YESTERDAY.
  FOG


RELATIVE HUMIDITY
 HIGHEST RH     MM PERCENT       MM
 LOWEST  RH     MM PERCENT       MM
 AVERAGE RH     MM PERCENT       MM
...................................................................

THE BETHEL CLIMATE NORMALS FOR TODAY
                           NORMAL    RECORD   YEAR
 MAXIMUM TEMPERATURE (F)     59        74     2007
 MINIMUM TEMPERATURE (F)     46        31     1984

SUNRISE AND SUNSET
 AUG 27 2016..........SUNRISE  7:30 AM      SUNSET 10:06 PM
 AUG 28 2016..........SUNRISE  7:33 AM      SUNSET 10:03 PM

-  INDICATES NEGATIVE NUMBERS.
R  INDICATES RECORD HAS BEEN SET OR TIED.
MM INDICATES DATA IS MISSING.
T  INDICATES TRACE OF PRECIPITATION.

&&
-------------------------------------------------------------------

AMOUNT OF DAYLIGHT TODAY  (HOUR:MIN)........14 HOURS 36 MINUTES
GAIN/LOSS SINCE YESTERDAY (HOUR:MIN:SEC)....-0:05:31

$$
SE AUG 16
