000
CDUS41 KCTP 300607
CLIBFD


CLIMATE REPORT
NATIONAL WEATHER SERVICE STATE COLLEGE PA
207 AM EDT TUE SEP 30 2014


...................................

...THE BRADFORD CLIMATE SUMMARY FOR SEPTEMBER 29 2014...

CLIMATE NORMAL PERIOD 1981 TO 2010
CLIMATE RECORD PERIOD 1957 TO 2014


WEATHER ITEM   OBSERVED TIME   RECORD YEAR NORMAL DEPARTURE LAST
                VALUE   (LST)  VALUE       VALUE  FROM      YEAR
                                                  NORMAL
..................................................................
TEMPERATURE (F)
 YESTERDAY
  MAXIMUM         74    320 PM  82    1959  63     11       69
  MINIMUM         47    642 AM  25    2000  41      6       42
  AVERAGE         61                        52      9       56

PRECIPITATION (IN)
  YESTERDAY        0.00          1.67 1999   0.13  -0.13     0.00
  MONTH TO DATE    2.25                      3.79  -1.54     2.53
  SINCE SEP 1      2.25                      3.79  -1.54     2.53
  SINCE JAN 1     33.59                     33.74  -0.15    23.94

DEGREE DAYS
 HEATING
  YESTERDAY        4                         9     -5        9
  MONTH TO DATE  210                       138     72      232
  SINCE SEP 1    210                       138     72      232
  SINCE JUL 1    394                       291    103      368

 COOLING
  YESTERDAY        0                         0      0        0
  MONTH TO DATE   25                        13     12       30
  SINCE SEP 1     25                        13     12       30
  SINCE JAN 1    195                       190      5      325
..................................................................


WIND (MPH)
  HIGHEST WIND SPEED    10   HIGHEST WIND DIRECTION     W (290)
  HIGHEST GUST SPEED    14   HIGHEST GUST DIRECTION     W (280)
  AVERAGE WIND SPEED     1.5


SKY COVER
  POSSIBLE SUNSHINE  MM
  AVERAGE SKY COVER 0.1


WEATHER CONDITIONS
 THE FOLLOWING WEATHER WAS RECORDED YESTERDAY.
  FOG
  FOG W/VISIBILITY <= 1/4 MILE


RELATIVE HUMIDITY (PERCENT)
 HIGHEST    96          1200 AM
 LOWEST     44           300 PM
 AVERAGE    70

..........................................................


THE BRADFORD CLIMATE NORMALS FOR TODAY
                         NORMAL    RECORD    YEAR
 MAXIMUM TEMPERATURE (F)   63        81      1986
 MINIMUM TEMPERATURE (F)   40        27      1963


SUNRISE AND SUNSET
SEPTEMBER 30 2014.....SUNRISE   710 AM EDT   SUNSET   658 PM EDT
OCTOBER  1 2014.......SUNRISE   711 AM EDT   SUNSET   656 PM EDT


-  INDICATES NEGATIVE NUMBERS.
R  INDICATES RECORD WAS SET OR TIED.
MM INDICATES DATA IS MISSING.
T  INDICATES TRACE AMOUNT.




$$
