000
CDUS41 KCTP 180641
CLIBFD


CLIMATE REPORT
NATIONAL WEATHER SERVICE STATE COLLEGE PA
141 AM EST SAT NOV 18 2017


...................................

...THE BRADFORD CLIMATE SUMMARY FOR NOVEMBER 17 2017...

CLIMATE NORMAL PERIOD 1981 TO 2010
CLIMATE RECORD PERIOD 1957 TO 2017


WEATHER ITEM   OBSERVED TIME   RECORD YEAR NORMAL DEPARTURE LAST
                VALUE   (LST)  VALUE       VALUE  FROM      YEAR
                                                  NORMAL
..................................................................
TEMPERATURE (F)
 YESTERDAY
  MAXIMUM         37    422 PM  61    1975  44     -7       53
  MINIMUM         27    841 AM   5    1967  29     -2       30
  AVERAGE         32                        37     -5       42

PRECIPITATION (IN)
  YESTERDAY        0.00          1.65 1993   0.13  -0.13     0.00
  MONTH TO DATE    2.67                      2.03   0.64     0.73
  SINCE SEP 1     10.68                      9.38   1.30    11.13
  SINCE JAN 1     45.83                     39.33   6.50    40.13

DEGREE DAYS
 HEATING
  YESTERDAY       33                        24      9       23
  MONTH TO DATE  499                       357    142      368
  SINCE SEP 1   1058                      1197   -139      970
  SINCE JUL 1   1167                      1350   -183     1013

 COOLING
  YESTERDAY        0                         0      0        0
  MONTH TO DATE    0                         0      0        0
  SINCE SEP 1     40                        16     24       45
  SINCE JAN 1    264                       193     71      370
..................................................................


WIND (MPH)
  HIGHEST WIND SPEED    23   HIGHEST WIND DIRECTION    NW (310)
  HIGHEST GUST SPEED    31   HIGHEST GUST DIRECTION    NW (310)
  AVERAGE WIND SPEED     7.5


SKY COVER
  POSSIBLE SUNSHINE  MM
  AVERAGE SKY COVER 0.6


WEATHER CONDITIONS
 THE FOLLOWING WEATHER WAS RECORDED YESTERDAY.
  NO SIGNIFICANT WEATHER WAS OBSERVED.


RELATIVE HUMIDITY (PERCENT)
 HIGHEST    92           100 AM
 LOWEST     64           200 PM
 AVERAGE    78

..........................................................


THE BRADFORD CLIMATE NORMALS FOR TODAY
                         NORMAL    RECORD    YEAR
 MAXIMUM TEMPERATURE (F)   44        69      2016
 MINIMUM TEMPERATURE (F)   29         6      1959


SUNRISE AND SUNSET
NOVEMBER 18 2017......SUNRISE   708 AM EST   SUNSET   451 PM EST
NOVEMBER 19 2017......SUNRISE   709 AM EST   SUNSET   451 PM EST


-  INDICATES NEGATIVE NUMBERS.
R  INDICATES RECORD WAS SET OR TIED.
MM INDICATES DATA IS MISSING.
T  INDICATES TRACE AMOUNT.




$$
