000
CDUS41 KCTP 050614
CLIBFD


CLIMATE REPORT
NATIONAL WEATHER SERVICE STATE COLLEGE PA
113 AM EST THU MAR 5 2015


...................................

...THE BRADFORD CLIMATE SUMMARY FOR MARCH 4 2015...

CLIMATE NORMAL PERIOD 1981 TO 2010
CLIMATE RECORD PERIOD 1957 TO 2015


WEATHER ITEM   OBSERVED TIME   RECORD YEAR NORMAL DEPARTURE LAST
                VALUE   (LST)  VALUE       VALUE  FROM      YEAR
                                                  NORMAL
..................................................................
TEMPERATURE (F)
 YESTERDAY
  MAXIMUM         37    109 AM  65    1974  37      0       25
  MINIMUM         26   1159 PM -13    2014  18      8      -13
  AVERAGE         32                        27      5        6

PRECIPITATION (IN)
  YESTERDAY        0.01          1.27 1964   0.10  -0.09     0.00
  MONTH TO DATE    0.77                      0.39   0.38     0.04
  SINCE MAR 1      0.77                      0.39   0.38     0.04
  SINCE JAN 1      3.61                      6.03  -2.42     3.57

DEGREE DAYS
 HEATING
  YESTERDAY       33                        32      1       59
  MONTH TO DATE  176                       130     46      212
  SINCE MAR 1    176                       130     46      212
  SINCE JUL 1   6075                      5700    375     5878

 COOLING
  YESTERDAY        0                         0      0        0
  MONTH TO DATE    0                         0      0        0
  SINCE MAR 1      0                         0      0        0
  SINCE JAN 1      0                         0      0        0
..................................................................


WIND (MPH)
  HIGHEST WIND SPEED    20   HIGHEST WIND DIRECTION     W (280)
  HIGHEST GUST SPEED    28   HIGHEST GUST DIRECTION     W (280)
  AVERAGE WIND SPEED    10.4


SKY COVER
  POSSIBLE SUNSHINE  MM
  AVERAGE SKY COVER 1.0


WEATHER CONDITIONS
 THE FOLLOWING WEATHER WAS RECORDED YESTERDAY.
  LIGHT RAIN
  LIGHT SNOW
  FOG
  HAZE


RELATIVE HUMIDITY (PERCENT)
 HIGHEST    92           600 AM
 LOWEST     63          1100 PM
 AVERAGE    78

..........................................................


THE BRADFORD CLIMATE NORMALS FOR TODAY
                         NORMAL    RECORD    YEAR
 MAXIMUM TEMPERATURE (F)   37        70      1992
 MINIMUM TEMPERATURE (F)   18        -2      2005


SUNRISE AND SUNSET
MARCH  5 2015.........SUNRISE   643 AM EST   SUNSET   609 PM EST
MARCH  6 2015.........SUNRISE   642 AM EST   SUNSET   610 PM EST


-  INDICATES NEGATIVE NUMBERS.
R  INDICATES RECORD WAS SET OR TIED.
MM INDICATES DATA IS MISSING.
T  INDICATES TRACE AMOUNT.




$$
