000
CDUS41 KCTP 260623
CLIBFD


CLIMATE REPORT
NATIONAL WEATHER SERVICE STATE COLLEGE PA
123 AM EST FRI DEC 26 2014


...................................

...THE BRADFORD CLIMATE SUMMARY FOR DECEMBER 25 2014...

CLIMATE NORMAL PERIOD 1981 TO 2010
CLIMATE RECORD PERIOD 1957 TO 2014


WEATHER ITEM   OBSERVED TIME   RECORD YEAR NORMAL DEPARTURE LAST
                VALUE   (LST)  VALUE       VALUE  FROM      YEAR
                                                  NORMAL
..................................................................
TEMPERATURE (F)
 YESTERDAY
  MAXIMUM         44   1208 AM  57    1982  30     14       21
  MINIMUM         33   1159 PM -20    1980  15     18       -4
  AVERAGE         39                        23     16        9

PRECIPITATION (IN)
  YESTERDAY        0.06          1.60 1978   0.10  -0.04      T
  MONTH TO DATE    1.78                      2.79  -1.01     2.49
  SINCE DEC 1      1.78                      2.79  -1.01     2.49
  SINCE JAN 1     41.92                     43.85  -1.93    34.52

DEGREE DAYS
 HEATING
  YESTERDAY       26                        37    -11       56
  MONTH TO DATE  863                       841     22      950
  SINCE DEC 1    863                       841     22      950
  SINCE JUL 1   2681                      2676      5     2738

 COOLING
  YESTERDAY        0                         0      0        0
  MONTH TO DATE    0                         0      0        0
  SINCE DEC 1      0                         0      0        0
  SINCE JAN 1    196                       193      3      334
..................................................................


WIND (MPH)
  HIGHEST WIND SPEED    20   HIGHEST WIND DIRECTION     W (270)
  HIGHEST GUST SPEED    35   HIGHEST GUST DIRECTION    SW (210)
  AVERAGE WIND SPEED    10.9


SKY COVER
  POSSIBLE SUNSHINE  MM
  AVERAGE SKY COVER 1.0


WEATHER CONDITIONS
 THE FOLLOWING WEATHER WAS RECORDED YESTERDAY.
  LIGHT RAIN
  LIGHT SNOW
  FOG


RELATIVE HUMIDITY (PERCENT)
 HIGHEST    89           700 AM
 LOWEST     69          1000 PM
 AVERAGE    79

..........................................................


THE BRADFORD CLIMATE NORMALS FOR TODAY
                         NORMAL    RECORD    YEAR
 MAXIMUM TEMPERATURE (F)   30        55      1982
 MINIMUM TEMPERATURE (F)   15       -16      1983


SUNRISE AND SUNSET
DECEMBER 26 2014......SUNRISE   741 AM EST   SUNSET   450 PM EST
DECEMBER 27 2014......SUNRISE   741 AM EST   SUNSET   450 PM EST


-  INDICATES NEGATIVE NUMBERS.
R  INDICATES RECORD WAS SET OR TIED.
MM INDICATES DATA IS MISSING.
T  INDICATES TRACE AMOUNT.




$$
