000
CDUS41 KCTP 230618
CLIBFD


CLIMATE REPORT
NATIONAL WEATHER SERVICE STATE COLLEGE PA
218 AM EDT TUE MAY 23 2017


...................................

...THE BRADFORD CLIMATE SUMMARY FOR MAY 22 2017...

CLIMATE NORMAL PERIOD 1981 TO 2010
CLIMATE RECORD PERIOD 1957 TO 2017


WEATHER ITEM   OBSERVED TIME   RECORD YEAR NORMAL DEPARTURE LAST
                VALUE   (LST)  VALUE       VALUE  FROM      YEAR
                                                  NORMAL
..................................................................
TEMPERATURE (F)
 YESTERDAY
  MAXIMUM         67   1251 PM  84    2013  67      0       62
  MINIMUM         41   1159 PM  24    2002  42     -1       45
  AVERAGE         54                        55     -1       54

PRECIPITATION (IN)
  YESTERDAY        0.21          1.32 1982   0.15   0.06     0.22
  MONTH TO DATE    3.46                      2.89   0.57     3.21
  SINCE MAR 1     12.01                      9.81   2.20     9.82
  SINCE JAN 1     19.09                     15.45   3.64    14.43

DEGREE DAYS
 HEATING
  YESTERDAY       11                         6      5       11
  MONTH TO DATE  300                       194    106      348
  SINCE MAR 1   1785                      1875    -90     1783
  SINCE JUL 1   6368                      7445  -1077     6483

 COOLING
  YESTERDAY        0                         0      0        0
  MONTH TO DATE   18                         0     18        0
  SINCE MAR 1     19                         2     17        0
  SINCE JAN 1     19                         2     17        0
..................................................................


WIND (MPH)
  HIGHEST WIND SPEED    17   HIGHEST WIND DIRECTION     W (290)
  HIGHEST GUST SPEED    25   HIGHEST GUST DIRECTION    SW (240)
  AVERAGE WIND SPEED     6.1


SKY COVER
  POSSIBLE SUNSHINE  MM
  AVERAGE SKY COVER 0.5


WEATHER CONDITIONS
 THE FOLLOWING WEATHER WAS RECORDED YESTERDAY.
  HEAVY RAIN
  RAIN
  LIGHT RAIN
  FOG


RELATIVE HUMIDITY (PERCENT)
 HIGHEST   100           100 AM
 LOWEST     48           500 PM
 AVERAGE    74

..........................................................


THE BRADFORD CLIMATE NORMALS FOR TODAY
                         NORMAL    RECORD    YEAR
 MAXIMUM TEMPERATURE (F)   68        84      1991
 MINIMUM TEMPERATURE (F)   43        24      2015


SUNRISE AND SUNSET
MAY 23 2017...........SUNRISE   547 AM EDT   SUNSET   836 PM EDT
MAY 24 2017...........SUNRISE   547 AM EDT   SUNSET   837 PM EDT


-  INDICATES NEGATIVE NUMBERS.
R  INDICATES RECORD WAS SET OR TIED.
MM INDICATES DATA IS MISSING.
T  INDICATES TRACE AMOUNT.




$$
