000
CDUS41 KCTP 032117
CLIBFD


CLIMATE REPORT
NATIONAL WEATHER SERVICE STATE COLLEGE PA
517 PM EDT MON AUG 3 2015


...................................

...THE BRADFORD CLIMATE SUMMARY FOR AUGUST 3 2015...
VALID TODAY AS OF 0500 PM LOCAL TIME.

CLIMATE NORMAL PERIOD 1981 TO 2010
CLIMATE RECORD PERIOD 1957 TO 2015


WEATHER ITEM   OBSERVED TIME   RECORD YEAR NORMAL DEPARTURE LAST
                VALUE   (LST)  VALUE       VALUE  FROM      YEAR
                                                  NORMAL
..................................................................
TEMPERATURE (F)
 TODAY
  MAXIMUM         78    253 PM  90    1975  77      1       71
  MINIMUM         63    703 AM  36    1976  53     10       59
  AVERAGE         71                        65      6       65

PRECIPITATION (IN)
  TODAY            T             1.60 1964   0.14  -0.14     0.29
  MONTH TO DATE    T                         0.42  -0.42     0.87
  SINCE JUN 1     10.16                      9.52   0.64    10.49
  SINCE JAN 1     22.59                     26.26  -3.67    26.44

DEGREE DAYS
 HEATING
  TODAY            0                         0      0        0
  MONTH TO DATE    0                         0      0        2
  SINCE JUN 1    154                       209    -55      181
  SINCE JUL 1     47                        64    -17       96

 COOLING
  TODAY            6                         2      4        0
  MONTH TO DATE    7                         6      1        0
  SINCE JUN 1    117                       120     -3      119
  SINCE JAN 1    161                       130     31      137
..................................................................


WIND (MPH)
  HIGHEST WIND SPEED    15   HIGHEST WIND DIRECTION     W (270)
  HIGHEST GUST SPEED    22   HIGHEST GUST DIRECTION     W (290)
  AVERAGE WIND SPEED     8.2


SKY COVER
  POSSIBLE SUNSHINE  MM
  AVERAGE SKY COVER 0.3


WEATHER CONDITIONS
 THE FOLLOWING WEATHER WAS RECORDED TODAY.
  LIGHT RAIN


RELATIVE HUMIDITY (PERCENT)
 HIGHEST    84           600 AM
 LOWEST     46           100 PM
 AVERAGE    65

..........................................................


THE BRADFORD CLIMATE NORMALS FOR TOMORROW
                         NORMAL    RECORD    YEAR
 MAXIMUM TEMPERATURE (F)   77        87      1988
 MINIMUM TEMPERATURE (F)   53        40      1966


SUNRISE AND SUNSET
AUGUST  3 2015........SUNRISE   610 AM EDT   SUNSET   831 PM EDT
AUGUST  4 2015........SUNRISE   611 AM EDT   SUNSET   829 PM EDT


-  INDICATES NEGATIVE NUMBERS.
R  INDICATES RECORD WAS SET OR TIED.
MM INDICATES DATA IS MISSING.
T  INDICATES TRACE AMOUNT.




$$
