000
CDUS41 KCTP 010704
CLIBFD


CLIMATE REPORT
NATIONAL WEATHER SERVICE STATE COLLEGE PA
303 AM EDT WED JUN 1 2016


...................................

...THE BRADFORD CLIMATE SUMMARY FOR MAY 31 2016...

CLIMATE NORMAL PERIOD 1981 TO 2010
CLIMATE RECORD PERIOD 1957 TO 2016


WEATHER ITEM   OBSERVED TIME   RECORD YEAR NORMAL DEPARTURE LAST
                VALUE   (LST)  VALUE       VALUE  FROM      YEAR
                                                  NORMAL
..................................................................
TEMPERATURE (F)
 YESTERDAY
  MAXIMUM         78    313 PM  86    2006  70      8       64
  MINIMUM         47    516 AM  29    2001  45      2       50
  AVERAGE         63                        57      6       57

PRECIPITATION (IN)
  YESTERDAY        0.00          1.34 2010   0.15  -0.15     0.77
  MONTH TO DATE    3.21                      4.18  -0.97     3.02
  SINCE MAR 1      9.82                     11.10  -1.28     9.59
  SINCE JAN 1     14.43                     16.74  -2.31    12.43

DEGREE DAYS
 HEATING
  YESTERDAY        2                         4     -2        8
  MONTH TO DATE  368                       242    126      210
  SINCE MAR 1   1803                      2058   -255     1999
  SINCE JUL 1   6503                      7628  -1125     7898

 COOLING
  YESTERDAY        0                         1     -1        0
  MONTH TO DATE   19                         8     11       44
  SINCE MAR 1     19                        10      9       44
  SINCE JAN 1     19                        10      9       44
..................................................................


WIND (MPH)
  HIGHEST WIND SPEED    15   HIGHEST WIND DIRECTION    NW (320)
  HIGHEST GUST SPEED    19   HIGHEST GUST DIRECTION     N (340)
  AVERAGE WIND SPEED     4.8


SKY COVER
  POSSIBLE SUNSHINE  MM
  AVERAGE SKY COVER 0.1


WEATHER CONDITIONS
 THE FOLLOWING WEATHER WAS RECORDED YESTERDAY.
  NO SIGNIFICANT WEATHER WAS OBSERVED.


RELATIVE HUMIDITY (PERCENT)
 HIGHEST    96          1200 AM
 LOWEST     36          1200 PM
 AVERAGE    66

..........................................................


THE BRADFORD CLIMATE NORMALS FOR TODAY
                         NORMAL    RECORD    YEAR
 MAXIMUM TEMPERATURE (F)   70        83      1969
 MINIMUM TEMPERATURE (F)   45        28      1981


SUNRISE AND SUNSET
JUNE  1 2016..........SUNRISE   542 AM EDT   SUNSET   843 PM EDT
JUNE  2 2016..........SUNRISE   542 AM EDT   SUNSET   844 PM EDT


-  INDICATES NEGATIVE NUMBERS.
R  INDICATES RECORD WAS SET OR TIED.
MM INDICATES DATA IS MISSING.
T  INDICATES TRACE AMOUNT.




$$
