000
CDUS41 KCTP 272130
CLIBFD


CLIMATE REPORT
NATIONAL WEATHER SERVICE STATE COLLEGE PA
529 PM EDT THU JUL 27 2017


...................................

...THE BRADFORD CLIMATE SUMMARY FOR JULY 27 2017...
VALID TODAY AS OF 0500 PM LOCAL TIME.

CLIMATE NORMAL PERIOD 1981 TO 2010
CLIMATE RECORD PERIOD 1957 TO 2017


WEATHER ITEM   OBSERVED TIME   RECORD YEAR NORMAL DEPARTURE LAST
                VALUE   (LST)  VALUE       VALUE  FROM      YEAR
                                                  NORMAL
..................................................................
TEMPERATURE (F)
 TODAY
  MAXIMUM         79    407 PM  85    1983  77      2       83
  MINIMUM         59    529 AM  38    2001  53      6       51
  AVERAGE         69                        65      4       67

PRECIPITATION (IN)
  TODAY            0.00          1.22 1984   0.13  -0.13     0.00
  MONTH TO DATE    5.07                      3.65   1.42     3.86
  SINCE JUN 1     11.58                      8.56   3.02     6.88
  SINCE JAN 1     32.78                     25.30   7.48    21.31

DEGREE DAYS
 HEATING
  TODAY            0                         0      0        0
  MONTH TO DATE   22                         1     21       31
  SINCE JUN 1    154                       146      8      123
  SINCE JUL 1     22                         1     21       31

 COOLING
  TODAY            4                         2      2        2
  MONTH TO DATE   88                        62     26      103
  SINCE JUN 1    159                       102     57      135
  SINCE JAN 1    178                       112     66      154
..................................................................


WIND (MPH)
  HIGHEST WIND SPEED     7   HIGHEST WIND DIRECTION    NW (330)
  HIGHEST GUST SPEED    11   HIGHEST GUST DIRECTION     W (290)
  AVERAGE WIND SPEED     2.7


SKY COVER
  POSSIBLE SUNSHINE  MM
  AVERAGE SKY COVER 0.3


WEATHER CONDITIONS
 THE FOLLOWING WEATHER WAS RECORDED TODAY.
  FOG


RELATIVE HUMIDITY (PERCENT)
 HIGHEST   100           300 AM
 LOWEST     54           200 PM
 AVERAGE    77

..........................................................


THE BRADFORD CLIMATE NORMALS FOR TOMORROW
                         NORMAL    RECORD    YEAR
 MAXIMUM TEMPERATURE (F)   77        86      2015
                                             1964
 MINIMUM TEMPERATURE (F)   53        37      1971


SUNRISE AND SUNSET
JULY 27 2017..........SUNRISE   604 AM EDT   SUNSET   838 PM EDT
JULY 28 2017..........SUNRISE   605 AM EDT   SUNSET   837 PM EDT


-  INDICATES NEGATIVE NUMBERS.
R  INDICATES RECORD WAS SET OR TIED.
MM INDICATES DATA IS MISSING.
T  INDICATES TRACE AMOUNT.




$$
