109
CDUS41 KCTP 240654
CLIBFD


CLIMATE REPORT
NATIONAL WEATHER SERVICE STATE COLLEGE PA
254 AM EDT MON APR 24 2017


...................................

...THE BRADFORD CLIMATE SUMMARY FOR APRIL 23 2017...

CLIMATE NORMAL PERIOD 1981 TO 2010
CLIMATE RECORD PERIOD 1957 TO 2017


WEATHER ITEM   OBSERVED TIME   RECORD YEAR NORMAL DEPARTURE LAST
                VALUE   (LST)  VALUE       VALUE  FROM      YEAR
                                                  NORMAL
..................................................................
TEMPERATURE (F)
 YESTERDAY
  MAXIMUM         69    443 PM  81    1985  58     11       55
  MINIMUM         27    530 AM  18    1989  35     -8       34
  AVERAGE         48                        46      2       45

PRECIPITATION (IN)
  YESTERDAY        0.00          1.19 1977   0.11  -0.11     0.00
  MONTH TO DATE    4.14                      2.72   1.42     2.97
  SINCE MAR 1      7.88                      6.09   1.79     5.90
  SINCE JAN 1     14.96                     11.73   3.23    10.51

DEGREE DAYS
 HEATING
  YESTERDAY       17                        14      3       20
  MONTH TO DATE  373                       402    -29      559
  SINCE MAR 1   1440                      1439      1     1303
  SINCE JUL 1   6023                      7009   -986     6003

 COOLING
  YESTERDAY        0                         0      0        0
  MONTH TO DATE    1                         0      1        0
  SINCE MAR 1      1                         0      1        0
  SINCE JAN 1      1                         0      1        0
..................................................................


WIND (MPH)
  HIGHEST WIND SPEED    10   HIGHEST WIND DIRECTION    NW (330)
  HIGHEST GUST SPEED    14   HIGHEST GUST DIRECTION    NW (310)
  AVERAGE WIND SPEED     2.3


SKY COVER
  POSSIBLE SUNSHINE  MM
  AVERAGE SKY COVER 0.0


WEATHER CONDITIONS
 THE FOLLOWING WEATHER WAS RECORDED YESTERDAY.
  NO SIGNIFICANT WEATHER WAS OBSERVED.


RELATIVE HUMIDITY (PERCENT)
 HIGHEST   100           100 AM
 LOWEST     16           500 PM
 AVERAGE    58

..........................................................


THE BRADFORD CLIMATE NORMALS FOR TODAY
                         NORMAL    RECORD    YEAR
 MAXIMUM TEMPERATURE (F)   59        82      1958
 MINIMUM TEMPERATURE (F)   35        21      2002


SUNRISE AND SUNSET
APRIL 24 2017.........SUNRISE   620 AM EDT   SUNSET   806 PM EDT
APRIL 25 2017.........SUNRISE   619 AM EDT   SUNSET   807 PM EDT


-  INDICATES NEGATIVE NUMBERS.
R  INDICATES RECORD WAS SET OR TIED.
MM INDICATES DATA IS MISSING.
T  INDICATES TRACE AMOUNT.




$$
