000
CDUS45 KCYS 270840
CLIBFF


CLIMATE REPORT
NATIONAL WEATHER SERVICE CHEYENNE WY
124 AM MST SAT DEC 27 2014


...................................

...THE SCOTTSBLUFF NEBRASKA AIRPORT CLIMATE SUMMARY FOR DECEMBER 26 2014...

CLIMATE NORMAL PERIOD 1981 TO 2010
CLIMATE RECORD PERIOD 1871 TO 2014


WEATHER ITEM   OBSERVED TIME   RECORD YEAR NORMAL DEPARTURE LAST
                VALUE   (LST)  VALUE       VALUE  FROM      YEAR
                                                  NORMAL
..................................................................
TEMPERATURE (F)
 YESTERDAY
  MAXIMUM         22    144 PM  66    1980  39    -17       51
  MINIMUM         13   1053 PM -15    1948  12      1       22
  AVERAGE         18                        26     -8       37

PRECIPITATION (IN)
  YESTERDAY        0.06          0.23 1922   0.02   0.04     0.00
  MONTH TO DATE    1.28                      0.43   0.85     0.63
  SINCE JAN 1     19.08                     15.71   3.37    13.37

SNOWFALL (IN)
  YESTERDAY       MM             2.2  1967   0.2   MM        0.0
  MONTH TO DATE   10.5                       6.0    4.5     11.2
  SINCE JUL 1     16.1                      14.9    1.2     24.1
  SNOW DEPTH      MM

DEGREE DAYS
 HEATING
  YESTERDAY       47                        40      7       28
  MONTH TO DATE  901                      1013   -112     1067
  SINCE DEC 1    901                      1013   -112     1067
  SINCE JUL 1   2346                      2578   -232     2572

 COOLING
  YESTERDAY        0                         0      0        0
  MONTH TO DATE    0                         0      0        0
  SINCE DEC 1      0                         0      0        0
  SINCE JAN 1    719                       724     -5     1047
..................................................................


WIND (MPH)
  HIGHEST WIND SPEED    12   HIGHEST WIND DIRECTION    NE (30)
  HIGHEST GUST SPEED    15   HIGHEST GUST DIRECTION    NE (30)
  AVERAGE WIND SPEED     3.7


SKY COVER
  AVERAGE SKY COVER 1.0


WEATHER CONDITIONS
 THE FOLLOWING WEATHER WAS RECORDED YESTERDAY.
  SNOW
  LIGHT SNOW
  FOG
  HAZE


RELATIVE HUMIDITY (PERCENT)
 HIGHEST    92          1200 AM
 LOWEST     77          1000 AM
 AVERAGE    85

..........................................................


THE SCOTTSBLUFF NEBRASKA AIRPORT CLIMATE NORMALS FOR TODAY
                         NORMAL    RECORD    YEAR
 MAXIMUM TEMPERATURE (F)   39        77      1980
 MINIMUM TEMPERATURE (F)   12       -16      1941


SUNRISE AND SUNSET
DECEMBER 27 2014......SUNRISE   721 AM MST   SUNSET   430 PM MST
DECEMBER 28 2014......SUNRISE   721 AM MST   SUNSET   431 PM MST


-  INDICATES NEGATIVE NUMBERS.
R  INDICATES RECORD WAS SET OR TIED.
MM INDICATES DATA IS MISSING.
T  INDICATES TRACE AMOUNT.




$$
