000
CDUS45 KCYS 270732
CLIBFF


CLIMATE REPORT
NATIONAL WEATHER SERVICE CHEYENNE WY
1230 AM MST FRI FEB 27 2015


...................................

...THE SCOTTSBLUFF NEBRASKA AIRPORT CLIMATE SUMMARY FOR FEBRUARY 26 2015...

CLIMATE NORMAL PERIOD 1981 TO 2010
CLIMATE RECORD PERIOD 1871 TO 2015


WEATHER ITEM   OBSERVED TIME   RECORD YEAR NORMAL DEPARTURE LAST
                VALUE   (LST)  VALUE       VALUE  FROM      YEAR
                                                  NORMAL
..................................................................
TEMPERATURE (F)
 YESTERDAY
  MAXIMUM         18    340 PM  73    1950  47    -29       31
  MINIMUM          7    913 PM -25    1934  19    -12      -17
  AVERAGE         13                        33    -20        7

PRECIPITATION (IN)
  YESTERDAY        T             0.86 1987   0.03  -0.03     0.00
  MONTH TO DATE    0.39                      0.55  -0.16     1.12
  SINCE JAN 1      0.84                      0.96  -0.12     1.58

SNOWFALL (IN)
  YESTERDAY        T             9.8  1987   0.3   -0.3      0.0
  MONTH TO DATE    5.8                       6.5   -0.7     20.8
  SINCE JUL 1     42.2                      27.9   14.3     51.0
  SNOW DEPTH       0

DEGREE DAYS
 HEATING
  YESTERDAY       52                        32     20       58
  MONTH TO DATE  786                       907   -121     1142
  SINCE DEC 1   3176                      3284   -108     3436
  SINCE JUL 1   4621                      4849   -228     4941

 COOLING
  YESTERDAY        0                         0      0        0
  MONTH TO DATE    0                         0      0        0
  SINCE DEC 1      0                         0      0        0
  SINCE JAN 1      0                         0      0        0
..................................................................


WIND (MPH)
  HIGHEST WIND SPEED    15   HIGHEST WIND DIRECTION     E (70)
  HIGHEST GUST SPEED    17   HIGHEST GUST DIRECTION     E (70)
  AVERAGE WIND SPEED     8.9


SKY COVER
  AVERAGE SKY COVER 0.9


WEATHER CONDITIONS
 THE FOLLOWING WEATHER WAS RECORDED YESTERDAY.
  LIGHT SNOW
  HAZE


RELATIVE HUMIDITY (PERCENT)
 HIGHEST    76           300 AM
 LOWEST     49           300 PM
 AVERAGE    63

..........................................................


THE SCOTTSBLUFF NEBRASKA AIRPORT CLIMATE NORMALS FOR TODAY
                         NORMAL    RECORD    YEAR
 MAXIMUM TEMPERATURE (F)   48        74      1932
 MINIMUM TEMPERATURE (F)   19       -20      1962


SUNRISE AND SUNSET
FEBRUARY 27 2015......SUNRISE   633 AM MST   SUNSET   542 PM MST
FEBRUARY 28 2015......SUNRISE   631 AM MST   SUNSET   543 PM MST


-  INDICATES NEGATIVE NUMBERS.
R  INDICATES RECORD WAS SET OR TIED.
MM INDICATES DATA IS MISSING.
T  INDICATES TRACE AMOUNT.




$$
