000
CDUS45 KCYS 220728
CLIBFF


CLIMATE REPORT
NATIONAL WEATHER SERVICE CHEYENNE WY
127 AM MDT FRI MAY 22 2015


...................................

...THE SCOTTSBLUFF NE AIRPORT CLIMATE SUMMARY FOR MAY 21 2015...

CLIMATE NORMAL PERIOD 1981 TO 2010
CLIMATE RECORD PERIOD 1871 TO 2015


WEATHER ITEM   OBSERVED TIME   RECORD YEAR NORMAL DEPARTURE LAST
                VALUE   (LST)  VALUE       VALUE  FROM      YEAR
                                                  NORMAL
..................................................................
TEMPERATURE (F)
 YESTERDAY
  MAXIMUM         57    324 PM  97    1925  73    -16       73
  MINIMUM         41    543 AM  23    1915  45     -4       51
                                      1898
  AVERAGE         49                        59    -10       62

PRECIPITATION (IN)
  YESTERDAY        0.00          1.44 1948   0.08  -0.08     0.00
  MONTH TO DATE    5.29                      1.52   3.77     3.59
  SINCE JAN 1      9.50                      5.36   4.14     6.66

SNOWFALL (IN)
  YESTERDAY        0.0          MM      MM   0.0    0.0      0.0
  MONTH TO DATE    8.0                       0.5    7.5      5.0
  SINCE JUL 1     51.7                      42.1    9.6     66.5
  SNOW DEPTH       0

DEGREE DAYS
 HEATING
  YESTERDAY       16                         7      9        3
  MONTH TO DATE  277                       210     67      256
  SINCE MAR 1   1366                      1591   -225     1583
  SINCE JUL 1   6081                      6503   -422     6616

 COOLING
  YESTERDAY        0                         1     -1        0
  MONTH TO DATE    0                        10    -10        0
  SINCE MAR 1      0                        12    -12        0
  SINCE JAN 1      0                        12    -12        0
..................................................................


WIND (MPH)
  HIGHEST WIND SPEED    21   HIGHEST WIND DIRECTION    SE (130)
  HIGHEST GUST SPEED    32   HIGHEST GUST DIRECTION    SE (130)
  AVERAGE WIND SPEED    10.7


SKY COVER
  AVERAGE SKY COVER 1.0


WEATHER CONDITIONS
 THE FOLLOWING WEATHER WAS RECORDED YESTERDAY.
  NO SIGNIFICANT WEATHER WAS OBSERVED.


RELATIVE HUMIDITY (PERCENT)
 HIGHEST    82           600 AM
 LOWEST     59          1100 AM
 AVERAGE    71

..........................................................


THE SCOTTSBLUFF NE AIRPORT CLIMATE NORMALS FOR TODAY
                         NORMAL    RECORD    YEAR
 MAXIMUM TEMPERATURE (F)   74       100      2012
 MINIMUM TEMPERATURE (F)   45        29      1915


SUNRISE AND SUNSET
MAY 22 2015...........SUNRISE   528 AM MDT   SUNSET   814 PM MDT
MAY 23 2015...........SUNRISE   527 AM MDT   SUNSET   815 PM MDT


-  INDICATES NEGATIVE NUMBERS.
R  INDICATES RECORD WAS SET OR TIED.
MM INDICATES DATA IS MISSING.
T  INDICATES TRACE AMOUNT.




$$
