000
CDUS45 KCYS 290728
CLIBFF


CLIMATE REPORT
NATIONAL WEATHER SERVICE CHEYENNE WY
128 AM MDT FRI AUG 29 2014


...................................

...THE SCOTTSBLUFF NEBRASKA AIRPORT CLIMATE SUMMARY FOR AUGUST 28 2014...

CLIMATE NORMAL PERIOD 1981 TO 2010
CLIMATE RECORD PERIOD 1871 TO 2014


WEATHER ITEM   OBSERVED TIME   RECORD YEAR NORMAL DEPARTURE LAST
                VALUE   (LST)  VALUE       VALUE  FROM      YEAR
                                                  NORMAL
..................................................................
TEMPERATURE (F)
 YESTERDAY
  MAXIMUM         70    455 PM 101    2012  86    -16       98
  MINIMUM         52   1159 PM  39    2004  53     -1       63
                                      1964
  AVERAGE         61                        69     -8       81

PRECIPITATION (IN)
  YESTERDAY        0.16          0.85 1957   0.04   0.12     0.00
  MONTH TO DATE    1.56                      1.19   0.37     0.62
  SINCE JAN 1     11.94                     12.19  -0.25     7.68

SNOWFALL (IN)
  YESTERDAY        0.0          MM      MM   0.0    0.0      0.0
  MONTH TO DATE    0.0                       0.0    0.0      0.0
  SINCE JUL 1      0.0                       0.0    0.0      0.0
  SNOW DEPTH       0

DEGREE DAYS
 HEATING
  YESTERDAY        4                         1      3        0
  MONTH TO DATE    5                         7     -2        0
  SINCE JUN 1     65                        73     -8       23
  SINCE JUL 1     12                        13     -1        2

 COOLING
  YESTERDAY        0                         5     -5       16
  MONTH TO DATE  230                       214     16      281
  SINCE JUN 1    607                       627    -20      793
  SINCE JAN 1    634                       650    -16      847
..................................................................


WIND (MPH)
  HIGHEST WIND SPEED    17   HIGHEST WIND DIRECTION    NW (300)
  HIGHEST GUST SPEED    22   HIGHEST GUST DIRECTION    NW (300)
  AVERAGE WIND SPEED     6.9


SKY COVER
  AVERAGE SKY COVER 0.5


WEATHER CONDITIONS
 THE FOLLOWING WEATHER WAS RECORDED YESTERDAY.
  RAIN
  LIGHT RAIN
  FOG


RELATIVE HUMIDITY (PERCENT)
 HIGHEST   100           100 AM
 LOWEST     57           500 PM
 AVERAGE    79

..........................................................


THE SCOTTSBLUFF NEBRASKA AIRPORT CLIMATE NORMALS FOR TODAY
                         NORMAL    RECORD    YEAR
 MAXIMUM TEMPERATURE (F)   85       104      1898
 MINIMUM TEMPERATURE (F)   53        39      1915


SUNRISE AND SUNSET
AUGUST 29 2014........SUNRISE   617 AM MDT   SUNSET   733 PM MDT
AUGUST 30 2014........SUNRISE   618 AM MDT   SUNSET   731 PM MDT


-  INDICATES NEGATIVE NUMBERS.
R  INDICATES RECORD WAS SET OR TIED.
MM INDICATES DATA IS MISSING.
T  INDICATES TRACE AMOUNT.




$$
