000
CDUS45 KCYS 280729
CLIBFF


CLIMATE REPORT
NATIONAL WEATHER SERVICE CHEYENNE WY
128 AM MDT THU APR 28 2016


...................................

...THE SCOTTSBLUFF NE AIRPORT CLIMATE SUMMARY FOR APRIL 27 2016...

CLIMATE NORMAL PERIOD 1981 TO 2010
CLIMATE RECORD PERIOD 1871 TO 2016


WEATHER ITEM   OBSERVED TIME   RECORD YEAR NORMAL DEPARTURE LAST
                VALUE   (LST)  VALUE       VALUE  FROM      YEAR
                                                  NORMAL
..................................................................
TEMPERATURE (F)
 YESTERDAY
  MAXIMUM         50   1243 PM  93    1910  65    -15       58
  MINIMUM         33    236 AM  20    2008  36     -3       44
  AVERAGE         42                        50     -8       51

PRECIPITATION (IN)
  YESTERDAY        0.00          2.53 1911   0.06  -0.06     0.00
  MONTH TO DATE    3.10                      1.62   1.48     3.09
  SINCE JAN 1      6.47                      3.63   2.84     4.20

SNOWFALL (IN)
  YESTERDAY        0.0           4.0  1918   0.1   -0.1      0.0
  MONTH TO DATE    T                         5.1   -5.1      0.5
  SINCE JUL 1     31.4                      41.3   -9.9     43.7
  SNOW DEPTH       0

DEGREE DAYS
 HEATING
  YESTERDAY       23                        15      8       14
  MONTH TO DATE  416                       510    -94      445
  SINCE MAR 1   1111                      1339   -228     1065
  SINCE JUL 1   5541                      6251   -710     5780

 COOLING
  YESTERDAY        0                         0      0        0
  MONTH TO DATE    0                         0      0        0
  SINCE MAR 1      0                         0      0        0
  SINCE JAN 1      0                         0      0        0
..................................................................


WIND (MPH)
  HIGHEST WIND SPEED    31   HIGHEST WIND DIRECTION    NW (330)
  HIGHEST GUST SPEED    37   HIGHEST GUST DIRECTION    NW (330)
  AVERAGE WIND SPEED    18.9


SKY COVER
  AVERAGE SKY COVER 0.8


WEATHER CONDITIONS
 THE FOLLOWING WEATHER WAS RECORDED YESTERDAY.
  NO SIGNIFICANT WEATHER WAS OBSERVED.


RELATIVE HUMIDITY (PERCENT)
 HIGHEST    89           300 AM
 LOWEST     50           200 PM
 AVERAGE    70

..........................................................


THE SCOTTSBLUFF NE AIRPORT CLIMATE NORMALS FOR TODAY
                         NORMAL    RECORD    YEAR
 MAXIMUM TEMPERATURE (F)   66        93      1910
 MINIMUM TEMPERATURE (F)   36        20      1984


SUNRISE AND SUNSET
APRIL 28 2016.........SUNRISE   554 AM MDT   SUNSET   750 PM MDT
APRIL 29 2016.........SUNRISE   553 AM MDT   SUNSET   751 PM MDT


-  INDICATES NEGATIVE NUMBERS.
R  INDICATES RECORD WAS SET OR TIED.
MM INDICATES DATA IS MISSING.
T  INDICATES TRACE AMOUNT.




$$
