000
CDUS45 KCYS 080811
CLIBFF


CLIMATE REPORT
NATIONAL WEATHER SERVICE CHEYENNE WY
111 AM MST THU DEC 8 2016


...................................

...THE SCOTTSBLUFF NE AIRPORT CLIMATE SUMMARY FOR DECEMBER 7 2016...

CLIMATE NORMAL PERIOD 1981 TO 2010
CLIMATE RECORD PERIOD 1871 TO 2016


WEATHER ITEM   OBSERVED TIME   RECORD YEAR NORMAL DEPARTURE LAST
                VALUE   (LST)  VALUE       VALUE  FROM      YEAR
                                                  NORMAL
..................................................................
TEMPERATURE (F)
 YESTERDAY
  MAXIMUM         15    206 PM  68    1939  40    -25       58
  MINIMUM         -6   1159 PM -18    1909  13    -19       29
  AVERAGE          5                        27    -22       44

PRECIPITATION (IN)
  YESTERDAY        0.06          0.34 2007   0.01   0.05     0.00
  MONTH TO DATE    0.06                      0.11  -0.05      T
  SINCE JAN 1     15.25                     15.39  -0.14    22.85

SNOWFALL (IN)
  YESTERDAY       MM             5.0  1936   0.2   MM        0.0
  MONTH TO DATE    T                         1.5   -1.5       T
  SINCE JUL 1      0.4                      10.4  -10.0      4.8
  SNOW DEPTH       T

DEGREE DAYS
 HEATING
  YESTERDAY       60                        38     22       21
  MONTH TO DATE  285                       261     24      192
  SINCE DEC 1    285                       261     24      192
  SINCE JUL 1   1362                      1826   -464     1467

 COOLING
  YESTERDAY        0                         0      0        0
  MONTH TO DATE    0                         0      0        0
  SINCE DEC 1      0                         0      0        0
  SINCE JAN 1    898                       724    174      792
..................................................................


WIND (MPH)
  HIGHEST WIND SPEED    22   HIGHEST WIND DIRECTION    NW (320)
  HIGHEST GUST SPEED    28   HIGHEST GUST DIRECTION    NW (320)
  AVERAGE WIND SPEED    12.0


SKY COVER
  AVERAGE SKY COVER 0.6


WEATHER CONDITIONS
 THE FOLLOWING WEATHER WAS RECORDED YESTERDAY.
  LIGHT SNOW
  HAZE


RELATIVE HUMIDITY (PERCENT)
 HIGHEST    80           500 AM
 LOWEST     51          1200 AM
 AVERAGE    66

..........................................................


THE SCOTTSBLUFF NE AIRPORT CLIMATE NORMALS FOR TODAY
                         NORMAL    RECORD    YEAR
 MAXIMUM TEMPERATURE (F)   40        68      1940
                                             1939
 MINIMUM TEMPERATURE (F)   13       -20      2005


SUNRISE AND SUNSET
DECEMBER  8 2016......SUNRISE   710 AM MST   SUNSET   423 PM MST
DECEMBER  9 2016......SUNRISE   711 AM MST   SUNSET   423 PM MST


-  INDICATES NEGATIVE NUMBERS.
R  INDICATES RECORD WAS SET OR TIED.
MM INDICATES DATA IS MISSING.
T  INDICATES TRACE AMOUNT.




$$
