000
CDUS46 KHNX 250823
CLIBFL


CLIMATE REPORT
NATIONAL WEATHER SERVICE SAN JOAQUIN VALLEY, CA
123 AM PDT MON JUL 25 2016


...................................

...THE BAKERSFIELD CLIMATE SUMMARY FOR JULY 24 2016...

CLIMATE NORMAL PERIOD 1981 TO 2010
CLIMATE RECORD PERIOD 1889 TO 2016


WEATHER ITEM   OBSERVED TIME   RECORD YEAR NORMAL DEPARTURE
                VALUE   (LST)  VALUE       VALUE  FROM
                                                  NORMAL
...............................................................
TEMPERATURE (F)
 YESTERDAY
  MAXIMUM        108    313 PM 115    1908  98     10
  MINIMUM         73    502 AM  52    1914  71      2
                                      1903
  AVERAGE         91                        85      6

PRECIPITATION (IN)
  YESTERDAY        0.00          T    1946   0.00   0.00
  MONTH TO DATE    0.00                      0.00   0.00
  SINCE OCT 1      5.43                      6.35  -0.92
  SINCE JAN 1      4.10                      4.39  -0.29

SNOWFALL (IN)
  YESTERDAY        0.0
  MONTH TO DATE    0.0
  SINCE JUN 1      0.0
  SINCE JUL 1      0.0
  SNOW DEPTH       0

DEGREE DAYS
 HEATING
  YESTERDAY        0                                0
  MONTH TO DATE    0                                0
  SINCE JUN 1      0                               -2
  SINCE JUL 1      0                                0

 COOLING
  YESTERDAY       26                                6
  MONTH TO DATE  470                               23
  SINCE JUN 1   1004                              178
  SINCE JAN 1   1361                              268
...............................................................


WIND (MPH)
  HIGHEST WIND SPEED    16   HIGHEST WIND DIRECTION    NW (320)
  HIGHEST GUST SPEED    19   HIGHEST GUST DIRECTION    NW (310)
  AVERAGE WIND SPEED     6.8




RELATIVE HUMIDITY (PERCENT)
 HIGHEST    33
 LOWEST      7
 AVERAGE    20

..........................................................


THE BAKERSFIELD CLIMATE NORMALS FOR TODAY
                         NORMAL    RECORD    YEAR
 MAXIMUM TEMPERATURE (F)   98       116      1931
 MINIMUM TEMPERATURE (F)   71        50      1913


SUNRISE AND SUNSET
JULY 25 2016..........SUNRISE   600 AM PDT   SUNSET   805 PM PDT
JULY 26 2016..........SUNRISE   601 AM PDT   SUNSET   804 PM PDT


-  INDICATES NEGATIVE NUMBERS.
R  INDICATES RECORD WAS SET OR TIED.
MM INDICATES DATA IS MISSING.
T  INDICATES TRACE AMOUNT.




$$
