035
CDUS46 KHNX 250824
CLIBFL


CLIMATE REPORT
NATIONAL WEATHER SERVICE SAN JOAQUIN VALLEY, CA
123 AM PDT THU AUG 25 2016


...................................

...THE BAKERSFIELD CLIMATE SUMMARY FOR AUGUST 24 2016...

CLIMATE NORMAL PERIOD 1981 TO 2010
CLIMATE RECORD PERIOD 1889 TO 2016


WEATHER ITEM   OBSERVED TIME   RECORD YEAR NORMAL DEPARTURE
                VALUE   (LST)  VALUE       VALUE  FROM
                                                  NORMAL
...............................................................
TEMPERATURE (F)
 YESTERDAY
  MAXIMUM         98    302 PM 112    1913  95      3
  MINIMUM         71    551 AM  45    1903  68      3
  AVERAGE         85                        81      4

PRECIPITATION (IN)
  YESTERDAY        0.00          0.12 1971   0.00   0.00
  MONTH TO DATE    0.00                      0.03  -0.03
  SINCE OCT 1      5.43                      6.38  -0.95
  SINCE JAN 1      4.10                      4.42  -0.32

SNOWFALL (IN)
  YESTERDAY        0.0
  MONTH TO DATE    0.0
  SINCE JUN 1      0.0
  SINCE JUL 1      0.0
  SNOW DEPTH       0

DEGREE DAYS
 HEATING
  YESTERDAY        0                                0
  MONTH TO DATE    0                                0
  SINCE JUN 1      0                               -2
  SINCE JUL 1      0                                0

 COOLING
  YESTERDAY       20                                4
  MONTH TO DATE  519                               90
  SINCE JUN 1   1718                              327
  SINCE JAN 1   2075                              417
...............................................................


WIND (MPH)
  HIGHEST WIND SPEED    13   HIGHEST WIND DIRECTION    NW (310)
  HIGHEST GUST SPEED    17   HIGHEST GUST DIRECTION    NW (300)
  AVERAGE WIND SPEED     4.6




RELATIVE HUMIDITY (PERCENT)
 HIGHEST    47
 LOWEST     12
 AVERAGE    30

..........................................................


THE BAKERSFIELD CLIMATE NORMALS FOR TODAY
                         NORMAL    RECORD    YEAR
 MAXIMUM TEMPERATURE (F)   94       111      2010
                                             1931
 MINIMUM TEMPERATURE (F)   68        48      1903


SUNRISE AND SUNSET
AUGUST 25 2016........SUNRISE   624 AM PDT   SUNSET   732 PM PDT
AUGUST 26 2016........SUNRISE   624 AM PDT   SUNSET   731 PM PDT


-  INDICATES NEGATIVE NUMBERS.
R  INDICATES RECORD WAS SET OR TIED.
MM INDICATES DATA IS MISSING.
T  INDICATES TRACE AMOUNT.




$$
