000
CDUS46 KHNX 220823
CLIBFL


CLIMATE REPORT
NATIONAL WEATHER SERVICE SAN JOAQUIN VALLEY, CA
123 AM PDT WED MAR 22 2017


...................................

...THE BAKERSFIELD CLIMATE SUMMARY FOR MARCH 21 2017...

CLIMATE NORMAL PERIOD 1981 TO 2010
CLIMATE RECORD PERIOD 1889 TO 2017


WEATHER ITEM   OBSERVED TIME   RECORD YEAR NORMAL DEPARTURE
                VALUE   (LST)  VALUE       VALUE  FROM
                                                  NORMAL
...............................................................
TEMPERATURE (F)
 YESTERDAY
  MAXIMUM         75    339 PM  89    1928  69      6
  MINIMUM         58    136 AM  26    1907  47     11
  AVERAGE         67                        58      9

PRECIPITATION (IN)
  YESTERDAY        0.03          0.68 1958   0.04  -0.01
  MONTH TO DATE    0.07                      0.88  -0.81
  SINCE OCT 1      7.32                      5.24   2.08
  SINCE JAN 1      4.29                      3.28   1.01

SNOWFALL (IN)
  YESTERDAY        0.0
  MONTH TO DATE    0.0
  SINCE MAR 1      0.0
  SINCE JUL 1      0.0
  SNOW DEPTH       0

DEGREE DAYS
 HEATING
  YESTERDAY        0                               -7
  MONTH TO DATE  115                              -56
  SINCE MAR 1    115                              -56
  SINCE JUL 1   1483                             -462

 COOLING
  YESTERDAY        2                                2
  MONTH TO DATE   24                               24
  SINCE MAR 1     24                               24
  SINCE JAN 1     26                               26
...............................................................


WIND (MPH)
  HIGHEST WIND SPEED    20   HIGHEST WIND DIRECTION     N (350)
  HIGHEST GUST SPEED    24   HIGHEST GUST DIRECTION     N (350)
  AVERAGE WIND SPEED     7.6




RELATIVE HUMIDITY (PERCENT)
 HIGHEST    73
 LOWEST     49
 AVERAGE    61

..........................................................


THE BAKERSFIELD CLIMATE NORMALS FOR TODAY
                         NORMAL    RECORD    YEAR
 MAXIMUM TEMPERATURE (F)   70        86      1915
 MINIMUM TEMPERATURE (F)   47        32      1935
                                             1917


SUNRISE AND SUNSET
MARCH 22 2017.........SUNRISE   657 AM PDT   SUNSET   710 PM PDT
MARCH 23 2017.........SUNRISE   655 AM PDT   SUNSET   711 PM PDT


-  INDICATES NEGATIVE NUMBERS.
R  INDICATES RECORD WAS SET OR TIED.
MM INDICATES DATA IS MISSING.
T  INDICATES TRACE AMOUNT.




$$
