000
CDUS46 KHNX 310826
CLIBFL


CLIMATE REPORT
NATIONAL WEATHER SERVICE SAN JOAQUIN VALLEY, CA
125 AM PDT TUE MAY 31 2016


...................................

...THE BAKERSFIELD CLIMATE SUMMARY FOR MAY 30 2016...

CLIMATE NORMAL PERIOD 1981 TO 2010
CLIMATE RECORD PERIOD 1889 TO 2016


WEATHER ITEM   OBSERVED TIME   RECORD YEAR NORMAL DEPARTURE
                VALUE   (LST)  VALUE       VALUE  FROM
                                                  NORMAL
...............................................................
TEMPERATURE (F)
 YESTERDAY
  MAXIMUM         96    348 PM 108    1910  87      9
  MINIMUM         68    533 AM  41    1906  60      8
  AVERAGE         82                        74      8

PRECIPITATION (IN)
  YESTERDAY        0.00          0.11 1948   0.01  -0.01
                                      1945
  MONTH TO DATE    0.55                      0.18   0.37
  SINCE OCT 1      5.43                      6.27  -0.84
  SINCE JAN 1      4.10                      4.31  -0.21

SNOWFALL (IN)
  YESTERDAY        0.0
  MONTH TO DATE    0.0
  SINCE MAR 1      0.0
  SINCE JUL 1      0.0
  SNOW DEPTH       0

DEGREE DAYS
 HEATING
  YESTERDAY        0                                0
  MONTH TO DATE    6                              -24
  SINCE MAR 1    174                             -224
  SINCE JUL 1   1692                             -480

 COOLING
  YESTERDAY       17                                8
  MONTH TO DATE  235                               42
  SINCE MAR 1    337                               78
  SINCE JAN 1    337                               78
...............................................................


WIND (MPH)
  HIGHEST WIND SPEED    16   HIGHEST WIND DIRECTION    NW (300)
  HIGHEST GUST SPEED    25   HIGHEST GUST DIRECTION     W (290)
  AVERAGE WIND SPEED     5.6




RELATIVE HUMIDITY (PERCENT)
 HIGHEST    44
 LOWEST     15
 AVERAGE    30

..........................................................


THE BAKERSFIELD CLIMATE NORMALS FOR TODAY
                         NORMAL    RECORD    YEAR
 MAXIMUM TEMPERATURE (F)   87       110      1910
 MINIMUM TEMPERATURE (F)   61        44      1923


SUNRISE AND SUNSET
MAY 31 2016...........SUNRISE   543 AM PDT   SUNSET   806 PM PDT
JUNE  1 2016..........SUNRISE   542 AM PDT   SUNSET   806 PM PDT


-  INDICATES NEGATIVE NUMBERS.
R  INDICATES RECORD WAS SET OR TIED.
MM INDICATES DATA IS MISSING.
T  INDICATES TRACE AMOUNT.




$$
