330
CDUS46 KHNX 230827
CLIBFL


CLIMATE REPORT
NATIONAL WEATHER SERVICE SAN JOAQUIN VALLEY, CA
1226 AM PST MON JAN 23 2017


...................................

...THE BAKERSFIELD CLIMATE SUMMARY FOR JANUARY 22 2017...

CLIMATE NORMAL PERIOD 1981 TO 2010
CLIMATE RECORD PERIOD 1889 TO 2017


WEATHER ITEM   OBSERVED TIME   RECORD YEAR NORMAL DEPARTURE
                VALUE   (LST)  VALUE       VALUE  FROM
                                                  NORMAL
...............................................................
TEMPERATURE (F)
 YESTERDAY
  MAXIMUM         60    433 PM  76    1981  57      3
                                      1970
  MINIMUM         49   1056 PM  19    1937  40      9
  AVERAGE         55                        48      7

PRECIPITATION (IN)
  YESTERDAY        0.13          0.82 1967   0.03   0.10
  MONTH TO DATE    2.63                      0.81   1.82
  SINCE OCT 1      5.66                      2.77   2.89
  SINCE JAN 1      2.63                      0.81   1.82

SNOWFALL (IN)
  YESTERDAY       MM
  MONTH TO DATE    0.0
  SINCE DEC 1      0.0
  SINCE JUL 1      0.0
  SNOW DEPTH       0

DEGREE DAYS
 HEATING
  YESTERDAY       10                               -7
  MONTH TO DATE  304                              -85
  SINCE DEC 1    764                             -158
  SINCE JUL 1    969                             -311

 COOLING
  YESTERDAY        0                                0
  MONTH TO DATE    2                                2
  SINCE DEC 1      2                                2
  SINCE JAN 1      2                                2
...............................................................


WIND (MPH)
  HIGHEST WIND SPEED    38   HIGHEST WIND DIRECTION    SE (140)
  HIGHEST GUST SPEED    45   HIGHEST GUST DIRECTION    SE (130)
  AVERAGE WIND SPEED    11.0




RELATIVE HUMIDITY (PERCENT)
 HIGHEST    77
 LOWEST     55
 AVERAGE    66

..........................................................


THE BAKERSFIELD CLIMATE NORMALS FOR TODAY
                         NORMAL    RECORD    YEAR
 MAXIMUM TEMPERATURE (F)   57        79      2014
 MINIMUM TEMPERATURE (F)   40        21      1937


SUNRISE AND SUNSET
JANUARY 23 2017.......SUNRISE   701 AM PST   SUNSET   515 PM PST
JANUARY 24 2017.......SUNRISE   701 AM PST   SUNSET   516 PM PST


-  INDICATES NEGATIVE NUMBERS.
R  INDICATES RECORD WAS SET OR TIED.
MM INDICATES DATA IS MISSING.
T  INDICATES TRACE AMOUNT.




$$
