000
CDUS46 KHNX 240823
CLIBFL


CLIMATE REPORT
NATIONAL WEATHER SERVICE SAN JOAQUIN VALLEY, CA
1222 AM PST FRI FEB 24 2017


...................................

...THE BAKERSFIELD CLIMATE SUMMARY FOR FEBRUARY 23 2017...

CLIMATE NORMAL PERIOD 1981 TO 2010
CLIMATE RECORD PERIOD 1889 TO 2017


WEATHER ITEM   OBSERVED TIME   RECORD YEAR NORMAL DEPARTURE
                VALUE   (LST)  VALUE       VALUE  FROM
                                                  NORMAL
...............................................................
TEMPERATURE (F)
 YESTERDAY
  MAXIMUM         53    422 PM  81    1981  65    -12
  MINIMUM         37    555 AM  31    1942  44     -7
                                      1893
  AVERAGE         45                        54     -9

PRECIPITATION (IN)
  YESTERDAY        0.00          0.88 1998   0.04  -0.04
  MONTH TO DATE    1.46                      1.02   0.44
  SINCE OCT 1      7.25                      4.14   3.11
  SINCE JAN 1      4.22                      2.18   2.04

SNOWFALL (IN)
  YESTERDAY        0.0
  MONTH TO DATE    0.0
  SINCE DEC 1      0.0
  SINCE JUL 1      0.0
  SNOW DEPTH       0

DEGREE DAYS
 HEATING
  YESTERDAY       20                                9
  MONTH TO DATE  159                             -139
  SINCE DEC 1   1074                             -292
  SINCE JUL 1   1279                             -445

 COOLING
  YESTERDAY        0                                0
  MONTH TO DATE    0                                0
  SINCE DEC 1      2                                2
  SINCE JAN 1      2                                2
...............................................................


WIND (MPH)
  HIGHEST WIND SPEED    13   HIGHEST WIND DIRECTION    NW (320)
  HIGHEST GUST SPEED    15   HIGHEST GUST DIRECTION    NW (330)
  AVERAGE WIND SPEED     5.7




RELATIVE HUMIDITY (PERCENT)
 HIGHEST    86
 LOWEST     48
 AVERAGE    67

..........................................................


THE BAKERSFIELD CLIMATE NORMALS FOR TODAY
                         NORMAL    RECORD    YEAR
 MAXIMUM TEMPERATURE (F)   65        82      2016
 MINIMUM TEMPERATURE (F)   44        29      1908


SUNRISE AND SUNSET
FEBRUARY 24 2017......SUNRISE   632 AM PST   SUNSET   547 PM PST
FEBRUARY 25 2017......SUNRISE   631 AM PST   SUNSET   548 PM PST


-  INDICATES NEGATIVE NUMBERS.
R  INDICATES RECORD WAS SET OR TIED.
MM INDICATES DATA IS MISSING.
T  INDICATES TRACE AMOUNT.




$$
