000
CDUS44 KAMA 272131
CLIBGD


CLIMATE REPORT
NATIONAL WEATHER SERVICE AMARILLO TX
430 PM CDT TUE JUN 27 2017


...................................

...THE BORGER CLIMATE SUMMARY FOR JUNE 27 2017...
VALID TODAY AS OF 0400 PM LOCAL TIME.

CLIMATE NORMAL PERIOD 1981 TO 2010
CLIMATE RECORD PERIOD 1949 TO 2017


WEATHER ITEM   OBSERVED TIME   RECORD YEAR NORMAL DEPARTURE LAST
                VALUE   (LST)  VALUE       VALUE  FROM      YEAR
                                                  NORMAL
..................................................................
TEMPERATURE (F)
 TODAY
  MAXIMUM         94    259 PM 108    2012  92      2       94
                                      1998
  MINIMUM         70    138 AM  54    1969  67      3       69
  AVERAGE         82                        80      2       82

PRECIPITATION (IN)
  TODAY            0.00          1.23 2000   0.09  -0.09     0.00
  MONTH TO DATE    0.44                      2.92  -2.48     1.13
  SINCE JUN 1      0.44                      2.92  -2.48     1.13
  SINCE JAN 1     11.59                      9.97   1.62    10.00

SNOWFALL (IN)
  TODAY            0.0           0.0  2013                   0.0
                                      2012
                                      2011
  MONTH TO DATE    0.0                                       0.0
  SINCE JUN 1      0.0                                       0.0
  SINCE JUL 1      1.2                                       8.9
  SNOW DEPTH       0

DEGREE DAYS
 HEATING
  TODAY            0                         0      0        0
  MONTH TO DATE    0                         0      0        0
  SINCE JUN 1      0                         0      0        0
  SINCE JUL 1   2909                      3763   -854     3087

 COOLING
  TODAY           17                        15      2       17
  MONTH TO DATE  400                       313     87      402
  SINCE JUN 1    400                       313     87      402
  SINCE JAN 1    640                       510    130      589
..................................................................


WIND (MPH)
  RESULTANT WIND SPEED  13   RESULTANT WIND DIRECTION   S (200)
  HIGHEST WIND SPEED    25   HIGHEST WIND DIRECTION     S (170)
  HIGHEST GUST SPEED    32   HIGHEST GUST DIRECTION     S (190)
  AVERAGE WIND SPEED    13.0


SKY COVER
  AVERAGE SKY COVER 0.0


WEATHER CONDITIONS
 THE FOLLOWING WEATHER WAS RECORDED TODAY.
  NO SIGNIFICANT WEATHER WAS OBSERVED.


RELATIVE HUMIDITY (PERCENT)
 HIGHEST    73           300 AM
 LOWEST     28           200 PM
 AVERAGE    51

..........................................................


THE BORGER CLIMATE NORMALS FOR TOMORROW
                         NORMAL    RECORD    YEAR
 MAXIMUM TEMPERATURE (F)   92       107      2012
                                             1998
 MINIMUM TEMPERATURE (F)   67        56      1992


SUNRISE AND SUNSET
JUNE 27 2017..........SUNRISE   632 AM CDT   SUNSET   906 PM CDT
JUNE 28 2017..........SUNRISE   632 AM CDT   SUNSET   906 PM CDT


-  INDICATES NEGATIVE NUMBERS.
R  INDICATES RECORD WAS SET OR TIED.
MM INDICATES DATA IS MISSING.
T  INDICATES TRACE AMOUNT.




$$
