000
CDUS44 KAMA 290638
CLIBGD


CLIMATE REPORT
NATIONAL WEATHER SERVICE AMARILLO TX
138 AM CDT SAT APR 29 2017


...................................

...THE BORGER CLIMATE SUMMARY FOR APRIL 28 2017...

CLIMATE NORMAL PERIOD 1981 TO 2010
CLIMATE RECORD PERIOD 1949 TO 2017


WEATHER ITEM   OBSERVED TIME   RECORD YEAR NORMAL DEPARTURE LAST
                VALUE   (LST)  VALUE       VALUE  FROM      YEAR
                                                  NORMAL
..................................................................
TEMPERATURE (F)
 YESTERDAY
  MAXIMUM         71    214 PM  89    2013  76     -5       73
                                      2010
  MINIMUM         43   1159 PM  30    1994  49     -6       45
  AVERAGE         57                        62     -5       59

PRECIPITATION (IN)
  YESTERDAY        0.67          2.41 1957   0.03   0.64     0.78
  MONTH TO DATE    1.66                      1.46   0.20     2.38
  SINCE MAR 1      4.36                      2.87   1.49     3.09
  SINCE JAN 1      7.84                      4.08   3.76     4.01

SNOWFALL (IN)
  YESTERDAY        0.0           0.5  1994                   0.0
  MONTH TO DATE    0.0                                       0.0
  SINCE MAR 1      0.0                                       2.7
  SINCE JUL 1      0.1                                       8.9
  SNOW DEPTH       0

DEGREE DAYS
 HEATING
  YESTERDAY        8                         5      3        6
  MONTH TO DATE  160                       218    -58      145
  SINCE MAR 1    458                       702   -244      455
  SINCE JUL 1   2793                      3695   -902     2950

 COOLING
  YESTERDAY        0                         2     -2        0
  MONTH TO DATE   68                        33     35       34
  SINCE MAR 1    101                        40     61       45
  SINCE JAN 1    115                        40     75       51
..................................................................


WIND (MPH)
  RESULTANT WIND SPEED   3   RESULTANT WIND DIRECTION   N (20)
  HIGHEST WIND SPEED    30   HIGHEST WIND DIRECTION     W (260)
  HIGHEST GUST SPEED    40   HIGHEST GUST DIRECTION     W (260)
  AVERAGE WIND SPEED     9.7


SKY COVER
  AVERAGE SKY COVER 0.6


WEATHER CONDITIONS
 THE FOLLOWING WEATHER WAS RECORDED YESTERDAY.
  THUNDERSTORM
  HEAVY RAIN
  RAIN
  LIGHT RAIN
  FOG


RELATIVE HUMIDITY (PERCENT)
 HIGHEST    93           900 PM
 LOWEST     33           200 PM
 AVERAGE    63

..........................................................


THE BORGER CLIMATE NORMALS FOR TODAY
                         NORMAL    RECORD    YEAR
 MAXIMUM TEMPERATURE (F)   76        96      2011
 MINIMUM TEMPERATURE (F)   49        30      1994


SUNRISE AND SUNSET
APRIL 29 2017.........SUNRISE   655 AM CDT   SUNSET   831 PM CDT
APRIL 30 2017.........SUNRISE   654 AM CDT   SUNSET   832 PM CDT


-  INDICATES NEGATIVE NUMBERS.
R  INDICATES RECORD WAS SET OR TIED.
MM INDICATES DATA IS MISSING.
T  INDICATES TRACE AMOUNT.




$$
