000
CDUS44 KAMA 302138
CLIBGD


CLIMATE REPORT
NATIONAL WEATHER SERVICE AMARILLO TX
437 PM CDT THU OCT 30 2014


...................................

...THE BORGER CLIMATE SUMMARY FOR OCTOBER 30 2014...
VALID TODAY AS OF 0400 PM LOCAL TIME.

CLIMATE NORMAL PERIOD 1981 TO 2013
CLIMATE RECORD PERIOD 1949 TO 2014


WEATHER ITEM   OBSERVED TIME   RECORD YEAR NORMAL DEPARTURE LAST
                VALUE   (LST)  VALUE       VALUE  FROM      YEAR
                                                  NORMAL
..................................................................
TEMPERATURE (F)
 TODAY
  MAXIMUM         73    259 PM  88    1968  68      5       79
  MINIMUM         46    619 AM  13    1993  42      4       60
  AVERAGE         60                        55      5       70

PRECIPITATION (IN)
  TODAY            0.00          2.49 1979   0.05  -0.05      T
  MONTH TO DATE    0.85                      1.67  -0.82     0.26
  SINCE SEP 1      2.67                      4.05  -1.38     2.52
  SINCE JAN 1     10.41                     20.06  -9.65    14.08

SNOWFALL (IN)
  TODAY            0.0           3.0  1979                   0.0
  MONTH TO DATE    0.0                                       0.0
  SINCE SEP 1      0.0                                       0.0
  SINCE JUL 1      0.0                                       0.0
  SNOW DEPTH       0

DEGREE DAYS
 HEATING
  TODAY            5                        10     -5        0
  MONTH TO DATE   85                       182    -97      179
  SINCE SEP 1    102                       209   -107      182
  SINCE JUL 1    103                       210   -107      182

 COOLING
  TODAY            0                         0      0        5
  MONTH TO DATE   79                        53     26       58
  SINCE SEP 1    318                       288     30      409
  SINCE JAN 1   2052                      1838    214     2220
..................................................................


WIND (MPH)
  RESULTANT WIND SPEED   4   RESULTANT WIND DIRECTION  NE (40)
  HIGHEST WIND SPEED    21   HIGHEST WIND DIRECTION    NE (30)
  HIGHEST GUST SPEED    28   HIGHEST GUST DIRECTION     N (20)
  AVERAGE WIND SPEED    10.5


SKY COVER
  AVERAGE SKY COVER 0.0


WEATHER CONDITIONS
 THE FOLLOWING WEATHER WAS RECORDED TODAY.
  NO SIGNIFICANT WEATHER WAS OBSERVED.


RELATIVE HUMIDITY (PERCENT)
 HIGHEST    82           700 AM
 LOWEST     17           200 PM
 AVERAGE    50

..........................................................


THE BORGER CLIMATE NORMALS FOR TOMORROW
                         NORMAL    RECORD    YEAR
 MAXIMUM TEMPERATURE (F)   68        87      2001
 MINIMUM TEMPERATURE (F)   42        14      1991


SUNRISE AND SUNSET
OCTOBER 30 2014.......SUNRISE   806 AM CDT   SUNSET   652 PM CDT
OCTOBER 31 2014.......SUNRISE   807 AM CDT   SUNSET   651 PM CDT


-  INDICATES NEGATIVE NUMBERS.
R  INDICATES RECORD WAS SET OR TIED.
MM INDICATES DATA IS MISSING.
T  INDICATES TRACE AMOUNT.




$$
