000
CDUS44 KAMA 061507
CLIBGD


CLIMATE REPORT
NATIONAL WEATHER SERVICE AMARILLO TX
907 AM CST TUE DEC 6 2016


...................................

...THE BORGER CLIMATE SUMMARY FOR DECEMBER 6 2016...
VALID AS OF 0900 AM LOCAL TIME.

CLIMATE NORMAL PERIOD 1981 TO 2010
CLIMATE RECORD PERIOD 1949 TO 2016


WEATHER ITEM   OBSERVED TIME   RECORD YEAR NORMAL DEPARTURE LAST
                VALUE   (LST)  VALUE       VALUE  FROM      YEAR
                                                  NORMAL
..................................................................
TEMPERATURE (F)
 TODAY
  MINIMUM         26    759 AM   1    1972  29     -3       34

PRECIPITATION (IN)
  TODAY            0.00          0.22 1994   0.02  -0.02     0.00
  MONTH TO DATE    0.11                      0.12  -0.01     0.00
  SINCE DEC 1      0.11                      0.12  -0.01     0.00
  SINCE JAN 1     15.67                     21.07  -5.40    42.00

SNOWFALL (IN)
  TODAY            0.0          MM      MM                   0.0
  MONTH TO DATE    0.0                                       0.0
  SINCE DEC 1      0.0                                       0.0
  SINCE JUL 1      0.0                                       0.8
  SNOW DEPTH       0

..................................................................


WIND (MPH)
  RESULTANT WIND SPEED  16   RESULTANT WIND DIRECTION   N (10)
  HIGHEST WIND SPEED    25   HIGHEST WIND DIRECTION     N (10)
  HIGHEST GUST SPEED    33   HIGHEST GUST DIRECTION     N (10)
  AVERAGE WIND SPEED    15.9


SKY COVER
  AVERAGE SKY COVER 0.0


WEATHER CONDITIONS
 THE FOLLOWING WEATHER WAS RECORDED TODAY.
  NO SIGNIFICANT WEATHER WAS OBSERVED.


RELATIVE HUMIDITY (PERCENT)
 HIGHEST    58           700 AM
 LOWEST     33          1200 AM
 AVERAGE    46

..........................................................


THE BORGER CLIMATE NORMALS FOR TOMORROW
                         NORMAL    RECORD    YEAR
 MAXIMUM TEMPERATURE (F)   52        75      2003
 MINIMUM TEMPERATURE (F)   28         5      2013
                                             2005


SUNRISE AND SUNSET
DECEMBER  6 2016......SUNRISE   742 AM CST   SUNSET   532 PM CST
DECEMBER  7 2016......SUNRISE   743 AM CST   SUNSET   532 PM CST


-  INDICATES NEGATIVE NUMBERS.
R  INDICATES RECORD WAS SET OR TIED.
MM INDICATES DATA IS MISSING.
T  INDICATES TRACE AMOUNT.




$$
