000
CDUS41 KBGM 280232
CLIBGM


CLIMATE REPORT
NATIONAL WEATHER SERVICE BINGHAMTON NY
1032 PM EDT SAT MAY 27 2017


...................................

...THE BINGHAMTON NY CLIMATE SUMMARY FOR MAY 27 2017...
VALID AS OF 1000 PM LOCAL TIME.

CLIMATE NORMAL PERIOD 1981 TO 2010
CLIMATE RECORD PERIOD 1951 TO 2017


WEATHER ITEM   OBSERVED TIME   RECORD YEAR NORMAL DEPARTURE LAST
                VALUE   (LST)  VALUE       VALUE  FROM      YEAR
                                                  NORMAL
..................................................................
TEMPERATURE (F)
 TODAY
  MAXIMUM         63    358 PM  86    2010  69     -6       84
  MINIMUM         53    653 AM  34    1969  50      3       62
  AVERAGE         58                        59     -1       73

PRECIPITATION (IN)
  TODAY            0.01          1.62 2011   0.11  -0.10     0.13
  MONTH TO DATE    4.78                      3.07   1.71     2.80
  SINCE MAR 1     15.99                      9.49   6.50     7.03
  SINCE JAN 1     22.26                     14.25   8.01    12.34

SNOWFALL (IN)
  TODAY            0.0           T    2001   0.0    0.0      0.0
  MONTH TO DATE    0.0                       0.1   -0.1       T
  SINCE MAR 1     41.7                      19.5   22.2     10.3
  SINCE JUL 1    135.2                      83.4   51.8     32.0
  SNOW DEPTH       0

DEGREE DAYS
 HEATING
  TODAY            7                         7      0        0
  MONTH TO DATE  335                       280     55      321
  SINCE MAR 1   1882                      1880      2     1771
  SINCE JUL 1   6495                      7079   -584     6129

 COOLING
  TODAY            0                         1     -1        8
  MONTH TO DATE   17                        15      2       15
  SINCE MAR 1     21                        19      2       15
  SINCE JAN 1     21                        19      2       15
..................................................................


WIND (MPH)
  HIGHEST WIND SPEED     9   HIGHEST WIND DIRECTION    NW (300)
  HIGHEST GUST SPEED    12   HIGHEST GUST DIRECTION    NW (300)
  AVERAGE WIND SPEED     5.4


SKY COVER
  AVERAGE SKY COVER 1.0


WEATHER CONDITIONS
 THE FOLLOWING WEATHER WAS RECORDED TODAY.
  LIGHT RAIN
  FOG


RELATIVE HUMIDITY (PERCENT)
 HIGHEST   100          1200 AM
 LOWEST     67           400 PM
 AVERAGE    84

..........................................................


THE BINGHAMTON NY CLIMATE NORMALS FOR TOMORROW
                         NORMAL    RECORD    YEAR
 MAXIMUM TEMPERATURE (F)   69        88      2016
 MINIMUM TEMPERATURE (F)   50        35      1994


SUNRISE AND SUNSET
MAY 27 2017...........SUNRISE   533 AM EDT   SUNSET   830 PM EDT
MAY 28 2017...........SUNRISE   532 AM EDT   SUNSET   831 PM EDT


-  INDICATES NEGATIVE NUMBERS.
R  INDICATES RECORD WAS SET OR TIED.
MM INDICATES DATA IS MISSING.
T  INDICATES TRACE AMOUNT.




$$
