000
CDUS41 KBGM 160537
CLIBGM


CLIMATE REPORT
NATIONAL WEATHER SERVICE BINGHAMTON NY
137 AM EDT TUE SEP 16 2014


...................................

...THE BINGHAMTON NY CLIMATE SUMMARY FOR SEPTEMBER 15 2014...

CLIMATE NORMAL PERIOD 1981 TO 2010
CLIMATE RECORD PERIOD 1951 TO 2014


WEATHER ITEM   OBSERVED TIME   RECORD YEAR NORMAL DEPARTURE LAST
                VALUE   (LST)  VALUE       VALUE  FROM      YEAR
                                                  NORMAL
..................................................................
TEMPERATURE (F)
 YESTERDAY
  MAXIMUM         64    452 PM  82    1958  69     -5       63
  MINIMUM         45    606 AM  36    2013  51     -6       36
  AVERAGE         55                        60     -5       50

PRECIPITATION (IN)
  YESTERDAY        0.06          1.05 2003   0.12  -0.06     0.00
  MONTH TO DATE    1.29                      1.75  -0.46     2.33
  SINCE SEP 1      1.29                      1.75  -0.46     2.33
  SINCE JAN 1     30.32                     27.96   2.36    32.62

SNOWFALL (IN)
  YESTERDAY        0.0           0.0  2002   0.0    0.0      0.0
                                      2001
                                      2000
  MONTH TO DATE    0.0                       0.0    0.0      0.0
  SINCE SEP 1      0.0                       0.0    0.0      0.0
  SINCE JUL 1      T                         0.0    0.0      0.0
  SNOW DEPTH       0

DEGREE DAYS
 HEATING
  YESTERDAY       10                         6      4       15
  MONTH TO DATE   63                        63      0       90
  SINCE SEP 1     63                        63      0       90
  SINCE JUL 1    129                       126      3      141

 COOLING
  YESTERDAY        0                         1     -1        0
  MONTH TO DATE   38                        22     16       41
  SINCE SEP 1     38                        22     16       41
  SINCE JAN 1    340                       370    -30      468
..................................................................


WIND (MPH)
  HIGHEST WIND SPEED    12   HIGHEST WIND DIRECTION     W (250)
  HIGHEST GUST SPEED    14   HIGHEST GUST DIRECTION    SW (220)
  AVERAGE WIND SPEED     4.6


SKY COVER
  AVERAGE SKY COVER 0.5


WEATHER CONDITIONS
 THE FOLLOWING WEATHER WAS RECORDED YESTERDAY.
  LIGHT RAIN
  FOG


RELATIVE HUMIDITY (PERCENT)
 HIGHEST    93          1200 AM
 LOWEST     48          1200 PM
 AVERAGE    71

..........................................................


THE BINGHAMTON NY CLIMATE NORMALS FOR TODAY
                         NORMAL    RECORD    YEAR
 MAXIMUM TEMPERATURE (F)   68        90      1991
 MINIMUM TEMPERATURE (F)   51        35      1988
                                             1964


SUNRISE AND SUNSET
SEPTEMBER 16 2014.....SUNRISE   645 AM EDT   SUNSET   712 PM EDT
SEPTEMBER 17 2014.....SUNRISE   646 AM EDT   SUNSET   710 PM EDT


-  INDICATES NEGATIVE NUMBERS.
R  INDICATES RECORD WAS SET OR TIED.
MM INDICATES DATA IS MISSING.
T  INDICATES TRACE AMOUNT.




$$
