000
CDUS41 KBGM 240547
CLIBGM


CLIMATE REPORT
NATIONAL WEATHER SERVICE BINGHAMTON NY
146 AM EDT THU APR 24 2014


...................................

...THE BINGHAMTON NY CLIMATE SUMMARY FOR APRIL 23 2014...

CLIMATE NORMAL PERIOD 1981 TO 2010
CLIMATE RECORD PERIOD 1951 TO 2014


WEATHER ITEM   OBSERVED TIME   RECORD YEAR NORMAL DEPARTURE LAST
                VALUE   (LST)  VALUE       VALUE  FROM      YEAR
                                                  NORMAL
..................................................................
TEMPERATURE (F)
 YESTERDAY
  MAXIMUM         42   1230 AM  85    1985  58    -16       57
  MINIMUM         34   1159 PM  24    1989  39     -5       31
  AVERAGE         38                        48    -10       44

PRECIPITATION (IN)
  YESTERDAY        0.03          0.89 2005   0.11  -0.08     0.00
  MONTH TO DATE    1.82                      2.65  -0.83     2.88
  SINCE MAR 1      4.50                      5.64  -1.14     4.78
  SINCE JAN 1     10.19                     10.40  -0.21     9.33

SNOWFALL (IN)
  YESTERDAY        T             3.3  1956   0.1   -0.1      0.0
  MONTH TO DATE    1.0                       3.8   -2.8      0.9
  SINCE MAR 1      2.9                      18.9  -16.0     15.3
  SINCE JUL 1     85.4                      82.8    2.6     69.1
  SNOW DEPTH       0

DEGREE DAYS
 HEATING
  YESTERDAY       27                        17     10       21
  MONTH TO DATE  463                       493    -30      518
  SINCE MAR 1   1663                      1490    173     1589
  SINCE JUL 1   7134                      6689    445     6473

 COOLING
  YESTERDAY        0                         0      0        0
  MONTH TO DATE    2                         0      2        0
  SINCE MAR 1      2                         0      2        0
  SINCE JAN 1      2                         0      2        0
..................................................................


WIND (MPH)
  HIGHEST WIND SPEED    22   HIGHEST WIND DIRECTION    NW (320)
  HIGHEST GUST SPEED    33   HIGHEST GUST DIRECTION    NW (330)
  AVERAGE WIND SPEED    12.0


SKY COVER
  AVERAGE SKY COVER 0.9


WEATHER CONDITIONS
 THE FOLLOWING WEATHER WAS RECORDED YESTERDAY.
  LIGHT RAIN
  LIGHT SNOW
  FOG


RELATIVE HUMIDITY (PERCENT)
 HIGHEST   100           500 AM
 LOWEST     64          1100 PM
 AVERAGE    82

..........................................................


THE BINGHAMTON NY CLIMATE NORMALS FOR TODAY
                         NORMAL    RECORD    YEAR
 MAXIMUM TEMPERATURE (F)   58        82      1960
 MINIMUM TEMPERATURE (F)   39        26      1956


SUNRISE AND SUNSET
APRIL 24 2014.........SUNRISE   609 AM EDT   SUNSET   755 PM EDT
APRIL 25 2014.........SUNRISE   608 AM EDT   SUNSET   757 PM EDT


-  INDICATES NEGATIVE NUMBERS.
R  INDICATES RECORD WAS SET OR TIED.
MM INDICATES DATA IS MISSING.
T  INDICATES TRACE AMOUNT.




$$
