000
CDUS41 KCAR 280533
CLIBGR


CLIMATE REPORT
NATIONAL WEATHER SERVICE CARIBOU, ME
133 AM EDT TUE MAR 28 2017


...................................

...THE BANGOR ME CLIMATE SUMMARY FOR MARCH 27 2017...

CLIMATE NORMAL PERIOD 1981 TO 2010
CLIMATE RECORD PERIOD 1925 TO 2017


WEATHER ITEM   OBSERVED TIME   RECORD YEAR NORMAL DEPARTURE LAST
                VALUE   (LST)  VALUE       VALUE  FROM      YEAR
                                                  NORMAL
..................................................................
TEMPERATURE (F)
 YESTERDAY
  MAXIMUM         31    839 PM  70    1993  44    -13       43
  MINIMUM         28    556 AM   9    1990  25      3       24
                                      1975
                                      1947
  AVERAGE         30                        34     -4       34

PRECIPITATION (IN)
  YESTERDAY        0.52          1.38 1992   0.11   0.41     0.00
  MONTH TO DATE    2.05                      2.90  -0.85     2.08
  SINCE MAR 1      2.05                      2.90  -0.85     2.08
  SINCE JAN 1      7.94                      8.31  -0.37     8.35

SNOWFALL (IN)
  YESTERDAY        0.7           2.8  2002   0.3             0.0
  MONTH TO DATE   17.0                      10.6             6.0
  SINCE MAR 1     17.0                      10.6             6.0
  SINCE JUL 1     80.3                      61.3            44.6
  SNOW DEPTH       4

DEGREE DAYS
 HEATING
  YESTERDAY       35                        31      4       31
  MONTH TO DATE 1094                       958    136      888
  SINCE MAR 1   1094                       958    136      888
  SINCE JUL 1   6222                      6604   -382     5803

 COOLING
  YESTERDAY        0                         0      0        0
  MONTH TO DATE    0                         0      0        0
  SINCE MAR 1      0                         0      0        0
  SINCE JAN 1      0                         0      0        0
..................................................................


WIND (MPH)
  RESULTANT WIND SPEED   5   RESULTANT WIND DIRECTION  SE (120)
  HIGHEST WIND SPEED    18   HIGHEST WIND DIRECTION    SE (120)
  HIGHEST GUST SPEED    22   HIGHEST GUST DIRECTION    SE (120)


SKY COVER
  POSSIBLE SUNSHINE  MM
  AVERAGE SKY COVER 1.0


WEATHER CONDITIONS
 THE FOLLOWING WEATHER WAS RECORDED YESTERDAY.
  LIGHT RAIN
  LT FREEZING RAIN
  SNOW
  LIGHT SNOW
  SLEET
  FOG
  HAZE


RELATIVE HUMIDITY (PERCENT)
 HIGHEST   100
 LOWEST     63
 AVERAGE    82

..........................................................


THE BANGOR ME CLIMATE NORMALS FOR TODAY
                         NORMAL    RECORD    YEAR
 MAXIMUM TEMPERATURE (F)   44        65      1999
                                             1989
 MINIMUM TEMPERATURE (F)   25         9      1982
                                             1974


SUNRISE AND SUNSET
MARCH 28 2017.........SUNRISE   623 AM EDT   SUNSET   658 PM EDT
MARCH 29 2017.........SUNRISE   621 AM EDT   SUNSET   659 PM EDT


-  INDICATES NEGATIVE NUMBERS.
R  INDICATES RECORD WAS SET OR TIED.
MM INDICATES DATA IS MISSING.
T  INDICATES TRACE AMOUNT.




$$
