000
CDUS41 KCAR 240527
CLIBGR


CLIMATE REPORT
NATIONAL WEATHER SERVICE CARIBOU, ME
126 AM EDT SUN MAY 24 2015


...................................

...THE BANGOR ME CLIMATE SUMMARY FOR MAY 23 2015...

CLIMATE NORMAL PERIOD 1981 TO 2010
CLIMATE RECORD PERIOD 1925 TO 2015


WEATHER ITEM   OBSERVED TIME   RECORD YEAR NORMAL DEPARTURE LAST
                VALUE   (LST)  VALUE       VALUE  FROM      YEAR
                                                  NORMAL
..................................................................
TEMPERATURE (F)
 YESTERDAY
  MAXIMUM         58    447 PM  91    1992  68    -10       63
  MINIMUM         36    441 AM  31    1929  45     -9       45
  AVERAGE         47                        56     -9       54

PRECIPITATION (IN)
  YESTERDAY        0.00          1.08 1974   0.13  -0.13     0.00
  MONTH TO DATE    0.93                      2.65  -1.72     2.87
  SINCE MAR 1      4.77                      9.65  -4.88     8.80
  SINCE JAN 1      9.66                     15.06  -5.40    13.97

SNOWFALL (IN)
  YESTERDAY        0.0           0.0  2002   0.0             0.0
                                      2001
  MONTH TO DATE    0.0                       0.1             0.0
  SINCE MAR 1     21.9                      15.5            16.8
  SINCE JUL 1    139.0                      66.2            80.0
  SNOW DEPTH       0

DEGREE DAYS
 HEATING
  YESTERDAY       18                         9      9       11
  MONTH TO DATE  240                       292    -52      248
  SINCE MAR 1   2215                      2044    171     2241
  SINCE JUL 1   8105                      7690    415     7993

 COOLING
  YESTERDAY        0                         0      0        0
  MONTH TO DATE    1                         0      1        0
  SINCE MAR 1      1                         0      1        0
  SINCE JAN 1      1                         0      1        0
..................................................................


WIND (MPH)
  RESULTANT WIND SPEED  11   RESULTANT WIND DIRECTION  NW (300)
  HIGHEST WIND SPEED    30   HIGHEST WIND DIRECTION    NW (320)
  HIGHEST GUST SPEED    MM   HIGHEST GUST DIRECTION    NW (320)


SKY COVER
  POSSIBLE SUNSHINE  MM
  AVERAGE SKY COVER 0.5


WEATHER CONDITIONS
 THE FOLLOWING WEATHER WAS RECORDED YESTERDAY.
  NO SIGNIFICANT WEATHER WAS OBSERVED.


RELATIVE HUMIDITY (PERCENT)
 HIGHEST    76
 LOWEST     23
 AVERAGE    50

..........................................................


THE BANGOR ME CLIMATE NORMALS FOR TODAY
                         NORMAL    RECORD    YEAR
 MAXIMUM TEMPERATURE (F)   68        91      1964
 MINIMUM TEMPERATURE (F)   45        32      1956


SUNRISE AND SUNSET
MAY 24 2015...........SUNRISE   458 AM EDT   SUNSET   806 PM EDT
MAY 25 2015...........SUNRISE   457 AM EDT   SUNSET   807 PM EDT


-  INDICATES NEGATIVE NUMBERS.
R  INDICATES RECORD WAS SET OR TIED.
MM INDICATES DATA IS MISSING.
T  INDICATES TRACE AMOUNT.




$$
