000
CDUS41 KCAR 050527
CLIBGR


CLIMATE REPORT
NATIONAL WEATHER SERVICE CARIBOU, ME
126 AM EDT SAT SEP 5 2015


...................................

...THE BANGOR ME CLIMATE SUMMARY FOR SEPTEMBER 4 2015...

CLIMATE NORMAL PERIOD 1981 TO 2010
CLIMATE RECORD PERIOD 1925 TO 2015


WEATHER ITEM   OBSERVED TIME   RECORD YEAR NORMAL DEPARTURE LAST
                VALUE   (LST)  VALUE       VALUE  FROM      YEAR
                                                  NORMAL
..................................................................
TEMPERATURE (F)
 YESTERDAY
  MAXIMUM         75    405 PM  93    1937  74      1       82
  MINIMUM         50    504 AM  36    1938  52     -2       55
  AVERAGE         63                        63      0       69

PRECIPITATION (IN)
  YESTERDAY        0.00          3.31 2010   0.10  -0.10     0.00
  MONTH TO DATE    0.00                      0.42  -0.42     0.25
  SINCE SEP 1      0.00                      0.42  -0.42     0.25
  SINCE JAN 1     19.74                     26.67  -6.93    27.99

SNOWFALL (IN)
  YESTERDAY        0.0           0.0  2002   0.0             0.0
                                      2001
  MONTH TO DATE    0.0                       0.0             0.0
  SINCE SEP 1      0.0                       0.0             0.0
  SINCE JUL 1      0.0                       0.0             0.0
  SNOW DEPTH       0

DEGREE DAYS
 HEATING
  YESTERDAY        2                         4     -2        0
  MONTH TO DATE    2                        13    -11        0
  SINCE SEP 1      2                        13    -11        0
  SINCE JUL 1     31                        76    -45       21

 COOLING
  YESTERDAY        0                         2     -2        4
  MONTH TO DATE   17                         8      9       28
  SINCE SEP 1     17                         8      9       28
  SINCE JAN 1    326                       302     24      342
..................................................................


WIND (MPH)
  RESULTANT WIND SPEED   5   RESULTANT WIND DIRECTION  NE (30)
  HIGHEST WIND SPEED    13   HIGHEST WIND DIRECTION     N (350)
  HIGHEST GUST SPEED    16   HIGHEST GUST DIRECTION     N (10)


SKY COVER
  POSSIBLE SUNSHINE  MM
  AVERAGE SKY COVER 0.1


WEATHER CONDITIONS
 THE FOLLOWING WEATHER WAS RECORDED YESTERDAY.
  HAZE


RELATIVE HUMIDITY (PERCENT)
 HIGHEST    96
 LOWEST     35
 AVERAGE    66

..........................................................


THE BANGOR ME CLIMATE NORMALS FOR TODAY
                         NORMAL    RECORD    YEAR
 MAXIMUM TEMPERATURE (F)   74        92      1983
 MINIMUM TEMPERATURE (F)   52        34      1946


SUNRISE AND SUNSET
SEPTEMBER  5 2015.....SUNRISE   602 AM EDT   SUNSET   705 PM EDT
SEPTEMBER  6 2015.....SUNRISE   603 AM EDT   SUNSET   703 PM EDT


-  INDICATES NEGATIVE NUMBERS.
R  INDICATES RECORD WAS SET OR TIED.
MM INDICATES DATA IS MISSING.
T  INDICATES TRACE AMOUNT.




$$
