000
CDUS41 KCAR 290537
CLIBGR


CLIMATE REPORT
NATIONAL WEATHER SERVICE CARIBOU, ME
133 AM EDT FRI APR 29 2016


...................................

...THE BANGOR ME CLIMATE SUMMARY FOR APRIL 28 2016...

CLIMATE NORMAL PERIOD 1981 TO 2010
CLIMATE RECORD PERIOD 1925 TO 2016


WEATHER ITEM   OBSERVED TIME   RECORD YEAR NORMAL DEPARTURE LAST
                VALUE   (LST)  VALUE       VALUE  FROM      YEAR
                                                  NORMAL
..................................................................
TEMPERATURE (F)
 YESTERDAY
  MAXIMUM         52    407 PM  90    2009  59     -7       55
  MINIMUM         24    430 AM  23    1947  37    -13       39
  AVERAGE         38                        48    -10       47

PRECIPITATION (IN)
  YESTERDAY        0.00          2.35 2005   0.12  -0.12     0.02
  MONTH TO DATE    2.58                      3.38  -0.80     2.36
  SINCE MAR 1      5.85                      6.76  -0.91     3.81
  SINCE JAN 1     12.12                     12.17  -0.05     8.70

SNOWFALL (IN)
  YESTERDAY        0.0           3.0  1958   0.1             0.0
  MONTH TO DATE    T                         3.7             6.3
  SINCE MAR 1      6.0                      15.4            21.9
  SINCE JUL 1     44.6                      66.1           139.0
  SNOW DEPTH       0

DEGREE DAYS
 HEATING
  YESTERDAY       27                        18      9       18
  MONTH TO DATE  687                       642     45      692
  SINCE MAR 1   1672                      1719    -47     1944
  SINCE JUL 1   6587                      7365   -778     7834

 COOLING
  YESTERDAY        0                         0      0        0
  MONTH TO DATE    0                         0      0        0
  SINCE MAR 1      0                         0      0        0
  SINCE JAN 1      0                         0      0        0
..................................................................


WIND (MPH)
  RESULTANT WIND SPEED   8   RESULTANT WIND DIRECTION  NW (330)
  HIGHEST WIND SPEED    22   HIGHEST WIND DIRECTION    NW (330)
  HIGHEST GUST SPEED    26   HIGHEST GUST DIRECTION    NW (330)


SKY COVER
  POSSIBLE SUNSHINE  MM
  AVERAGE SKY COVER 0.3


WEATHER CONDITIONS
 THE FOLLOWING WEATHER WAS RECORDED YESTERDAY.
  NO SIGNIFICANT WEATHER WAS OBSERVED.


RELATIVE HUMIDITY (PERCENT)
 HIGHEST    86
 LOWEST     19
 AVERAGE    53

..........................................................


THE BANGOR ME CLIMATE NORMALS FOR TODAY
                         NORMAL    RECORD    YEAR
 MAXIMUM TEMPERATURE (F)   59        85      1935
 MINIMUM TEMPERATURE (F)   37        18      1947


SUNRISE AND SUNSET
APRIL 29 2016.........SUNRISE   527 AM EDT   SUNSET   738 PM EDT
APRIL 30 2016.........SUNRISE   526 AM EDT   SUNSET   740 PM EDT


-  INDICATES NEGATIVE NUMBERS.
R  INDICATES RECORD WAS SET OR TIED.
MM INDICATES DATA IS MISSING.
T  INDICATES TRACE AMOUNT.




$$
