000
CDUS41 KCAR 280528
CLIBGR


CLIMATE REPORT
NATIONAL WEATHER SERVICE CARIBOU, ME
128 AM EDT FRI JUL 28 2017


...................................

...THE BANGOR ME CLIMATE SUMMARY FOR JULY 27 2017...

CLIMATE NORMAL PERIOD 1981 TO 2010
CLIMATE RECORD PERIOD 1925 TO 2017


WEATHER ITEM   OBSERVED TIME   RECORD YEAR NORMAL DEPARTURE LAST
                VALUE   (LST)  VALUE       VALUE  FROM      YEAR
                                                  NORMAL
..................................................................
TEMPERATURE (F)
 YESTERDAY
  MAXIMUM         73    110 PM  94    1963  80     -7       89
                                      1949
  MINIMUM         61   1159 PM  42    1946  58      3       64
  AVERAGE         67                        69     -2       77

PRECIPITATION (IN)
  YESTERDAY        0.15          2.18 2005   0.12   0.03     0.00
  MONTH TO DATE    1.91                      2.99  -1.08     2.69
  SINCE JUN 1      6.23                      6.75  -0.52     5.54
  SINCE JAN 1     24.53                     22.80   1.73    19.75

SNOWFALL (IN)
  YESTERDAY        0.0           0.0  2002   0.0             0.0
                                      2001
  MONTH TO DATE    0.0                       0.0             0.0
  SINCE JUN 1      T                         0.0             0.0
  SINCE JUL 1      0.0                       0.0             0.0
  SNOW DEPTH       0

DEGREE DAYS
 HEATING
  YESTERDAY        0                         1     -1        0
  MONTH TO DATE   14                        27    -13       23
  SINCE JUN 1    105                       134    -29      126
  SINCE JUL 1     14                        27    -13       23

 COOLING
  YESTERDAY        2                         5     -3       12
  MONTH TO DATE   95                       116    -21      165
  SINCE JUN 1    148                       168    -20      187
  SINCE JAN 1    155                       174    -19      197
..................................................................


WIND (MPH)
  RESULTANT WIND SPEED   8   RESULTANT WIND DIRECTION   S (180)
  HIGHEST WIND SPEED    16   HIGHEST WIND DIRECTION     S (180)
  HIGHEST GUST SPEED    20   HIGHEST GUST DIRECTION     S (180)


SKY COVER
  POSSIBLE SUNSHINE  MM
  AVERAGE SKY COVER 0.9


WEATHER CONDITIONS
 THE FOLLOWING WEATHER WAS RECORDED YESTERDAY.
  LIGHT RAIN
  FOG
  FOG W/VISIBILITY <= 1/4 MILE


RELATIVE HUMIDITY (PERCENT)
 HIGHEST   100
 LOWEST     68
 AVERAGE    84

..........................................................


THE BANGOR ME CLIMATE NORMALS FOR TODAY
                         NORMAL    RECORD    YEAR
 MAXIMUM TEMPERATURE (F)   80        96      1949
 MINIMUM TEMPERATURE (F)   58        43      1946


SUNRISE AND SUNSET
JULY 28 2017..........SUNRISE   517 AM EDT   SUNSET   806 PM EDT
JULY 29 2017..........SUNRISE   518 AM EDT   SUNSET   805 PM EDT


-  INDICATES NEGATIVE NUMBERS.
R  INDICATES RECORD WAS SET OR TIED.
MM INDICATES DATA IS MISSING.
T  INDICATES TRACE AMOUNT.




$$
