000
CDUS41 KCAR 220535
CLIBGR


CLIMATE REPORT
NATIONAL WEATHER SERVICE CARIBOU, ME
1234 AM EST SUN JAN 22 2017


...................................

...THE BANGOR ME CLIMATE SUMMARY FOR JANUARY 21 2017...

CLIMATE NORMAL PERIOD 1981 TO 2010
CLIMATE RECORD PERIOD 1925 TO 2017


WEATHER ITEM   OBSERVED TIME   RECORD YEAR NORMAL DEPARTURE LAST
                VALUE   (LST)  VALUE       VALUE  FROM      YEAR
                                                  NORMAL
..................................................................
TEMPERATURE (F)
 YESTERDAY
  MAXIMUM         41    247 PM  51    2006  27     14       23
  MINIMUM         32    809 AM -16    1934   6     26       11
  AVERAGE         37                        16     21       17

PRECIPITATION (IN)
  YESTERDAY        0.00          1.20 1959   0.10  -0.10     0.00
  MONTH TO DATE    1.91                      1.97  -0.06     2.35
  SINCE DEC 1      5.68                      5.45   0.23     6.41
  SINCE JAN 1      1.91                      1.97  -0.06     2.35

SNOWFALL (IN)
  YESTERDAY        0.0          17.3  2011   0.6             0.0
  MONTH TO DATE    4.8                      13.1             5.1
  SINCE DEC 1     23.2                      27.5            16.2
  SINCE JUL 1     24.7                      29.9            18.7
  SNOW DEPTH       2

DEGREE DAYS
 HEATING
  YESTERDAY       28                        49    -21       48
  MONTH TO DATE  890                      1006   -116      905
  SINCE DEC 1   2209                      2258    -49     1858
  SINCE JUL 1   3628                      3927   -299     3359

 COOLING
  YESTERDAY        0                         0      0        0
  MONTH TO DATE    0                         0      0        0
  SINCE DEC 1      0                         0      0        0
  SINCE JAN 1      0                         0      0        0
..................................................................


WIND (MPH)
  RESULTANT WIND SPEED   1   RESULTANT WIND DIRECTION  SW (210)
  HIGHEST WIND SPEED     9   HIGHEST WIND DIRECTION    SW (210)
  HIGHEST GUST SPEED    11   HIGHEST GUST DIRECTION    SW (210)


SKY COVER
  POSSIBLE SUNSHINE  MM
  AVERAGE SKY COVER 1.0


WEATHER CONDITIONS
 THE FOLLOWING WEATHER WAS RECORDED YESTERDAY.
  NO SIGNIFICANT WEATHER WAS OBSERVED.


RELATIVE HUMIDITY (PERCENT)
 HIGHEST    92
 LOWEST     70
 AVERAGE    81

..........................................................


THE BANGOR ME CLIMATE NORMALS FOR TODAY
                         NORMAL    RECORD    YEAR
 MAXIMUM TEMPERATURE (F)   27        47      1959
                                             1957
 MINIMUM TEMPERATURE (F)    6       -29      2005


SUNRISE AND SUNSET
JANUARY 22 2017.......SUNRISE   704 AM EST   SUNSET   430 PM EST
JANUARY 23 2017.......SUNRISE   703 AM EST   SUNSET   431 PM EST


-  INDICATES NEGATIVE NUMBERS.
R  INDICATES RECORD WAS SET OR TIED.
MM INDICATES DATA IS MISSING.
T  INDICATES TRACE AMOUNT.




$$
