000
CDUS41 KCAR 162127
CLIBGR


CLIMATE REPORT
NATIONAL WEATHER SERVICE CARIBOU, ME
426 PM EST TUE JAN 16 2018


...................................

...THE BANGOR ME CLIMATE SUMMARY FOR JANUARY 16 2018...
VALID TODAY AS OF 0400 PM LOCAL TIME.

CLIMATE NORMAL PERIOD 1981 TO 2010
CLIMATE RECORD PERIOD 1925 TO 2018


WEATHER ITEM   OBSERVED TIME   RECORD YEAR NORMAL DEPARTURE LAST
                VALUE   (LST)  VALUE       VALUE  FROM      YEAR
                                                  NORMAL
..................................................................
TEMPERATURE (F)
 TODAY
  MAXIMUM         24    350 PM  54    1932  27     -3       33
  MINIMUM         11    328 AM -25    2009   6      5        7
  AVERAGE         18                        16      2       20

PRECIPITATION (IN)
  TODAY            T             1.53 1936   0.09  -0.09     0.00
  MONTH TO DATE    3.69                      1.50   2.19     1.80
  SINCE DEC 1      7.52                      4.98   2.54     5.57
  SINCE JAN 1      3.69                      1.50   2.19     1.80

SNOWFALL (IN)
  TODAY            T            14.0  2000   0.6   -0.6      0.0
  MONTH TO DATE   20.5                      10.1   10.4      2.9
  SINCE DEC 1     48.2                      24.5   23.7     21.3
  SINCE JUL 1     48.2                      26.9   21.3     22.8
  SNOW DEPTH       T

DEGREE DAYS
 HEATING
  TODAY           47                        49     -2       45
  MONTH TO DATE  802                       761     41      704
  SINCE DEC 1   2249                      2013    236     2023
  SINCE JUL 1   3508                      3682   -174     3442

 COOLING
  TODAY            0                         0      0        0
  MONTH TO DATE    0                         0      0        0
  SINCE DEC 1      0                         0      0        0
  SINCE JAN 1      0                         0      0        0
..................................................................


WIND (MPH)
  HIGHEST WIND SPEED    16   HIGHEST WIND DIRECTION     N (20)
  HIGHEST GUST SPEED    19   HIGHEST GUST DIRECTION     N (20)
  AVERAGE WIND SPEED     5.5


SKY COVER
  POSSIBLE SUNSHINE  MM
  AVERAGE SKY COVER 0.7


WEATHER CONDITIONS
 THE FOLLOWING WEATHER WAS RECORDED TODAY.
  LIGHT SNOW


RELATIVE HUMIDITY (PERCENT)
 HIGHEST    84          1200 AM
 LOWEST     55           300 PM
 AVERAGE    70

..........................................................


THE BANGOR ME CLIMATE NORMALS FOR TOMORROW
                         NORMAL    RECORD    YEAR
 MAXIMUM TEMPERATURE (F)   27        52      1995
 MINIMUM TEMPERATURE (F)    6       -22      1974


SUNRISE AND SUNSET
JANUARY 16 2018.......SUNRISE   709 AM EST   SUNSET   422 PM EST
JANUARY 17 2018.......SUNRISE   708 AM EST   SUNSET   423 PM EST


-  INDICATES NEGATIVE NUMBERS.
R  INDICATES RECORD WAS SET OR TIED.
MM INDICATES DATA IS MISSING.
T  INDICATES TRACE AMOUNT.




$$
