000
CDUS41 KCAR 270534
CLIBGR


CLIMATE REPORT
NATIONAL WEATHER SERVICE CARIBOU, ME
134 AM EDT SAT MAY 27 2017


...................................

...THE BANGOR ME CLIMATE SUMMARY FOR MAY 26 2017...

CLIMATE NORMAL PERIOD 1981 TO 2010
CLIMATE RECORD PERIOD 1925 TO 2017


WEATHER ITEM   OBSERVED TIME   RECORD YEAR NORMAL DEPARTURE LAST
                VALUE   (LST)  VALUE       VALUE  FROM      YEAR
                                                  NORMAL
..................................................................
TEMPERATURE (F)
 YESTERDAY
  MAXIMUM         53    158 PM  88    2010  68    -15       78
                                      1933
  MINIMUM         47    420 AM  32    2009  46      1       53
  AVERAGE         50                        57     -7       66

PRECIPITATION (IN)
  YESTERDAY        1.04          2.41 2005   0.13   0.91     0.00
  MONTH TO DATE    6.14                      3.03   3.11     1.92
  SINCE MAR 1     12.19                     10.03   2.16     7.77
  SINCE JAN 1     18.08                     15.44   2.64    14.04

SNOWFALL (IN)
  YESTERDAY        0.0           0.0  2002   0.0             0.0
                                      2001
  MONTH TO DATE    0.0                       0.1              T
  SINCE MAR 1     19.3                      15.5             6.0
  SINCE JUL 1     82.6                      66.2            44.6
  SNOW DEPTH       0

DEGREE DAYS
 HEATING
  YESTERDAY       15                         8      7        0
  MONTH TO DATE  330                       318     12      285
  SINCE MAR 1   2114                      2070     44     2006
  SINCE JUL 1   7242                      7716   -474     6921

 COOLING
  YESTERDAY        0                         0      0        1
  MONTH TO DATE    7                         0      7        1
  SINCE MAR 1      7                         0      7        1
  SINCE JAN 1      7                         0      7        1
..................................................................


WIND (MPH)
  RESULTANT WIND SPEED  10   RESULTANT WIND DIRECTION  NE (40)
  HIGHEST WIND SPEED    17   HIGHEST WIND DIRECTION     N (360)
  HIGHEST GUST SPEED    26   HIGHEST GUST DIRECTION    NE (30)


SKY COVER
  POSSIBLE SUNSHINE  MM
  AVERAGE SKY COVER 1.0


WEATHER CONDITIONS
 THE FOLLOWING WEATHER WAS RECORDED YESTERDAY.
  THUNDERSTORM
  HEAVY RAIN
  RAIN
  LIGHT RAIN
  FOG


RELATIVE HUMIDITY (PERCENT)
 HIGHEST   100
 LOWEST     83
 AVERAGE    92

..........................................................


THE BANGOR ME CLIMATE NORMALS FOR TODAY
                         NORMAL    RECORD    YEAR
 MAXIMUM TEMPERATURE (F)   69        89      1933
 MINIMUM TEMPERATURE (F)   46        31      1969
                                             1939


SUNRISE AND SUNSET
MAY 27 2017...........SUNRISE   456 AM EDT   SUNSET   810 PM EDT
MAY 28 2017...........SUNRISE   455 AM EDT   SUNSET   811 PM EDT


-  INDICATES NEGATIVE NUMBERS.
R  INDICATES RECORD WAS SET OR TIED.
MM INDICATES DATA IS MISSING.
T  INDICATES TRACE AMOUNT.




$$
