000
CDUS44 KBMX 290806
CLIBHM


CLIMATE REPORT
NATIONAL WEATHER SERVICE BIRMINGHAM, AL
305 AM CDT SAT AUG 29 2015


...................................

...THE BIRMINGHAM CLIMATE SUMMARY FOR AUGUST 28 2015...

CLIMATE NORMAL PERIOD 1981 TO 2010
CLIMATE RECORD PERIOD 2014 TO 2015


WEATHER ITEM   OBSERVED TIME   RECORD YEAR NORMAL DEPARTURE LAST
                VALUE   (LST)  VALUE       VALUE  FROM      YEAR
                                                  NORMAL
..................................................................
TEMPERATURE (F)
 YESTERDAY
  MAXIMUM         88    237 PM 103    1924  90     -2       93
  MINIMUM         70    517 AM  56    1952  70      0       67
  AVERAGE         79                        80     -1       80

PRECIPITATION (IN)
  YESTERDAY        0.00          1.06 1949   0.11  -0.11     0.00
                                      1923
  MONTH TO DATE    5.88                      3.58   2.30     3.08
  SINCE JUN 1     14.99                     12.76   2.23     8.81
  SINCE JAN 1     40.72                     36.73   3.99    31.67

DEGREE DAYS
 COOLING
  YESTERDAY       14                        15     -1       15
  MONTH TO DATE  424                       441    -17      462
  SINCE JUN 1   1448                      1322    126     1300
  SINCE JAN 1   1783                      1604    179     1593
..................................................................


WIND (MPH)
  HIGHEST WIND SPEED    13   HIGHEST WIND DIRECTION    SE (130)
  HIGHEST GUST SPEED    18   HIGHEST GUST DIRECTION     E (110)
  AVERAGE WIND SPEED     6.5


SKY COVER
  AVERAGE SKY COVER 0.3


WEATHER CONDITIONS
 THE FOLLOWING WEATHER WAS RECORDED YESTERDAY.
  THUNDERSTORM


RELATIVE HUMIDITY (PERCENT)
 HIGHEST    84           500 AM
 LOWEST     55           400 PM
 AVERAGE    70

..........................................................


THE BIRMINGHAM CLIMATE NORMALS FOR TODAY
                         NORMAL    RECORD    YEAR
 MAXIMUM TEMPERATURE (F)   90       101      1990
 MINIMUM TEMPERATURE (F)   70        52      1992


SUNRISE AND SUNSET
AUGUST 29 2015........SUNRISE   619 AM CDT   SUNSET   717 PM CDT
AUGUST 30 2015........SUNRISE   619 AM CDT   SUNSET   715 PM CDT


-  INDICATES NEGATIVE NUMBERS.
R  INDICATES RECORD WAS SET OR TIED.
MM INDICATES DATA IS MISSING.
T  INDICATES TRACE AMOUNT.




$$
