000
CDUS44 KBMX 270919
CLIBHM


CLIMATE REPORT
NATIONAL WEATHER SERVICE BIRMINGHAM, AL
318 AM CST SAT DEC 27 2014


...................................

...THE BIRMINGHAM CLIMATE SUMMARY FOR DECEMBER 26 2014...

CLIMATE NORMAL PERIOD 1981 TO 2010
CLIMATE RECORD PERIOD 1895 TO 2014


WEATHER ITEM   OBSERVED TIME   RECORD YEAR NORMAL DEPARTURE LAST
                VALUE   (LST)  VALUE       VALUE  FROM      YEAR
                                                  NORMAL
..................................................................
TEMPERATURE (F)
 YESTERDAY
  MAXIMUM         56    332 PM  72    1911  54      2       55
                                      1904
  MINIMUM         33    714 AM   5    1983  35     -2       27
  AVERAGE         45                        44      1       41

PRECIPITATION (IN)
  YESTERDAY        0.00          2.04 1973   0.13  -0.13     0.00
  MONTH TO DATE    4.35                      3.80   0.55     5.65
  SINCE DEC 1      4.35                      3.80   0.55     5.65
  SINCE JAN 1     46.97                     53.07  -6.10    66.46

SNOWFALL (IN)
  YESTERDAY        0.0                       0.0    0.0      0.0
  MONTH TO DATE    0.0                       0.1   -0.1      0.0
  SINCE DEC 1      0.0                       0.1   -0.1      0.0
  SINCE JUL 1      0.0                       0.1   -0.1      0.0
  SNOW DEPTH       0

DEGREE DAYS
 HEATING
  YESTERDAY       20                        21     -1       24
  MONTH TO DATE  408                       485    -77      442
  SINCE DEC 1    408                       485    -77      442
  SINCE JUL 1    970                       943     27      970
..................................................................


WIND (MPH)
  HIGHEST WIND SPEED    12   HIGHEST WIND DIRECTION    SE (130)
  HIGHEST GUST SPEED    14   HIGHEST GUST DIRECTION     E (110)
  AVERAGE WIND SPEED     2.0


SKY COVER
  AVERAGE SKY COVER 0.6


WEATHER CONDITIONS
 THE FOLLOWING WEATHER WAS RECORDED YESTERDAY.
  NO SIGNIFICANT WEATHER WAS OBSERVED.


RELATIVE HUMIDITY (PERCENT)
 HIGHEST    96           600 AM
 LOWEST     54          1200 PM
 AVERAGE    75

..........................................................


THE BIRMINGHAM CLIMATE NORMALS FOR TODAY
                         NORMAL    RECORD    YEAR
 MAXIMUM TEMPERATURE (F)   54        75      2008
 MINIMUM TEMPERATURE (F)   35        10      1925


SUNRISE AND SUNSET
DECEMBER 27 2014......SUNRISE   650 AM CST   SUNSET   446 PM CST
DECEMBER 28 2014......SUNRISE   650 AM CST   SUNSET   447 PM CST


-  INDICATES NEGATIVE NUMBERS.
R  INDICATES RECORD WAS SET OR TIED.
MM INDICATES DATA IS MISSING.
T  INDICATES TRACE AMOUNT.




$$
