000
CDUS44 KBMX 010756
CLIBHM


CLIMATE REPORT
NATIONAL WEATHER SERVICE BIRMINGHAM, AL
154 AM CST SUN FEB 1 2015


...................................

...THE BIRMINGHAM CLIMATE SUMMARY FOR JANUARY 31 2015...

CLIMATE NORMAL PERIOD 1981 TO 2010
CLIMATE RECORD PERIOD 2014 TO 2015


WEATHER ITEM   OBSERVED TIME   RECORD YEAR NORMAL DEPARTURE LAST
                VALUE   (LST)  VALUE       VALUE  FROM      YEAR
                                                  NORMAL
..................................................................
TEMPERATURE (F)
 YESTERDAY
  MAXIMUM         60    326 PM  75    1957  55      5       59
                                      1950
  MINIMUM         26    250 AM   5    1966  34     -8       23
  AVERAGE         43                        45     -2       41

PRECIPITATION (IN)
  YESTERDAY        0.00          2.66 1915   0.17  -0.17     0.00
  MONTH TO DATE    4.38                      4.84  -0.46     1.56
  SINCE DEC 1     11.53                      9.29   2.24     8.62
  SINCE JAN 1      4.38                      4.84  -0.46     1.56

SNOWFALL (IN)
  YESTERDAY        0.0                       0.0    0.0      0.0
  MONTH TO DATE    T                         0.6   -0.6      2.0
  SINCE DEC 1      T                         0.7   -0.7      2.0
  SINCE JUL 1      T                         0.7   -0.7      2.0
  SNOW DEPTH       0

DEGREE DAYS
 HEATING
  YESTERDAY       22                        20      2       24
  MONTH TO DATE  699                       658     41      888
  SINCE DEC 1   1195                      1247    -52     1443
  SINCE JUL 1   1757                      1705     52     1971
..................................................................


WIND (MPH)
  HIGHEST WIND SPEED     9   HIGHEST WIND DIRECTION    NE (50)
  HIGHEST GUST SPEED    15   HIGHEST GUST DIRECTION    NE (30)
  AVERAGE WIND SPEED     3.8


SKY COVER
  AVERAGE SKY COVER 0.7


WEATHER CONDITIONS
 THE FOLLOWING WEATHER WAS RECORDED YESTERDAY.
  NO SIGNIFICANT WEATHER WAS OBSERVED.


RELATIVE HUMIDITY (PERCENT)
 HIGHEST    78           200 AM
 LOWEST     14           300 PM
 AVERAGE    46

..........................................................


THE BIRMINGHAM CLIMATE NORMALS FOR TODAY
                         NORMAL    RECORD    YEAR
 MAXIMUM TEMPERATURE (F)   55        77      1950
 MINIMUM TEMPERATURE (F)   35        10      1951


SUNRISE AND SUNSET
FEBRUARY  1 2015......SUNRISE   643 AM CST   SUNSET   518 PM CST
FEBRUARY  2 2015......SUNRISE   643 AM CST   SUNSET   519 PM CST


-  INDICATES NEGATIVE NUMBERS.
R  INDICATES RECORD WAS SET OR TIED.
MM INDICATES DATA IS MISSING.
T  INDICATES TRACE AMOUNT.




$$
