000
CDUS44 KBMX 020833
CLIBHM


CLIMATE REPORT
NATIONAL WEATHER SERVICE BIRMINGHAM, AL
233 AM CST FRI DEC 2 2016


...................................

...THE BIRMINGHAM CLIMATE SUMMARY FOR DECEMBER 1 2016...

CLIMATE NORMAL PERIOD 1981 TO 2010
CLIMATE RECORD PERIOD 1895 TO 2016


WEATHER ITEM   OBSERVED TIME   RECORD YEAR NORMAL DEPARTURE LAST
                VALUE   (LST)  VALUE       VALUE  FROM      YEAR
                                                  NORMAL
..................................................................
TEMPERATURE (F)
 YESTERDAY
  MAXIMUM         57    319 PM  75    1991  60     -3       67
                                      1922
  MINIMUM         36    643 AM  17    1965  39     -3       56
  AVERAGE         47                        49     -2       62

PRECIPITATION (IN)
  YESTERDAY        0.00          3.04 1982   0.16  -0.16     2.19
  MONTH TO DATE    0.00                      0.16  -0.16     2.19
  SINCE DEC 1      0.00                      0.16  -0.16     2.19
  SINCE JAN 1     37.92                     49.43 -11.51    52.58

SNOWFALL (IN)
  YESTERDAY        0.0                       0.0    0.0      0.0
  MONTH TO DATE    0.0                       0.0    0.0      0.0
  SINCE DEC 1      0.0                       0.0    0.0      0.0
  SINCE JUL 1      0.0                       0.0    0.0      0.0
  SNOW DEPTH       0

DEGREE DAYS
 HEATING
  YESTERDAY       18                        16      2        3
  MONTH TO DATE   18                        16      2        3
  SINCE DEC 1     18                        16      2        3
  SINCE JUL 1    250                       474   -224      274
..................................................................


WIND (MPH)
  HIGHEST WIND SPEED    16   HIGHEST WIND DIRECTION    NW (320)
  HIGHEST GUST SPEED    20   HIGHEST GUST DIRECTION     W (290)
  AVERAGE WIND SPEED     4.4


SKY COVER
  AVERAGE SKY COVER 0.0


WEATHER CONDITIONS
 THE FOLLOWING WEATHER WAS RECORDED YESTERDAY.
  NO SIGNIFICANT WEATHER WAS OBSERVED.


RELATIVE HUMIDITY (PERCENT)
 HIGHEST    92           600 AM
 LOWEST     33           300 PM
 AVERAGE    63

..........................................................


THE BIRMINGHAM CLIMATE NORMALS FOR TODAY
                         NORMAL    RECORD    YEAR
 MAXIMUM TEMPERATURE (F)   59        76      1991
                                             1982
                                             1922
 MINIMUM TEMPERATURE (F)   39        20      1960


SUNRISE AND SUNSET
DECEMBER  2 2016......SUNRISE   634 AM CST   SUNSET   439 PM CST
DECEMBER  3 2016......SUNRISE   635 AM CST   SUNSET   439 PM CST


-  INDICATES NEGATIVE NUMBERS.
R  INDICATES RECORD WAS SET OR TIED.
MM INDICATES DATA IS MISSING.
T  INDICATES TRACE AMOUNT.




$$
