000
CDUS44 KBMX 100937
CLIBHM


CLIMATE REPORT
NATIONAL WEATHER SERVICE BIRMINGHAM, AL
437 AM CDT THU JUL 10 2014


...................................

...THE BIRMINGHAM CLIMATE SUMMARY FOR JULY 9 2014...

CLIMATE NORMAL PERIOD 1981 TO 2010
CLIMATE RECORD PERIOD 1895 TO 2014


WEATHER ITEM   OBSERVED TIME   RECORD YEAR NORMAL DEPARTURE LAST
                VALUE   (LST)  VALUE       VALUE  FROM      YEAR
                                                  NORMAL
..................................................................
TEMPERATURE (F)
 YESTERDAY
  MAXIMUM         88    326 PM 102    1930  91     -3       90
  MINIMUM         74    502 AM  55    1947  71      3       72
  AVERAGE         81                        81      0       81

PRECIPITATION (IN)
  YESTERDAY        0.00          3.96 1968   0.15  -0.15     0.00
  MONTH TO DATE    T                         1.42  -1.42     2.04
  SINCE JUN 1      4.81                      5.80  -0.99    10.70
  SINCE JAN 1     27.67                     29.77  -2.10    41.21

DEGREE DAYS
 COOLING
  YESTERDAY       16                        16      0       16
  MONTH TO DATE  131                       141    -10      104
  SINCE JUN 1    537                       523     14      525
  SINCE JAN 1    830                       805     25      790
..................................................................


WIND (MPH)
  HIGHEST WIND SPEED    15   HIGHEST WIND DIRECTION     W (280)
  HIGHEST GUST SPEED    18   HIGHEST GUST DIRECTION     W (280)
  AVERAGE WIND SPEED     6.5


SKY COVER
  AVERAGE SKY COVER 0.7


WEATHER CONDITIONS
 THE FOLLOWING WEATHER WAS RECORDED YESTERDAY.
  NO SIGNIFICANT WEATHER WAS OBSERVED.


RELATIVE HUMIDITY (PERCENT)
 HIGHEST    82          1000 PM
 LOWEST     51           300 PM
 AVERAGE    67

..........................................................


THE BIRMINGHAM CLIMATE NORMALS FOR TODAY
                         NORMAL    RECORD    YEAR
 MAXIMUM TEMPERATURE (F)   91       105      1930
 MINIMUM TEMPERATURE (F)   71        56      1952


SUNRISE AND SUNSET
JULY 10 2014..........SUNRISE   545 AM CDT   SUNSET   800 PM CDT
JULY 11 2014..........SUNRISE   546 AM CDT   SUNSET   759 PM CDT


-  INDICATES NEGATIVE NUMBERS.
R  INDICATES RECORD WAS SET OR TIED.
MM INDICATES DATA IS MISSING.
T  INDICATES TRACE AMOUNT.




$$
